{"id":11,"date":"2013-10-21T14:32:20","date_gmt":"2013-10-21T14:32:20","guid":{"rendered":"http:\/\/auto-coaching.fr\/croyances\/?page_id=11"},"modified":"2013-10-22T10:10:20","modified_gmt":"2013-10-22T10:10:20","slug":"accueil","status":"publish","type":"page","link":"https:\/\/auto-coaching.fr\/croyances\/","title":{"rendered":"Croyances limitantes&#8230;"},"content":{"rendered":"<p>La premi\u00e8re fois que j&rsquo;ai entendu parler de Croyances limitantes ou limitatives, j&rsquo;\u00e9tais tr\u00e8s perplexe&#8230; Selon la th\u00e9orie, le fait de CROIRE qu&rsquo;on peut r\u00e9ussir quelque chose enclenche une successions d&rsquo;actions qui m\u00e8nent vers la r\u00e9ussite. Et le fait de CROIRE \u00e0 l&rsquo;\u00e9chec nous fait \u00e9chouer !<\/p>\n<p>C&rsquo;est fou !\u00a0Par exemple, un champion qui a toutes les aptitudes pour d\u00e9crocher la m\u00e9daille d&rsquo;or mais qui doute de ses capacit\u00e9s, a moins de chances d&rsquo;\u00eatre m\u00e9daill\u00e9 qu&rsquo;un champion qui croit en lui&#8230; M\u00eame si d&rsquo;un point de vue pragmatique ce dernier est moins bien class\u00e9 que le premier&#8230;<\/p>\n<p>Incroyable ! Vous y croyez, vous ? Si oui :<\/p>\n<p align=\"center\"><a class=\"button\" href=\"http:\/\/www.inscription-minute.fr\/solution.aspx?code=CR07RI91&amp;origine=CroyancePlusPlusSite\">INSCRIVEZ-VOUS !<\/a><br \/>\n<span style=\"font-size: 10pt;\">L&rsquo;auto-coaching que vous allez vivre va vous transcender !<\/span><\/p>\n<h2>Croyance primaire<\/h2>\n<p>La raison pour laquelle j&rsquo;ai trouv\u00e9 que l&rsquo;id\u00e9e \u00e9tait \u00e9trange, venait du fait que j&rsquo;ai tr\u00e8s mal compris la th\u00e9orie. Je construisais ce qu&rsquo;on appelle une \u00abcroyance primaire\u00bb&#8230; Puis je la refusais, la trouvant ridicule !<\/p>\n<p><strong>Qu&rsquo;est-ce qu&rsquo;une croyance primaire ?<\/strong> Pour reprendre l&rsquo;exemple des champions, je pensais que les d\u00e9fenseurs de cette th\u00e9orie tentaient de me faire avaler que le processus \u00e9tait le suivant :<\/p>\n<ol>\n<li>Ils vont commencer par me faire croire que j&rsquo;allais gagner un match de tennis contre Rafael Nadal<\/li>\n<li>Parall\u00e8lement, ils vont faire croire au champion espagnol qu&rsquo;il allait perdre contre moi<\/li>\n<li>Je n&rsquo;ai qu&rsquo;\u00e0 taper dans la balle pour gagner le prochain Roland Garros !<\/li>\n<\/ol>\n<p><span style=\"line-height: 1.5;\">C&rsquo;est vraiment primaire&#8230; Je ne suis pas un champion de Tennis ! L&rsquo;exemple propos\u00e9 au d\u00e9but de cet article \u00e9voque <\/span><strong style=\"line-height: 1.5;\">2 champions de sport<\/strong><span style=\"line-height: 1.5;\">. Pas un champion de Tennis et un champion de pizza&#8230; Ma fa\u00e7on de d\u00e9former la th\u00e9orie \u00e9tait ridicule ! J&rsquo;ai appris plus tard, que si je la d\u00e9formais \u00e0 ce point, ce n&rsquo;est pas par manque d&rsquo;intelligence, mais parce que je ne voulais pas <strong>croire<\/strong> que la th\u00e9orie \u00e9tait vraie !<\/span><\/p>\n<p>C&rsquo;est l&rsquo;une des cons\u00e9quences lorsqu&rsquo;on refuse une croyance : on la d\u00e9forme ! On la rend disgracieuse. C&rsquo;est un peu comme si un jeune-homme devait rencontrer une femme extraordinairement belle, un top-model ! Mais ne croyant pas que la relation soit possible, il rate le rendez-vous ! Il reste chez lui&#8230; Et lorsqu&rsquo;on lui demande :<\/p>\n<p>&#8211; Mais pourquoi as-tu g\u00e2ch\u00e9 une telle rencontre ?<\/p>\n<p>il r\u00e9pond :<\/p>\n<p>&#8211; Je ne sais pas ce que tout le monde lui trouve, elle a un nez de cochon !<\/p>\n<p>Vous comprenez le principe ? Ne croyant pas en cette relation, il va s&rsquo;\u00e9pargner la d\u00e9ception, puis il va <strong>d\u00e9former la belle<\/strong> pour se convaincre qu&rsquo;il a raison de ne pas y croire ! En psycho on appelle \u00e7a une \u00abdissonance cognitive\u00bb. C&rsquo;est \u00a0un peu complexe comme concept, mais globalement, \u00e7a veut dire que le jeune-homme en question n&rsquo;est pas de mauvaise foi : <strong>il croit en son pr\u00e9texte<\/strong> : il va vraiment trouver que la top-mod\u00e8le est trop moche ! Son mensonge va devenir une r\u00e9alit\u00e9 dans son fort int\u00e9rieur.<\/p>\n<p>Il sera <strong>intimement convaincu<\/strong>&#8230; Qu&rsquo;importe ce que pensent les autres !<\/p>\n<p><span style=\"line-height: 1.5;\">Waouw ! C&rsquo;est compliqu\u00e9 un \u00eatre humain !<\/span><\/p>\n<p>Si vous reconnaissez que nous sommes bien plus que des mammif\u00e8res :<\/p>\n<p align=\"center\"><a class=\"button\" href=\"http:\/\/www.inscription-minute.fr\/solution.aspx?code=CR07RI91&amp;origine=CroyancePlusPlusSite\">INSCRIVEZ-VOUS !<\/a><br \/>\n<span style=\"font-size: 10pt;\">J&rsquo;ai beaucoup de choses \u00e0 vous dire dans ce programme<\/span><\/p>\n<h2>Un programme d&rsquo;auto-coaching sur les croyances<\/h2>\n<p>Depuis mes premiers d\u00e9nis, j&rsquo;ai beaucoup \u00e9volu\u00e9, j&rsquo;ai \u00e9tudi\u00e9 les choses en profondeur, j&rsquo;ai travaill\u00e9 sur ma personne, j&rsquo;ai rencontr\u00e9 des personnes d&rsquo;exception, j&rsquo;ai suivi et anim\u00e9 des conf\u00e9rences sur le sujet, j&rsquo;ai lu des centaines de livres et j&rsquo;ai d\u00e9couvert des p\u00e9pites dans mon propre parcours de vie qui refl\u00e8tent parfaitement cette th\u00e9orie. Mais en devenant coach, \u00a0j&rsquo;ai surtout aid\u00e9 beaucoup de gens \u00e0 reprogrammer leurs croyances limitantes <strong>pour les transformer en croyances aidantes<\/strong>. C&rsquo;est ma sp\u00e9cialit\u00e9 !<\/p>\n<p>J&rsquo;ai commenc\u00e9 ma carri\u00e8re de coach il y a 5 ans. Jusque l\u00e0 pour recadrer des croyances, je devais accompagner mes clients : \u00eatre pr\u00e9sent. Mais \u00e0 mesure que les s\u00e9ances progressaient, je me suis rendu compte que je pouvais leur enseigner la technique afin qu&rsquo;ils l&rsquo;utilisent de fa\u00e7on autonome, d\u00e8s qu&rsquo;ils en ont besoin.<\/p>\n<p>Vous \u00eates d&rsquo;accord avec le fait que plusieurs fois par jour, nous avons besoin de :<\/p>\n<ul>\n<li>Faire un calcul mental<\/li>\n<li>M\u00e9moriser quelques mots, un num\u00e9ro un id\u00e9e, le temps de la noter quelque part<\/li>\n<li>Evaluer des priorit\u00e9s<\/li>\n<li>Griffoner un dessin ou un sch\u00e9ma<\/li>\n<li>Improviser une strat\u00e9gie<\/li>\n<li>etc.<\/li>\n<\/ul>\n<p>Il s&rsquo;agit de comp\u00e9tences acquises dans notre parcours d vie, en particulier \u00e0 l&rsquo;\u00e9cole. Ca va peut-\u00eatre vous surprendre, mais nous avons \u00e9galement besoin, plusieurs fois par jour, de recadrer une croyance limitante pour la transformer en opportunit\u00e9 d&rsquo;action. La croyanec limitante peut surgir n&rsquo;importe quand, et l&rsquo;id\u00e9al est d&rsquo;\u00eatre pr\u00eat \u00e0 l&rsquo;accueillir avec une bonne boite \u00e0 outils.<\/p>\n<p><span style=\"line-height: 1.5;\">Je vous propose de d\u00e9couvrir ma technique en suivant un petit parcours en 10 \u00e9tapes. Chaque \u00e9tape vous permettra de mieux comprendre les m\u00e9canismes des croyances, et d&rsquo;avancer pas \u00e0 pas dans vos r\u00e9solutions. Vous d\u00e9couvrirez :<\/span><\/p>\n<ul>\n<li>Comment naissent les croyances, \u00a0la fa\u00e7on dont elles \u00e9voluent et dont elles se fanent.<\/li>\n<li>A quoi elles servent&#8230;<\/li>\n<li>Pourquoi certaines croyances dont nous ne voulons pas nous collent \u00e0 la peau<\/li>\n<li>Comment reconna\u00eetre une croyance limitante et une croyance aidante<\/li>\n<li>Comment lui dire adieu sans se damner<\/li>\n<li>Comment tester une croyance avant de l&rsquo;adopter ou de s&rsquo;en d\u00e9barrasser ?<\/li>\n<li>Comment aider les autres dans ce domaine&#8230; En particulier les enfants.<\/li>\n<li>etc.<\/li>\n<\/ul>\n<p align=\"center\"><a class=\"button\" href=\"http:\/\/www.inscription-minute.fr\/solution.aspx?code=CR07RI91&amp;origine=CroyancePlusPlusSite\">INSCRIVEZ-VOUS !<\/a><br \/>\n<span style=\"font-size: 10pt;\">C&rsquo;est un programme ludique, agr\u00e9able, pratique, qui donne d&rsquo;excellents r\u00e9sultats<\/span><\/p>\n<p>La technique que j&rsquo;utilise est tr\u00e8s simple :<\/p>\n<p>Je recadre des expressions populaires et des citations. Je leur redonne un sens nouveau en leur consacrant une chronique&#8230; Je d\u00e9molis le dicton (souvent avec ironie et d\u00e9rision), puis je le reconstruis autrement.<\/p>\n<p>C&rsquo;est tout un art, pour les personnes qui aiment les mots !Et je peux vous garantir que c&rsquo;et votre cas, car les personnes qui n&rsquo;aiment pas les mots ont arr\u00eat\u00e9 leur lecture d\u00e8s le premier paragraphe.<\/p>\n<p>Que pensez-vous du dicton \u00abOeil pour oeil, dent pour dent\u00bb ? C&rsquo;est une loi terrible, bas\u00e9e sur la vengeance, n&rsquo;est-ce pas&#8230; Eh bien pas du tout ! Les personnes qui ont fait des \u00e9tudes de Droit le savent : cette loi est \u00e0 l\u2019origine de tr\u00e8s belles initiatives juridique. Rien \u00e0 voir avec la loi du talion&#8230; Si vous en doutez, il est temps d&rsquo;entrer dans ce programme, car une fois vos croyances reprogramm\u00e9es, vous aurez envie de broder \u00aboeil pour oeil, dent pour dent\u00bb sur votre oreiller pour faire de beaux r\u00eaves.<\/p>\n<p>Bon&#8230; J&rsquo;exag\u00e8re un peu&#8230; Je ne vous recommande pas de faire \u00e7a, parce qu&rsquo;autour de vous, il y a des gens qui vous trouveront bizarre. Mais int\u00e9rieurement, vous pourrez continuer \u00e0 vous amuser en observant les gens s&rsquo;indigner \u00e0 propos de cette loi,\u00a0tout en \u00e9tant <strong>intimement convaincu(e)<\/strong>\u00a0de sa cl\u00e9mence.<\/p>\n<p>Et si je vous disais que lorsque La Fontaine a \u00e9crit \u00abtout flatteur vit aux d\u00e9pens de celui qui l&rsquo;\u00e9coute\u00bb, il n&rsquo;\u00e9tait pas dans la m\u00eame vibration que le professeur de fran\u00e7ais qui vous a enseign\u00e9 cette morale ? Mais alors pas du tout ! Nous pouvons recadrer \u00e7a : une personne aussi formidable que vous ne peut pas croire une chose pareille !<\/p>\n<p align=\"center\"><a class=\"button\" href=\"http:\/\/www.inscription-minute.fr\/solution.aspx?code=CR07RI91&amp;origine=CroyancePlusPlusSite\">INSCRIVEZ-VOUS !<\/a><br \/>\n<span style=\"font-size: 10pt;\">C&rsquo;est un programme pour les gens formidables !<\/span><\/p>\n<p>En recadrant et en approfondissant plusieurs expressions du quotidien, vous allez d\u00e9velopper un esprit cr\u00e9atif qui vous permettra de vous d\u00e9barrasser des croyances primaires que vous vous sugg\u00e9rez r\u00e9guli\u00e8rement, et surtout, qu&rsquo;on vous sugg\u00e8re dans votre entourage personnel et professionnel. Vous serez capable de jongler avec tous types de croyances. Vous disposerez alors d&rsquo;une aptitude essentielle \u00e0 tout champion :<\/p>\n<p><strong>Vous d\u00e9velopperez le champ des possibles !<\/strong> Progressivement, des dizaines de choses que vous croyiez impossibles ou tr\u00e8s difficiles vont devenir accessibles.<\/p>\n<h2>Est-ce que \u00e7a changera votre vie ?<\/h2>\n<p>Je vais vous dire quelque chose qui va vous \u00e9tonner : je n&rsquo;aime pas changer la vie des gens&#8230; \u00a0Vraiment les gens qui veulent changer de vie m&rsquo;indisposent ! Je ne sais pas quoi leur proposer en \u00e9change d&rsquo;une vie, \u00e7a me para\u00eet tellement pr\u00e9cieux !<\/p>\n<p>Par contre, si tel est votre souhait, je veux bien vous aider \u00e0 am\u00e9liorer VOTRE vie ! Que de changements en perspective&#8230;<\/p>\n<p align=\"center\"><a class=\"button\" href=\"http:\/\/www.inscription-minute.fr\/solution.aspx?code=CR07RI91&amp;origine=CroyancePlusPlusSite\">INSCRIVEZ-VOUS !<\/a><br \/>\n<span style=\"font-size: 10pt;\">Ajoutez des fleurs \u00e0 votre vie&#8230;<\/span><\/p>\n<p><strong>St\u00e9phane SOLOMON<\/strong><br \/>\nCoach, conf\u00e9rencier et auteur<\/p>\n","protected":false},"excerpt":{"rendered":"<p>La premi\u00e8re fois que j&rsquo;ai entendu parler de Croyances limitantes ou limitatives, j&rsquo;\u00e9tais tr\u00e8s perplexe&#8230; Selon la th\u00e9orie, le fait de CROIRE qu&rsquo;on peut r\u00e9ussir quelque chose enclenche une successions d&rsquo;actions qui m\u00e8nent vers la r\u00e9ussite. Et le fait de CROIRE \u00e0 l&rsquo;\u00e9chec nous fait \u00e9chouer ! C&rsquo;est fou !\u00a0Par exemple, un champion qui a [&hellip;]<\/p>\n","protected":false},"author":1,"featured_media":0,"parent":0,"menu_order":0,"comment_status":"open","ping_status":"open","template":"","meta":[],"_links":{"self":[{"href":"https:\/\/auto-coaching.fr\/croyances\/index.php\/wp-json\/wp\/v2\/pages\/11"}],"collection":[{"href":"https:\/\/auto-coaching.fr\/croyances\/index.php\/wp-json\/wp\/v2\/pages"}],"about":[{"href":"https:\/\/auto-coaching.fr\/croyances\/index.php\/wp-json\/wp\/v2\/types\/page"}],"author":[{"embeddable":true,"href":"https:\/\/auto-coaching.fr\/croyances\/index.php\/wp-json\/wp\/v2\/users\/1"}],"replies":[{"embeddable":true,"href":"https:\/\/auto-coaching.fr\/croyances\/index.php\/wp-json\/wp\/v2\/comments?post=11"}],"version-history":[{"count":17,"href":"https:\/\/auto-coaching.fr\/croyances\/index.php\/wp-json\/wp\/v2\/pages\/11\/revisions"}],"predecessor-version":[{"id":13,"href":"https:\/\/auto-coaching.fr\/croyances\/index.php\/wp-json\/wp\/v2\/pages\/11\/revisions\/13"}],"wp:attachment":[{"href":"https:\/\/auto-coaching.fr\/croyances\/index.php\/wp-json\/wp\/v2\/media?parent=11"}],"curies":[{"name":"wp","href":"https:\/\/api.w.org\/{rel}","templated":true}]}}