{"id":1038,"date":"2013-12-11T18:48:07","date_gmt":"2013-12-11T16:48:07","guid":{"rendered":"http:\/\/www.auto-coaching.fr\/?page_id=1038"},"modified":"2013-12-13T13:28:21","modified_gmt":"2013-12-13T11:28:21","slug":"donner-un-sens-a-sa-vie","status":"publish","type":"page","link":"https:\/\/auto-coaching.fr\/index.php\/donner-un-sens-a-sa-vie\/","title":{"rendered":"Donner un sens &agrave; sa vie&#8230;"},"content":{"rendered":"<p>La vid\u00e9o de cette semaine sera tr\u00e8s courte (\u00e0 peine 3 minutes), mais vraiment puissante !<\/p>\n<p>Dans ce bref extrait, le th\u00e8me principal est \u00abla pers\u00e9v\u00e9rance\u00bb. Mais j\u2019ai trouv\u00e9 tellement plus que \u00e7a que je n\u2019arrive pas \u00e0 exprimer ce que je ressens. Tout ce que je sais, c\u2019est que depuis que je l\u2019ai vue (il y a environ 3 ans), je me plains beaucoup moins de \u00abmes probl\u00e8mes\u00bb&#8230;<\/p>\n<div id=\"scid:5737277B-5D6D-4f48-ABFC-DD9C333F4C5D:20aa46b7-88c6-4e93-9e12-e990ece93123\" class=\"wlWriterEditableSmartContent\" style=\"float: none; padding-bottom: 0px; padding-top: 0px; padding-left: 0px; margin: 0px; display: inline; padding-right: 0px\">\n<div><object width=\"555\" height=\"312\"><param name=\"movie\" value=\"http:\/\/www.youtube.com\/v\/Y3Marz6qLsI?hl=en&amp;hd=1\"><\/param><\/object><\/div>\n<\/div>\n<p>Lien original : <a href=\"Lien original : http:\/\/www.youtube.com\/watch?v=Y3Marz6qLsI\">http:\/\/www.youtube.com\/watch?v=Y3Marz6qLsI<\/a>  <\/p>\n<h2>Qui est Nick Vujicic ?<\/h2>\n<p>Cette vid\u00e9o, qui est l\u2019une des premi\u00e8res que j\u2019ai d\u00e9couvertes sur Nick Vujicic, a eu un tel effet sur moi, que je suis all\u00e9 collecter des informations compl\u00e9mentaires sur cet homme d\u2019exception. Il y a beaucoup \u00e0 lire et \u00e0 voir \u00e0 son sujet. Il est \u00e9tonnant ! Il joue au golf, nage comme un poisson, il s\u2019est mari\u00e9 il y a quelques ann\u00e9es avec une femme de toute beaut\u00e9, il vient d\u2019avoir un enfant (un petit gar\u00e7on), et il a un agenda de ministre, tant ses conf\u00e9rences sont demand\u00e9es dans le monde entier\u2026 <\/p>\n<p>Il y a un an, j\u2019ai d\u00e9couverte court-m\u00e9trage dans lequel il a tourn\u00e9 (The Butterfly Circus) qui est \u00e9galement disponible en fran\u00e7ais sous-titr\u00e9 (sur youtube). Il entame un tour du monde cette ann\u00e9e. Apr\u00e8s avoir visit\u00e9 les salles de classe, il remplit les stades ! <\/p>\n<p>Il chante aussi : son clip est atypique (\u00e9videmment), j\u2019ai vers\u00e9 ma petite larme : l\u2019imperfection est belle, lorsqu\u2019elle aspire \u00e0 se distinguer pour aider les autres&#8230; Le D\u00e9veloppement Personnel a beaucoup de choses \u00e0 vous dire \u00e0 travers lui&#8230;  <\/p>\n<h2>Nick Vujicic sur WIKIPEDIA<\/h2>\n<p>Nick Vujicic (4 d\u00e9cembre 1982) est un pr\u00e9dicateur et motivateur australien. Il est le directeur de Life Without Limbs, un organisme \u00e0 but non lucratif chr\u00e9tien d\u00e9di\u00e9 aux handicap\u00e9s. Au d\u00e9but du XXIe si\u00e8cle, Vujicic donne r\u00e9guli\u00e8rement des conf\u00e9rences sur le handicap, l&#8217;espoir et comment trouver du sens \u00e0 la vie. Il est notamment sollicit\u00e9 par les \u00e9tablissements scolaires am\u00e9ricains pour intervenir dans des campagnes de prise de conscience sur la tyrannie du regard des autres et la pers\u00e9cution de certains enfants envers leurs camarades. (source WIKIPEDIA <a href=\"http:\/\/fr.wikipedia.org\/wiki\/Nick_Vujicic\">suite\u2026<\/a>)  <\/p>\n<p>A++<\/p>\n<p><strong>St\u00e9phane SOLOMON<\/strong><\/p>\n<p>PS : Mon propre partage m\u2019a auto-coach\u00e9 : je viens de visiter sa page FACEBOOK et je suis all\u00e9 rejoindre ses 2,2 millions de fans. Il \u00e9tait temps !<\/p>\n<!--themify_builder_content-->\n<div id=\"themify_builder_content-1038\" data-postid=\"1038\" class=\"themify_builder_content themify_builder_content-1038 themify_builder tf_clear\">\n    <\/div>\n<!--\/themify_builder_content-->\n","protected":false},"excerpt":{"rendered":"<p>La vid\u00e9o de cette semaine sera tr\u00e8s courte (\u00e0 peine 3 minutes), mais vraiment puissante ! Dans ce bref extrait, le th\u00e8me principal est \u00abla pers\u00e9v\u00e9rance\u00bb. Mais j\u2019ai trouv\u00e9 tellement plus que \u00e7a que je n\u2019arrive pas \u00e0 exprimer ce que je ressens. Tout ce que je sais, c\u2019est que depuis que je l\u2019ai vue [&hellip;]<\/p>\n","protected":false},"author":1,"featured_media":0,"parent":0,"menu_order":0,"comment_status":"open","ping_status":"open","template":"","meta":[],"builder_content":"","_links":{"self":[{"href":"https:\/\/auto-coaching.fr\/index.php\/wp-json\/wp\/v2\/pages\/1038"}],"collection":[{"href":"https:\/\/auto-coaching.fr\/index.php\/wp-json\/wp\/v2\/pages"}],"about":[{"href":"https:\/\/auto-coaching.fr\/index.php\/wp-json\/wp\/v2\/types\/page"}],"author":[{"embeddable":true,"href":"https:\/\/auto-coaching.fr\/index.php\/wp-json\/wp\/v2\/users\/1"}],"replies":[{"embeddable":true,"href":"https:\/\/auto-coaching.fr\/index.php\/wp-json\/wp\/v2\/comments?post=1038"}],"version-history":[{"count":9,"href":"https:\/\/auto-coaching.fr\/index.php\/wp-json\/wp\/v2\/pages\/1038\/revisions"}],"predecessor-version":[{"id":1048,"href":"https:\/\/auto-coaching.fr\/index.php\/wp-json\/wp\/v2\/pages\/1038\/revisions\/1048"}],"wp:attachment":[{"href":"https:\/\/auto-coaching.fr\/index.php\/wp-json\/wp\/v2\/media?parent=1038"}],"curies":[{"name":"wp","href":"https:\/\/api.w.org\/{rel}","templated":true}]}}