{"id":105,"date":"2012-05-08T17:15:26","date_gmt":"2012-05-08T17:15:26","guid":{"rendered":"http:\/\/www.auto-coaching.fr\/?page_id=105"},"modified":"2019-10-06T10:38:12","modified_gmt":"2019-10-06T08:38:12","slug":"gauchers-contraries","status":"publish","type":"page","link":"https:\/\/auto-coaching.fr\/index.php\/gauchers-contraries\/","title":{"rendered":"Des gauchers tr&egrave;s contrari&eacute;s"},"content":{"rendered":"<p>En 1986, la revue \u00abNature\u00bb publia la conclusion d&#8217;une \u00e9tude men\u00e9e par deux scientifiques (Stanley COREN &#8211; Canada &#8211; &amp; Diane HALPERN &#8211; USA -). Cette \u00e9tude, bas\u00e9e sur divers recensements \u00e0 travers le monde, d\u00e9montra que l&#8217;esp\u00e9rance de vie des gauchers \u00e9tait inf\u00e9rieure de 9 ans \u00e0 celle des droitiers !<\/p>\n\n\n\n<p>66 ans d&#8217;esp\u00e9rance de vie pour les gauchers, 75 ans pour les droitiers !<\/p>\n\n\n\n<p><strong>Il fallait trouver une raison<\/strong>. De nombreuses th\u00e9ories, li\u00e9es \u00e0 diff\u00e9rentes causes de mortalit\u00e9 sont alors apparues :<\/p>\n\n\n\n<ul><li>Le fait d&#8217;\u00eatre gaucher serait li\u00e9 \u00e0 une faiblesse du syst\u00e8me immunitaire&#8230; Mais aucune preuve scientifique n&#8217;a \u00e9t\u00e9 apport\u00e9e \u00e0 ce jour.<\/li><li>La lutte quotidienne pour s&#8217;adapter \u00e0 un monde fait pour les droitiers serait \u00e9prouvante, au point de r\u00e9duire la long\u00e9vit\u00e9 des gauchers&#8230; C&#8217;est encore difficile \u00e0 prouver.<\/li><li>L&#8217;organisation spatiale de nombreuses machine et outils provoqueraient davantage d&#8217;accidents. Par exemple, en voiture, le fait que le levier de vitesse se situe \u00e0 droite, pourrait entrainer des maladresses du \u00ab bras faible \u00bb, et donc davantage d&#8217;accidents de la route&#8230; Toujours pas prouv\u00e9 !<\/li><li>Euh&#8230; Alors \u00e7a viendrait du fait qu&#8217;en utilisant sa main gauche, on sollicite des tendons, des nerfs et des muscles qui se situent du c\u00f4t\u00e9 gauche, donc pr\u00e8s du c\u0153ur : un organe vital, qui s&#8217;use avec le temps ! Euh&#8230; Non plus !&#8230;<\/li><\/ul>\n\n\n\n<p><span data-offset-key=\"36su6-0-0\"><span data-text=\"true\">C\u2019est ennuyeux \u00e7a\u2026 Qu\u2019est-ce que \u00e7a pourrait bien \u00eatre ? <\/span><\/span><strong><span data-offset-key=\"36su6-0-1\"><span data-text=\"true\">Il faut bien une raison ! <\/span><\/span><\/strong><span data-offset-key=\"36su6-0-2\"><span data-text=\"true\">Parce que <\/span><\/span><strong><span data-offset-key=\"36su6-0-3\"><span data-text=\"true\">les chiffres ne mentent pas<\/span><\/span><\/strong><span data-offset-key=\"36su6-0-4\"><span data-text=\"true\"> : 14% de gauchers de 5 ans, seulement 12% de gauchers de 15 ans. Les cinquantenaires gauchers ne repr\u00e9sentent plus que 10% de la population, et la statistique chute jusqu\u2019\u00e0 atteindre un niveau r\u00e9siduel chez les gauchers de 80 ans&#8230;<\/span><\/span><\/p>\n\n\n\n<h2>Le facteur humain<\/h2>\n\n\n\n<p>Il faut que je vous parle de ma m\u00e8re : elle est ambidextre ! Ca veut dire qu&#8217;elle se sert aussi bien de sa main droite que de sa main gauche. Un soir, quelques semaines apr\u00e8s avoir lu cette \u00e9tude, j&#8217;ai demand\u00e9 \u00e0 ma m\u00e8re \u00e0 quel \u00e2ge elle a \u00e9t\u00e9 diagnostiqu\u00e9e ambidextre, et sa r\u00e9ponse me stup\u00e9fia :<\/p>\n\n\n\n<p>&#8211; Je ne suis pas n\u00e9e ambidextre. J&#8217;ai \u00e9t\u00e9 diagnostiqu\u00e9e gauch\u00e8re, mais comme dans les ann\u00e9es 50, ce n&#8217;\u00e9tait pas bien vu, mes parents ont \u00e9duqu\u00e9 ma main droite. Je suis donc une \u00ab gauch\u00e8re contrari\u00e9e \u00bb&#8230; Mais j&#8217;ai eu plus de chance que l&#8217;une de mes voisines, qui a v\u00e9cu une partie de sa vie avec la main gauche attach\u00e9e derri\u00e8re le dos. Ca se faisait beaucoup \u00e0 l&#8217;\u00e9poque, mais notre m\u00e9decin de famille trouvait \u00e7a cruel. C&#8217;est pour cette raison que ma voisine est devenue droiti\u00e8re, et moi ambidextre.<\/p>\n\n\n\n<p>Etonnant ! Et ce que je vous raconte date d&#8217;il y a 70 ans \u00e0 peine. Imaginez la situation des gauchers (et de leurs parents) au d\u00e9but du XX\u00e8me si\u00e8cle ! Si vous vous documentez un peu, vous lirez que le sentiment qu&#8217;on alimentait \u00e0 leur \u00e9gard se situait entre le m\u00e9pris et la tol\u00e9rance. Heureusement, c&#8217;est un vieux paradigme !<\/p>\n\n\n\n<p>Puis j&#8217;ai r\u00e9fl\u00e9chi&#8230; Et j&#8217;ai pos\u00e9 encore une question \u00e0 ma petite maman :<\/p>\n\n\n\n<p style=\"text-indent: -8px; margin: 6px 0px 0px 8px;\">&#8211; Lorsqu&#8217;on te demande si tu es gauch\u00e8re ou droiti\u00e8re, tu r\u00e9ponds quoi ?<\/p>\n<p style=\"text-indent: -8px; margin: 6px 0px 0px 8px;\">&#8211; Quand je peux, je coche les deux cases, et j&#8217;\u00e9cris ambidextre. Quand je ne peux pas, je r\u00e9ponds que je suis droiti\u00e8re. C&#8217;est mieux&#8230;<\/p>\n<p style=\"text-indent: -8px; margin: 6px 0px 0px 8px;\">&#8211; Pourquoi \u00ab mieux \u00bb ?<\/p>\n<p style=\"text-indent: -8px; margin: 6px 0px 0px 8px;\">&#8211; Parce que dans ma t\u00eate, c&#8217;est toujours un probl\u00e8me. J&#8217;ai \u00e9t\u00e9 \u00e9duqu\u00e9e comme \u00e7a \u00e9tant petite. M\u00eame des gens cultiv\u00e9s comme les m\u00e9decins et les instituteurs consid\u00e9raient que les gauchers avaient moins d&#8217;aptitudes physiques et mentales que les droitiers. Mes parents m&#8217;ont toujours oblig\u00e9e \u00e0 dire que j&#8217;\u00e9tais droiti\u00e8re et \u00e0 me comporter comme une droiti\u00e8re, surtout lorsque je passais des examens m\u00e9dicaux. Il faut dire qu&#8217;on sortait \u00e0 peine d&#8217;une \u00e9poque o\u00f9 on br\u00fblait des gens \u00abl\u00e9galement\u00bb, parce qu&#8217;ils \u00e9taient juifs, tziganes ou homosexuels. Il valait mieux \u00e9viter de cumuler les diff\u00e9rences. J&#8217;\u00e9tais donc droiti\u00e8re, comme tout le monde ! Et aujourd&#8217;hui je le suis toujours, quand je sens qu&#8217;il le faut.<\/p>\n<p style=\"text-indent: -8px; margin: 6px 0px 0px 8px;\">&#8211; Donc <strong>tu fausses les statistiques !<\/strong> Entre ton premier diagnostique et aujourd&#8217;hui, il y a une gauch\u00e8re de moins !<\/p>\n<p style=\"text-indent: -8px; margin: 6px 0px 0px 8px;\">&#8211; Et une droiti\u00e8re de plus ! Statistiquement, \u00e7a fait 2 points de plus pour les droitiers. Ce serait amusant de jeter un coup d&#8217;\u0153il sur les recensements !<\/p>\n<p style=\"text-indent: -8px; margin: 6px 0px 0px 8px;\">&#8211; Ca a \u00e9t\u00e9 fait&#8230; Mais la conclusion est un second outrage aux gauchers, et il faudra plusieurs d\u00e9cennies pour l\u2019effacer&#8230;<\/p>\n\n\n\n<p>&#8212;&#8212;<\/p>\n\n\n\n<p>Qu&#8217;en pensez-vous ? Avez-vous compris la raison pour laquelle en 1986, il n&#8217;y avait pratiquement plus de gauchers parmi les personnes \u00e2g\u00e9es, alors qu&#8217;on en recensait pratiquement 14% chez les jeunes ?<\/p>\n\n\n\n<p>Si ce sujet vous concerne, saisissez \u00ab gaucher long\u00e9vit\u00e9 \u00bb sur Google, et tentez de trouver des articles qui contredisent ou qui relativisent les conclusions de la recherche de 1986&#8230; Quelles sont les implications c\u00f4t\u00e9 \u00abcroyances\u00bb ?<\/p>\n\n\n\n<p>Et puisque nos&nbsp;croyances ont une implication directe sur nos vies, je vous invite \u00e0 partager cet article avec des gauchers de votre entourage. Peut-\u00eatre allongerez-vous leur vie&#8230;<\/p>\n\n\n\n<p>Enfin, puisque nous sommes dans un cadre d&#8217;auto-coaching : pensez-vous que dans votre environnement personnel ou professionnel, vous tirez souvent des <strong>conclusions froides<\/strong> en observant les chiffres, et en excluant le facteur humain ou en r\u00e9duisant son importance ?<\/p>\n\n\n\n<p>Je me d\u00e9lecte d&#8217;avance de vos commentaires :<\/p>\n\n\n\n<p>A++<\/p>\n\n<!--themify_builder_content-->\n<div id=\"themify_builder_content-105\" data-postid=\"105\" class=\"themify_builder_content themify_builder_content-105 themify_builder tf_clear\">\n    <\/div>\n<!--\/themify_builder_content-->","protected":false},"excerpt":{"rendered":"<p>En 1986, la revue \u00abNature\u00bb publia la conclusion d&#8217;une \u00e9tude men\u00e9e par deux scientifiques (Stanley COREN &#8211; Canada &#8211; &amp; Diane HALPERN &#8211; USA -). Cette \u00e9tude, bas\u00e9e sur divers recensements \u00e0 travers le monde, d\u00e9montra que l&#8217;esp\u00e9rance de vie des gauchers \u00e9tait inf\u00e9rieure de 9 ans \u00e0 celle des droitiers ! 66 ans d&#8217;esp\u00e9rance [&hellip;]<\/p>\n","protected":false},"author":1,"featured_media":0,"parent":0,"menu_order":0,"comment_status":"open","ping_status":"open","template":"","meta":[],"builder_content":"","_links":{"self":[{"href":"https:\/\/auto-coaching.fr\/index.php\/wp-json\/wp\/v2\/pages\/105"}],"collection":[{"href":"https:\/\/auto-coaching.fr\/index.php\/wp-json\/wp\/v2\/pages"}],"about":[{"href":"https:\/\/auto-coaching.fr\/index.php\/wp-json\/wp\/v2\/types\/page"}],"author":[{"embeddable":true,"href":"https:\/\/auto-coaching.fr\/index.php\/wp-json\/wp\/v2\/users\/1"}],"replies":[{"embeddable":true,"href":"https:\/\/auto-coaching.fr\/index.php\/wp-json\/wp\/v2\/comments?post=105"}],"version-history":[{"count":14,"href":"https:\/\/auto-coaching.fr\/index.php\/wp-json\/wp\/v2\/pages\/105\/revisions"}],"predecessor-version":[{"id":6043,"href":"https:\/\/auto-coaching.fr\/index.php\/wp-json\/wp\/v2\/pages\/105\/revisions\/6043"}],"wp:attachment":[{"href":"https:\/\/auto-coaching.fr\/index.php\/wp-json\/wp\/v2\/media?parent=105"}],"curies":[{"name":"wp","href":"https:\/\/api.w.org\/{rel}","templated":true}]}}