{"id":1141,"date":"2014-01-24T14:33:38","date_gmt":"2014-01-24T12:33:38","guid":{"rendered":"http:\/\/www.auto-coaching.fr\/?page_id=1141"},"modified":"2014-01-24T14:40:24","modified_gmt":"2014-01-24T12:40:24","slug":"camera-cachee","status":"publish","type":"page","link":"https:\/\/auto-coaching.fr\/index.php\/camera-cachee\/","title":{"rendered":"Cam&eacute;ra cach&eacute;e"},"content":{"rendered":"<p>Aujourd&#8217;hui, je vous invite \u00e0 regarder une vid\u00e9o de cam\u00e9ra cach\u00e9e (10 minutes). <\/p>\n<p>Pour bien comprendre le concept que je souhaite vous faire d\u00e9couvrir, vous devrez la regarder deux fois (au moins) durant cette semaine. La premi\u00e8re fois pour la d\u00e9couvrir, vous amuser, vous \u00e9tonner, etc. car c&#8217;est l&#8217;objectif de l&#8217;\u00e9quipe qui a cr\u00e9\u00e9 cette \u00e9mission et vous ne pourrez pas y couper. Mais lors des visionnages suivants, vous pourrez mieux analyser ce qui s\u2019y passe sous le prisme de l\u2019auto-coach. <\/p>\n<p>C&#8217;est comme un film \u00e0 suspense : la premi\u00e8re fois vous vivez l&#8217;intrigue en \u00abmode d\u00e9couverte\u00bb. Vous vibrez donc au rythme de l&#8217;histoire. Mais si vous vous autorisez \u00e0 visionner le m\u00eame film une deuxi\u00e8me fois, vous d\u00e9couvrez un tas de petits indices que le r\u00e9alisateur a laiss\u00e9, justement pour ceux qui reverront le film plusieurs fois. Si vous l&#8217;observez une troisi\u00e8me puis une quatri\u00e8me fois, vous vous direz : <\/p>\n<blockquote>\n<p>C&#8217;est pourtant \u00e9vident ! Comment ai-je fait pour ne pas avoir vu tout \u00e7a du premier coup ?<\/p>\n<\/blockquote>\n<h2>Biais r\u00e9trospectif<\/h2>\n<p>On appelle \u00e7a un <strong>\u00abbiais r\u00e9trospectif\u00bb<\/strong>. C&#8217;est un biais de jugement, qui vous fait croire que c\u2019est \u00e9vident ! <\/p>\n<p>Pouss\u00e9 \u00e0 l&#8217;extr\u00eame le <strong>\u00abbiais r\u00e9trospectif\u00bb<\/strong> peut appara\u00eetre sous cette forme :  <\/p>\n<blockquote>\n<p>Je le savais depuis le d\u00e9but !<\/p>\n<\/blockquote>\n<p>Eh oui&#8230; Je connais de gens qui ont vu le film \u00absixi\u00e8me sens\u00bb, le c\u0153ur battant, les sourcils fonc\u00e9s et le souffle haletant, et qui pr\u00e9tendent au bout de 3 ou 4 passages t\u00e9l\u00e9, qu&#8217;ils connaissaient l&#8217;intrigue depuis le d\u00e9but ! <\/p>\n<p>&#8211; M\u00eame la premi\u00e8re fois que tu l&#8217;as vu ?<br \/>&#8211; Evidemment, c&#8217;est trop \u00e9vident ! Il faudrait \u00eatre b\u00eate pour pas s\u2019en apercevoir&#8230; <\/p>\n<p>Et vous savez quoi ? Ils ne sont pas de mauvaise-foi ! Ils ne disent pas \u00e7a pour para\u00eetre intelligents, ils croient sinc\u00e8rement ce qu&#8217;ils disent&#8230; Ils ont oubli\u00e9 le ressenti du premier visionnage. <\/p>\n<p>Ca vous fait rire ? Et si vous rep\u00e9riez vos propres biais r\u00e9trospectifs ? Nous en avons tous&#8230; <\/p>\n<p>Par exemple, en regardant ce gag, il y a beaucoup de gens qui me disent : \u00abmoi, j&#8217;aurais tout de suite vu que c\u2019\u00e9tait un gag, et j&#8217;aurais cherch\u00e9 la cam\u00e9ra !\u00bb. C&#8217;est vraiment m\u00e9sestimer l&#8217;\u00e9quipe qui a pr\u00e9par\u00e9 tout \u00e7a en coulisses&#8230; <\/p>\n<p>La dame qui a \u00e9t\u00e9 pi\u00e9g\u00e9e l&#8217;exprime tr\u00e8s bien une fois qu&#8217;elle a retrouv\u00e9 son calme (elle n\u2019a pas de biais r\u00e9trospectif). Une fois de retour dans la vraie vie, elle dit (\u00e0 sa mani\u00e8re) qu\u2019elle \u00e9tait forc\u00e9ment vuln\u00e9rable face \u00e0 cette manipulation. <\/p>\n<p>Manipulation bon-enfant, qui se termine par un grand soulagement et des \u00e9clats de rire. <\/p>\n<p>Alors bon premier visionnage !<\/p>\n<div id=\"scid:5737277B-5D6D-4f48-ABFC-DD9C333F4C5D:e35ace9b-c733-4ce6-a474-a8f028093838\" class=\"wlWriterEditableSmartContent\" style=\"float: none; padding-bottom: 0px; padding-top: 0px; padding-left: 0px; margin: 0px; display: inline; padding-right: 0px\">\n<div><object width=\"572\" height=\"321\"><param name=\"movie\" value=\"http:\/\/www.youtube.com\/v\/mwqzA4-OP5k?hl=en&amp;hd=1\"><\/param><\/object><\/div>\n<\/div>\n<p>Je vous relancerai la semaine prochaine pour que vous regardiez cette vid\u00e9o une seconde fois sous un \u0153il plus avis\u00e9, afin que nous puissions parler d&#8217;autre chose que de cam\u00e9ra cach\u00e9e. Quelque chose d&#8217;un niveau plus \u00e9lev\u00e9 que \u00able gag\u00bb&#8230; <\/p>\n<p>A++ <\/p>\n<p><strong>St\u00e9phane SOLOMON<\/strong> <\/p>\n<p>PS : vous pouvez, bien s\u00fbr, laisser vos premi\u00e8res impressions.<\/p>\n<!--themify_builder_content-->\n<div id=\"themify_builder_content-1141\" data-postid=\"1141\" class=\"themify_builder_content themify_builder_content-1141 themify_builder tf_clear\">\n    <\/div>\n<!--\/themify_builder_content-->\n","protected":false},"excerpt":{"rendered":"<p>Aujourd&#8217;hui, je vous invite \u00e0 regarder une vid\u00e9o de cam\u00e9ra cach\u00e9e (10 minutes). Pour bien comprendre le concept que je souhaite vous faire d\u00e9couvrir, vous devrez la regarder deux fois (au moins) durant cette semaine. La premi\u00e8re fois pour la d\u00e9couvrir, vous amuser, vous \u00e9tonner, etc. car c&#8217;est l&#8217;objectif de l&#8217;\u00e9quipe qui a cr\u00e9\u00e9 cette [&hellip;]<\/p>\n","protected":false},"author":1,"featured_media":0,"parent":0,"menu_order":0,"comment_status":"open","ping_status":"open","template":"","meta":[],"builder_content":"","_links":{"self":[{"href":"https:\/\/auto-coaching.fr\/index.php\/wp-json\/wp\/v2\/pages\/1141"}],"collection":[{"href":"https:\/\/auto-coaching.fr\/index.php\/wp-json\/wp\/v2\/pages"}],"about":[{"href":"https:\/\/auto-coaching.fr\/index.php\/wp-json\/wp\/v2\/types\/page"}],"author":[{"embeddable":true,"href":"https:\/\/auto-coaching.fr\/index.php\/wp-json\/wp\/v2\/users\/1"}],"replies":[{"embeddable":true,"href":"https:\/\/auto-coaching.fr\/index.php\/wp-json\/wp\/v2\/comments?post=1141"}],"version-history":[{"count":3,"href":"https:\/\/auto-coaching.fr\/index.php\/wp-json\/wp\/v2\/pages\/1141\/revisions"}],"predecessor-version":[{"id":1144,"href":"https:\/\/auto-coaching.fr\/index.php\/wp-json\/wp\/v2\/pages\/1141\/revisions\/1144"}],"wp:attachment":[{"href":"https:\/\/auto-coaching.fr\/index.php\/wp-json\/wp\/v2\/media?parent=1141"}],"curies":[{"name":"wp","href":"https:\/\/api.w.org\/{rel}","templated":true}]}}