{"id":1152,"date":"2014-02-05T10:47:49","date_gmt":"2014-02-05T08:47:49","guid":{"rendered":"http:\/\/www.auto-coaching.fr\/?page_id=1152"},"modified":"2014-02-05T14:42:22","modified_gmt":"2014-02-05T12:42:22","slug":"fin-des-programmes-d-auto-coaching-payants","status":"publish","type":"page","link":"https:\/\/auto-coaching.fr\/index.php\/fin-des-programmes-d-auto-coaching-payants\/","title":{"rendered":"Fin des programmes d&rsquo;auto-coaching payants"},"content":{"rendered":"<p>C&#8217;est avec une certaine \u00e9motion que je vous annonce la fermeture prochaine des programmes payants. La raison est \u00abpurement financi\u00e8re\u00bb : la gestion n\u00e9cessaire \u00e0 ces programmes co\u00fbte plus cher que ce qu&#8217;ils rapportent, et ce, depuis bient\u00f4t 2 ans.  <\/p>\n<p>Je voudrais rassurer tous ceux qui se sont inscrits pour les semaines \u00e0 venir : vous serez livr\u00e9s comme convenu. Pour vous, il n&#8217;y a aucun changement.  <\/p>\n<p>Je voudrais \u00e9galement rassurer ceux qui se sont inscrits par le pass\u00e9 : les modules resteront en ligne, et vous pourrez continuer \u00e0 y acc\u00e9der. Si vous avez suivi le mouvement par le pass\u00e9, il n&#8217;y a aucun changement pour vous. <b>Ce que vous avez acquis restera v\u00f4tre<\/b>. <\/p>\n<p>Par contre, les nouvelles inscriptions s&#8217;arr\u00eateront d\u00e9finitivement dans deux semaines (le 20 f\u00e9vrier). Si vous avez envie de participer \u00e0 l&#8217;un de ces programmes, c&#8217;est le moment de vous inscrire. Vous pouvez le faire aujourd\u2019hui, et choisir la date de votre session jusqu&#8217;\u00e0 fin-juin.  <\/p>\n<p>J\u2019aimerais que ces derni\u00e8res inscriptions soient motiv\u00e9es par un sentiment enthousiaste, et non par une pression du type :  <\/p>\n<p>&#8211; Demain, il sera trop tard !  <\/p>\n<p>Ou  <\/p>\n<p>&#8211; C&#8217;est maintenant ou jamais !  <\/p>\n<p>Ou pire :  <\/p>\n<p>&#8211; C&#8217;est ma derni\u00e8re chance&#8230;  <\/p>\n<p>Je voudrais VRAIMENT que votre inscription soit tranquille : ces programmes ne sont pas vitaux, la version gratuite de TIME-COACH continue, et m\u00eame si j&#8217;enregistre soudainement des milliers d&#8217;inscriptions, \u00e7a ne changera rien \u00e0 ma d\u00e9cision d&#8217;arr\u00eater (il n&#8217;y a rien \u00e0 \u00absauver\u00bb par un \u00e9lan altruiste).  <\/p>\n<p>Mon discours reste le m\u00eame : <strong>adh\u00e9rez pour vous !<\/strong> Ne vous inventez pas des histoires tristes et culpabilisatrices du genre <em>\u00abPauvre St\u00e9phane ! Lui qui est si g\u00e9n\u00e9reux, je n&#8217;ai pas pens\u00e9 une seule fois \u00e0 participer \u00e0 ses ateliers pour lui faire plaisir&#8230; C\u2019est pas gentil ! Et maintenant, il va fermer boutique \u00e0 cause de gens \u00e9go\u00efstes comme moi&#8230; Sniff ! Je vais faire un geste&#8230;\u00bb<\/em>.  <\/p>\n<p>C&#8217;est de l&#8217;empathie \u00e0 20 balles !  <\/p>\n<p>Je vous assure que tout va bien : la plupart de ces programmes ont \u00e9t\u00e9 rentables au moment de leur lancement. J&#8217;ai eu de tr\u00e8s bons \u00e9chos, et moins de 2% de demandes de remboursement. C\u2019\u00e9tait bon ! Alors j&#8217;en ai fait une <b>BONNE HABITUDE<\/b> en les int\u00e9grant dans ma vie et en en \u00e9crivant de nouveaux programmes r\u00e9guli\u00e8rement (11 programmes en 5 ans). Aujourd&#8217;hui, \u00e7a ne marche plus ! Alors je l\u00e2che prise sur une <b>MAUVAISE HABITUDE<\/b>.  <\/p>\n<p>Eh oui&#8230; Une bonne habitude du pass\u00e9, c\u2019est-\u00e0-dire une routine qui vous a profit\u00e9e, peut devenir une mauvaise habitude avec le temps, c\u2019est-\u00e0-dire une contrainte qui vous accapare votre \u00e9nergie pour peu de r\u00e9sultats, voire des r\u00e9sultats n\u00e9gatifs. Un l\u00e2cher-prise est donc \u00e0 envisager pour pouvoir passer \u00e0 autres chose.<\/p>\n<p>C&#8217;est donc avec une \u00e9motion certaine que je vous annonce que je l\u00e2che prise sur une mauvaise habitude pour passer \u00e0 autres chose. J&#8217;appelle \u00e7a \u00abremercier une habitude\u00bb. Ce qui nous ram\u00e8ne \u00e0 la Gratitude : \u00e9crire ces programmes, les diffuser, les maintenir&#8230; m&#8217;a appris beaucoup de choses. Alors \u00abmerci habitude !\u00bb, je t&#8217;ai cr\u00e9\u00e9e, tu m&#8217;as bien servie, tu as donn\u00e9 un sens \u00e0 mon parcours, et aujourd&#8217;hui je te lib\u00e8re&#8230; Je nous lib\u00e8re&#8230;  <\/p>\n<h2>Technique : remerciez vos mauvaises habitudes<\/h2>\n<p>Rappelez-vous que ce que je viens d&#8217;\u00e9crire n&#8217;est pas un \u00e9tat d&#8217;\u00e2me ou une \u00e9vocation personnelle de consolation. Vous \u00eates dans un programme d&#8217;auto-coaching. Dans ses fables, Jean de La Fontaine se sert des animaux pour instruire les hommes. Dans mes articles, je me sers de mon parcours pour inspirer le v\u00f4tre. Vous pouvez vous servir de ce mod\u00e8le pour l\u00e2cher-prise sur un produit, un partenariat commercial, et m\u00eame un emploi ou une entreprise. Ca rend le d\u00e9p\u00f4t de bilan moins douloureux, et \u00e7a permet de rebondir plus vite : vous pouvez l\u00e2cher-prise sur une entreprise, tout en restant entrepreneur. Vous donnez du SENS \u00e0 l&#8217;ancien pour cr\u00e9er du nouveau.<\/p>\n<p>(Attention : pour tout ce qui est interpersonnel comme une s\u00e9paration, un divorce ou un deuil, je ne recommande pas cette \u00abl\u00e9g\u00e8ret\u00e9\u00bb. Je parle de l\u00e2cher-prise sur des <b>choses<\/b> ou des relations rempla\u00e7ables, apr\u00e8s avoir fait votre possible pour les garder. Pour les <b>personnes<\/b> qui vous tiennent \u00e0 c\u0153ur, je sugg\u00e8re plut\u00f4t de faire l&#8217;impossible !).  <\/p>\n<h2>Ch\u00e2teau de cartes ?<\/h2>\n<p>Je profite de cet \u00e9v\u00e8nement pour glisser un concept essentiel de D\u00e9veloppement Personnel. Tout le monde le sait, mais peu de gens en font quelque chose de pratique au quotidien :  <\/p>\n<p>De la m\u00eame fa\u00e7on que je peux trouver dr\u00f4le quelque chose qui ne vous fait pas rire du tout (et inversement), ce que je consid\u00e8re comme mauvais (pour moi), peut \u00eatre tr\u00e8s bon pour vous ! M\u00eame si nous nous appr\u00e9cions, il y a une multitude de param\u00e8tres qui peuvent faire cette diff\u00e9rence.  <\/p>\n<p>Ce qui signifie que ces programmes n&#8217;ont pas perdu de leur valeur POUR VOUS. Je les ai \u00e9crits avec de tr\u00e8s bonnes intentions, et lorsque je me relis, j&#8217;\u00e9prouve souvent de la fiert\u00e9 : toutes ces id\u00e9es, ces exemples, ces m\u00e9taphores, ces raisonnements, ces improvisations, ces r\u00e9ponses aux questions&#8230; Waouw !  <\/p>\n<p>Mais ils sont devenus un boulet comptable, administratif et commercial POUR MOI (vous n&#8217;avez pas id\u00e9e !).  <\/p>\n<p>Ce n&#8217;est donc pas un \u00e9croulement&#8230; Non seulement la b\u00e2tisse restera en place pour les pionniers qui y ont contribu\u00e9, mais je reste convaincu que ces programmes seront d&#8217;excellents leviers pour les derniers h\u00e9sitants qui vont s&#8217;y inscrire in extremis ces 15 prochains jours.  <\/p>\n<p>Vous avez compris ? Si vous ressentez L\u2019ENVIE ou LE BESOIN de vous inscrire POUR VOUS, c&#8217;est le moment. Et dans la mesure o\u00f9 je me suis organis\u00e9 pour accompagner mon habitude vers la sortie, c&#8217;est avec un immense plaisir que je vous accueillerai dans ces derni\u00e8res sessions. Je m&#8217;en r\u00e9jouis d\u00e9j\u00e0 !  <\/p>\n<p>Votre d\u00e9vou\u00e9,  <\/p>\n<p><b>St\u00e9phane SOLOMON<\/b><\/p>\n<!--themify_builder_content-->\n<div id=\"themify_builder_content-1152\" data-postid=\"1152\" class=\"themify_builder_content themify_builder_content-1152 themify_builder tf_clear\">\n    <\/div>\n<!--\/themify_builder_content-->\n","protected":false},"excerpt":{"rendered":"<p>C&#8217;est avec une certaine \u00e9motion que je vous annonce la fermeture prochaine des programmes payants. La raison est \u00abpurement financi\u00e8re\u00bb : la gestion n\u00e9cessaire \u00e0 ces programmes co\u00fbte plus cher que ce qu&#8217;ils rapportent, et ce, depuis bient\u00f4t 2 ans. Je voudrais rassurer tous ceux qui se sont inscrits pour les semaines \u00e0 venir : [&hellip;]<\/p>\n","protected":false},"author":1,"featured_media":0,"parent":0,"menu_order":0,"comment_status":"open","ping_status":"open","template":"","meta":[],"builder_content":"","_links":{"self":[{"href":"https:\/\/auto-coaching.fr\/index.php\/wp-json\/wp\/v2\/pages\/1152"}],"collection":[{"href":"https:\/\/auto-coaching.fr\/index.php\/wp-json\/wp\/v2\/pages"}],"about":[{"href":"https:\/\/auto-coaching.fr\/index.php\/wp-json\/wp\/v2\/types\/page"}],"author":[{"embeddable":true,"href":"https:\/\/auto-coaching.fr\/index.php\/wp-json\/wp\/v2\/users\/1"}],"replies":[{"embeddable":true,"href":"https:\/\/auto-coaching.fr\/index.php\/wp-json\/wp\/v2\/comments?post=1152"}],"version-history":[{"count":4,"href":"https:\/\/auto-coaching.fr\/index.php\/wp-json\/wp\/v2\/pages\/1152\/revisions"}],"predecessor-version":[{"id":1156,"href":"https:\/\/auto-coaching.fr\/index.php\/wp-json\/wp\/v2\/pages\/1152\/revisions\/1156"}],"wp:attachment":[{"href":"https:\/\/auto-coaching.fr\/index.php\/wp-json\/wp\/v2\/media?parent=1152"}],"curies":[{"name":"wp","href":"https:\/\/api.w.org\/{rel}","templated":true}]}}