{"id":1179,"date":"2014-02-14T18:48:31","date_gmt":"2014-02-14T16:48:31","guid":{"rendered":"http:\/\/www.auto-coaching.fr\/?page_id=1179"},"modified":"2019-06-11T13:26:57","modified_gmt":"2019-06-11T11:26:57","slug":"video-les-biais","status":"publish","type":"page","link":"https:\/\/auto-coaching.fr\/index.php\/video-les-biais\/","title":{"rendered":"Vid&eacute;o&ndash;Les biais"},"content":{"rendered":"<p>Cet article fait suite \u00e0 l&#8217;incident \u00abcam\u00e9ra cach\u00e9e\u00bb :<\/p>\n<p>Il y a 3 semaines, j&#8217;ai mis en ligne une vid\u00e9o intitul\u00e9e \u00abcam\u00e9ra cach\u00e9e\u00bb, dans le but d&#8217;expliquer un concept de coaching. Un concept qui reste \u00e0 d\u00e9couvrir car cette vid\u00e9o a provoqu\u00e9 une vive \u00e9motion qui a retard\u00e9 l&#8217;envoi du deuxi\u00e8me volet. Nous avons marqu\u00e9 une \u00abpause empathique\u00bb. Une belle quantit\u00e9 d&#8217;encre a \u00e9t\u00e9 vers\u00e9e <a href=\"http:\/\/www.auto-coaching.fr\/index.php\/et-si-nous-parlions-d-empathie\/\">dans l\u2019article pr\u00e9c\u00e9dent<\/a>.<\/p>\n<p>Avant de vous livrer le deuxi\u00e8me volet de \u00abcam\u00e9ra cach\u00e9e\u00bb, j&#8217;aimerais discuter d&#8217;un autre sujet, toujours li\u00e9 \u00e0 l&#8217;incident :<\/p>\n<h2>Les biais cognitifs<\/h2>\n<p>Lorsque je parle de \u00abbiais\u00bb, beaucoup de mes lecteurs n&#8217;aiment pas \u00e7a !<\/p>\n<p>&#8211; Je n&#8217;ai pas de biais ! Me dit-on parfois&#8230;<\/p>\n<p>Si vous ne reconnaissez pas vos biais, votre D\u00e9veloppement Personnel sera ralenti. L&#8217;orgueil qui vous pousse \u00e0 avoir toujours raison ou \u00e0 justifier vos actes irrationnels par une logique infaillible, ne vous permettra pas de mieux vous conna\u00eetre, de vous d\u00e9faire de vos mauvaises habitudes, de reprogrammer des habitudes gagnantes, etc. Si vous vous consid\u00e9rez comme une personne parfaite, votre inscription \u00e0 TIME-COACH est un biais&#8230;<\/p>\n<p>Bref, nous avons tous des biais, et ce n&#8217;est pas forc\u00e9ment n\u00e9gatif : les artistes utilisent leurs biais pour cr\u00e9er. Les inventeurs utilisent leurs biais pour innover, et bien \u00e9videmment, les procrastinateurs utilisent leurs biais pour procrastiner.<\/p>\n<p>La question n&#8217;est donc pas de savoir si vous avez des biais ou pas, mais plut\u00f4t de les identifier, de les nommer, et de trouver des solutions (en solo ou avec le soutien d&#8217;un professionnel) pour vous en d\u00e9faire s&#8217;ils vous p\u00e9nalisent. SI ces biais vous r\u00e9ussissent, autant vous en servir plus souvent : les personnes les plus motiv\u00e9es utilisent leurs biais pour nourrir leur motivation. Enfin, rappelez-vous qu&#8217;en tant qu&#8217;Etre communiquant, il est bon de reconna\u00eetre chez les autres, les raisonnements et les jugements biais\u00e9s, pour vous en pr\u00e9server, pour vous en servir ou pour aider votre prochain.<\/p>\n<p>J&#8217;ai d\u00e9j\u00e0 \u00e9voqu\u00e9 dans un autre article, le \u00abbiais de disponibilit\u00e9\u00bb qui consiste \u00e0 prendre la premi\u00e8re image disponible dans votre esprit pour compl\u00e9ter des informations manquantes ou floues. J&#8217;ai \u00e9galement \u00e9voqu\u00e9 le \u00abbiais r\u00e9trospectif\u00bb, qui vous donne l&#8217;impression, apr\u00e8s une d\u00e9couverte, que vous n&#8217;avez rien appris de nouveau, et que vous connaissiez le d\u00e9nouement.<\/p>\n<h2>Le biais d&#8217;appariement<\/h2>\n<p>Le biais d&#8217;appariement est un concept relativement compliqu\u00e9. Je vais donc le simplifier (les puristes m&#8217;excuseront) en me rapprochant du contexte qui nous int\u00e9resse. Commen\u00e7ons par une petite histoire :<\/p>\n<p>&#8212;&#8212;-<\/p>\n<p>Une petite fille dit son papa, tout en lui ouvrant ses bras :<\/p>\n<p>&#8211; Papa, tu es le plus meilleur de tous les papas du monde ! Je t&#8217;aime de tout mon c\u0153ur !<\/p>\n<p>Son p\u00e8re lui r\u00e9pond :<\/p>\n<p>&#8211; On ne dit pas \u00able plus meilleur\u00bb ! C&#8217;est pl\u00e9onastique !!! On dit \u00able meilleur\u00bb. Le mot MEILLEUR est un superlatif du mot BON, qui ne peut \u00eatre pr\u00e9c\u00e9d\u00e9 de l&#8217;adverbe PLUS. Reformule ta phrase !<\/p>\n<p>Ce p\u00e8re a raison : c&#8217;est de la grammaire de base. L&#8217;Education fait partie de sa mission de parent : il se doit DONC de relever les erreurs de langage de sa prog\u00e9niture afin qu&#8217;elle puisse se construire et affronter le monde qui l&#8217;entoure avec un outil essentiel : la Communication. Qui pourrait lui reprocher \u00e7a ? Il dit \u00e0 sa fille toute la v\u00e9rit\u00e9, rien que la v\u00e9rit\u00e9 !<\/p>\n<p>Et pourtant, il est compl\u00e8tement \u00e0 c\u00f4t\u00e9 de la plaque !<\/p>\n<p>&#8212;&#8212;-<\/p>\n<p>Dans sa d\u00e9finition la plus simple, le \u00abbiais d&#8217;appariement\u00bb, consiste \u00e0 attacher de l&#8217;importance \u00e0 l&#8217;\u00e9nonc\u00e9 plut\u00f4t qu&#8217;au probl\u00e8me (ou \u00e0 la solution). On passe \u00ab\u00e0 c\u00f4t\u00e9 de l&#8217;essentiel\u00bb. C&#8217;est une perte de focus, une fuite d&#8217;\u00e9nergie, un tuyau perc\u00e9&#8230; Ce p\u00e8re voit la faute grammaticale, au lieu de voir l&#8217;\u00e9tincelle qui brille dans les yeux de sa fille, et le cadeau qu&#8217;elle veut lui offrir ici et maintenant.<\/p>\n<p>Pourquoi ce biais d&#8217;appariement ? Il peut s&#8217;agir d&#8217;une question de VALEURS (la grammaire, c&#8217;est important ma fille !) ou d&#8217;un trouble psychologique (ne m&#8217;id\u00e9alise pas ma fille, je ne le m\u00e9rite pas&#8230;). Mais l&#8217;intention initiale est biais\u00e9e. Ce p\u00e8re vient de \u00abjeter un froid\u00bb.<\/p>\n<p>L&#8217;effort qu&#8217;on pourrait attendre de lui, c&#8217;est de profiter du moment pr\u00e9sent, et de ranger dans un coin de sa t\u00eate qu&#8217;une le\u00e7on de grammaire sera (peut-\u00eatre) n\u00e9cessaire plus tard. Il devrait prioriser l&#8217;\u00e9treinte plut\u00f4t que la le\u00e7on&#8230; Je ne veux pas dire par-l\u00e0 qu&#8217;il a un mauvais fond. Je veux dire qu&#8217;il n&#8217;a pas su profiter de l&#8217;Energie ambiante, ou qu&#8217;il l&#8217;a inconsciemment \u00e9touff\u00e9e.<\/p>\n<h2>Retour \u00e0 notre contexte<\/h2>\n<p>Pourriez-vous \u00e9couter, sans aprioris n\u00e9gatifs, le discours d&#8217;une personne dont vous n&#8217;appr\u00e9ciez pas les id\u00e9es ? Pourriez-vous \u00e9couter les conseils d&#8217;une personne qui, selon vous, a un mauvais fond ? C&#8217;est loin d&#8217;\u00eatre \u00e9vident&#8230; M\u00eame si les id\u00e9es et les conseils sont bons, il y aura un manque d&#8217;adh\u00e9sion pr\u00e9alable.<\/p>\n<p>En se rebellant contre la formule \u00abdr\u00f4le et bon-enfant\u00bb que j&#8217;ai employ\u00e9e pour qualifier cette vid\u00e9o, Xavier (et bien d&#8217;autres lecteurs) ont c\u00e9d\u00e9 \u00e0 un biais d&#8217;appariement : ils ont attach\u00e9 de l&#8217;importance \u00e0 ma fa\u00e7on de pr\u00e9senter les choses, oubliant le fond de ma question. Ils ont \u00abjet\u00e9 un froid\u00bb&#8230; Au lieu de s&#8217;int\u00e9resser \u00e0 l&#8217;exercice, ils m&#8217;interrogent :<\/p>\n<p>&#8211; Comment pouvez-vous trouver \u00e7a dr\u00f4le ?!!<\/p>\n<p>J&#8217;aurais pu r\u00e9pondre \u00e0 chaque commentaire en solo, et \u00e9touffer l&#8217;affaire. Mais j&#8217;ai consid\u00e9r\u00e9 que la r\u00e9action de Xavier est repr\u00e9sentative d&#8217;une population plus large, et j&#8217;ai \u00e9crit collectif \u00e0 tous mes lecteurs. \u00c7a s&#8217;appelle un \u00abbiais de repr\u00e9sentativit\u00e9\u00bb. C&#8217;est mon biais \u00e0 moi ! J&#8217;estime que tout p\u00e9dagogue devrait d\u00e9velopper ce biais-l\u00e0, car la r\u00e9action de Xavier est un cadeau !<\/p>\n<p>Je n&#8217;\u00e9tais pas \u00aboblig\u00e9\u00bb de m&#8217;arr\u00eater pour Xavier et sa clique. J&#8217;aurais pu me dire \u00abTant-pis pour eux ! Ils comprennent que dalle ! Moi, j&#8217;avance !\u00bb&#8230; C&#8217;est donc par empathie que j&#8217;ai marqu\u00e9 une pause pour pacificatrice. La p\u00e9dagogie est une forme d&#8217;empathie : on se met \u00e0 la place de l&#8217;autre et on \u00e9labore une strat\u00e9gie pour l&#8217;aider \u00e0 assimiler quelque chose de complexe. On ne donne pas que de l&#8217;information, on va plus loin : on s&#8217;int\u00e9resse \u00e0 l&#8217;autre, \u00e0 la fa\u00e7on dont il appr\u00e9hende les choses. Je me suis occup\u00e9 sp\u00e9cialement de ce tuyau perc\u00e9, parce que sans cette pause, je savais que mon eau n&#8217;arriverait pas \u00e0 destination. Je tiens beaucoup \u00e0 mes lecteurs les plus fid\u00e8les, Xavier en fait partie. Je n&#8217;allais pas le laisser avec ce biais.<\/p>\n<p>En suivant mes biais p\u00e9dagogiques, j&#8217;ai pris du retard vis-\u00e0-vis de mon but initial. Mais le chemin de traverse que j&#8217;ai emprunt\u00e9 me ravit, car finalement, cet incident nous rapproche de la th\u00e9matique que je souhaitais aborder. Il y a un lien tr\u00e8s fort entre les biais cognitifs et le concept que j&#8217;aborderai la semaine prochaine. La pause empathique, ainsi que le pr\u00e9sent article sont un investissement qui me permet de pacifier, de mieux communiquer et de retrouver l&#8217;\u00e9coute de mon auditoire.<\/p>\n<p>Ce positivisme est-il r\u00e9el ou est-ce une fa\u00e7on \u00abd&#8217;arranger l&#8217;histoire\u00bb ? En r\u00e9alit\u00e9, je n&#8217;en sais rien ! Xavier, Fr\u00e9d\u00e9ric, Nathalie et bien d&#8217;autres pourront me le dire. Pour le moment, c&#8217;est un biais que l&#8217;on nomme \u00abdissonance cognitive\u00bb ! Je l&#8217;aime bien celui-l\u00e0. Voici la d\u00e9finition de WIKIPEDIA :<\/p>\n<p><b>Dissonance cognitive :<\/b> r\u00e9interpr\u00e9ter une situation pour \u00e9liminer les contradictions.<\/p>\n<p>Un tr\u00e8s bel outil d&#8217;auto-coaching !<\/p>\n<p>Je termine cet article en souhaitant BONNE FETE \u00e0 tous les amoureux.<\/p>\n<p>Voici une vid\u00e9o sur un merveilleux biais :<\/p>\n<iframe loading=\"lazy\" title=\"Hannah Brencher: Hannah Brencher: Des lettres d&#039;amour \u00e0 des inconnus\" src=\"https:\/\/embed.ted.com\/talks\/lang\/fr\/hannah_brencher_love_letters_to_strangers\" width=\"1165\" height=\"656\" frameborder=\"0\" scrolling=\"no\" webkitAllowFullScreen mozallowfullscreen allowFullScreen><\/iframe>\n<p>A++<\/p>\n<p><strong>St\u00e9phane SOLOMON<\/strong><\/p>\n<!--themify_builder_content-->\n<div id=\"themify_builder_content-1179\" data-postid=\"1179\" class=\"themify_builder_content themify_builder_content-1179 themify_builder tf_clear\">\n    <\/div>\n<!--\/themify_builder_content-->","protected":false},"excerpt":{"rendered":"<p>Cet article fait suite \u00e0 l&#8217;incident \u00abcam\u00e9ra cach\u00e9e\u00bb : Il y a 3 semaines, j&#8217;ai mis en ligne une vid\u00e9o intitul\u00e9e \u00abcam\u00e9ra cach\u00e9e\u00bb, dans le but d&#8217;expliquer un concept de coaching. Un concept qui reste \u00e0 d\u00e9couvrir car cette vid\u00e9o a provoqu\u00e9 une vive \u00e9motion qui a retard\u00e9 l&#8217;envoi du deuxi\u00e8me volet. Nous avons marqu\u00e9 [&hellip;]<\/p>\n","protected":false},"author":1,"featured_media":0,"parent":0,"menu_order":0,"comment_status":"open","ping_status":"open","template":"","meta":[],"builder_content":"","_links":{"self":[{"href":"https:\/\/auto-coaching.fr\/index.php\/wp-json\/wp\/v2\/pages\/1179"}],"collection":[{"href":"https:\/\/auto-coaching.fr\/index.php\/wp-json\/wp\/v2\/pages"}],"about":[{"href":"https:\/\/auto-coaching.fr\/index.php\/wp-json\/wp\/v2\/types\/page"}],"author":[{"embeddable":true,"href":"https:\/\/auto-coaching.fr\/index.php\/wp-json\/wp\/v2\/users\/1"}],"replies":[{"embeddable":true,"href":"https:\/\/auto-coaching.fr\/index.php\/wp-json\/wp\/v2\/comments?post=1179"}],"version-history":[{"count":9,"href":"https:\/\/auto-coaching.fr\/index.php\/wp-json\/wp\/v2\/pages\/1179\/revisions"}],"predecessor-version":[{"id":5513,"href":"https:\/\/auto-coaching.fr\/index.php\/wp-json\/wp\/v2\/pages\/1179\/revisions\/5513"}],"wp:attachment":[{"href":"https:\/\/auto-coaching.fr\/index.php\/wp-json\/wp\/v2\/media?parent=1179"}],"curies":[{"name":"wp","href":"https:\/\/api.w.org\/{rel}","templated":true}]}}