{"id":1229,"date":"2014-03-13T09:53:44","date_gmt":"2014-03-13T07:53:44","guid":{"rendered":"http:\/\/www.auto-coaching.fr\/?page_id=1229"},"modified":"2014-03-13T10:03:17","modified_gmt":"2014-03-13T08:03:17","slug":"situation-de-crise-3-4","status":"publish","type":"page","link":"https:\/\/auto-coaching.fr\/index.php\/situation-de-crise-3-4\/","title":{"rendered":"Situation de crise 3\/4"},"content":{"rendered":"<p>Nous voici au volet 3 de notre \u00abnouvelle d&#8217;entreprise\u00bb. Ces deux derniers jours nous avons explor\u00e9 le monde int\u00e9rieur de Martine, puis celui de Julien pour expliquer les pr\u00e9mices d&#8217;une situation de crise. Il s&#8217;agit l\u00e0 d&#8217;un exemple. Il y a une multitude de raisons pour lesquelles une relation peut mal s&#8217;initier ou s&#8217;envenimer. Et quand on les conna\u00eet, on peut les \u00e9viter ou mieux les contr\u00f4ler.  <\/p>\n<p>Le simple fait de savoir qu&#8217;il vous est possible d&#8217;assimiler une personne innocente \u00e0 votre tante tyrannique peut vous aider \u00e0 \u00e9viter un conflit qui n&#8217;a pas lieu d&#8217;exister. Tout le monde fait ce genre de transfert, mais sans le savoir, et donc sans chercher \u00e0 comprendre.  <\/p>\n<p>L&#8217;inverse existe aussi : Martine trouve Julien adorable au moment de leur rencontre. Elle tombe exactement dans le m\u00eame pi\u00e8ge. Je ne le dis pas dans mon texte (je suis souvent cachotier), mais cette crise prend racine dans ces \u00abtransferts\u00bb mutuels.  <\/p>\n<p>Voyons la suite de l&#8217;histoire :  <\/p>\n<p>Quelques semaines apr\u00e8s son embauche, Julien oublie son badge \u00e0 la maison, et demande \u00e0 Martine si elle peut lui pr\u00eater le sien pour un caf\u00e9&#8230; Martine lui r\u00e9pond :  <\/p>\n<div class=\"dialogue\">\n<p>&#8211; Je croyais que tu voulais te cantonner \u00e0 une relation strictement professionnelle, et l\u00e0, tu me demandes un service personnel !  <\/p>\n<p>&#8211; Mais avec le badge, le caf\u00e9 ne te co\u00fbte que quelques centimes ! Si je devais payer mon caf\u00e9 plein pot, c&#8217;est 60 cts&#8230; Je te demande un simple service !  <\/p>\n<p>&#8211; Tu n&#8217;as qu&#8217;\u00e0 \u00eatre moins distrait, ou alors te montrer plus sympathique d&#8217;une mani\u00e8re g\u00e9n\u00e9rale&#8230; C&#8217;est facile de venir demander des choses aux gens seulement quand tu as besoin d&#8217;eux, et de les bouder le reste du temps. <\/p>\n<\/div>\n<p>Julien hausse les \u00e9paules et retourne \u00e0 son poste.  <\/p>\n<p>Cet apr\u00e8s-midi-l\u00e0, il commettra une grave erreur professionnelle qui paralysera l&#8217;ensemble du Service Qualit\u00e9 pendant 2 heures. Une fois l&#8217;incident r\u00e9solu, Martine sera convoqu\u00e9e par la Direction pour expliquer l&#8217;incident, Qualit\u00e9 oblige&#8230; Elle d\u00e9crira la situation \u00e0 son chef, qui demandera \u00e0 Julien de s\u2019expliquer. Celui-ci balbutiera qu&#8217;il est \u00e9puis\u00e9, et que Martine n&#8217;a m\u00eame pas voulu lui pr\u00eater son badge pour un caf\u00e9.  <\/p>\n<div class=\"dialogue\">\n<p>&#8211; Avec un peu plus de caf\u00e9ine dans le corps, je n&#8217;aurais pas commis cette erreur ! <\/p>\n<\/div>\n<p>De nombreux t\u00e9moins confirmeront le comportement radical de Martine. Elle devra encore se justifier&#8230; Tout en se d\u00e9fendant, elle d\u00e9fendra aussi Julien qu&#8217;elle prend en piti\u00e9&#8230; Elle se rend compte \u00e0 quel point son attitude est victimaire. Il reporte syst\u00e9matiquement la responsabilit\u00e9 sur \u00ables autres\u00bb, et ce n&#8217;\u00e9tait pas la premi\u00e8re fois&#8230; Elle d\u00e9cide de redoubler d&#8217;attention pour l&#8217;aider \u00e0 mieux percevoir le syst\u00e8me qu&#8217;il a int\u00e9gr\u00e9. Mais pendant qu&#8217;elle y r\u00e9fl\u00e9chit, son chef passe un coup de fil \u00e0 Richard de la DRH pour qu&#8217;il mette fin \u00e0 la plaisanterie :  <\/p>\n<div class=\"dialogue\">\n<p>&#8211; Nous n&#8217;avons pas besoin d&#8217;un stagiaire qui fait des bourdes en faisant porter le chapeau aux autres ! Surtout pas au Service Qualit\u00e9 ! <\/p>\n<\/div>\n<p>Richard d\u00e9cide de confier le gar\u00e7on \u00e0 St\u00e9phane du Marketing. Martine demande une audience sp\u00e9ciale pour \u00absauver son prot\u00e9g\u00e9\u00bb&#8230;  <\/p>\n<div class=\"dialogue\">\n<p>&#8211; Non ! Pas St\u00e9phane ! il n&#8217;en fera qu&#8217;une bouch\u00e9e ! Ne le laissez pas partir avec lui&#8230; D&#8217;autant qu&#8217;on lance un nouveau produit en ce moment, et dans ces p\u00e9riodes, il \u00e9crase tout le monde sur son passage, ne pensant qu&#8217;\u00e0 faire du chiffre ! Laissez-moi Julien pour une seconde chance, et je vais arranger tout \u00e7a ! il y a forc\u00e9ment une solution&#8230; <\/p>\n<\/div>\n<p>Le comportement de Martine para\u00eet de plus en plus \u00e9trange \u00e0 Richard. Julien lui-m\u00eame dit qu\u2019il pr\u00e9f\u00e8re mille fois partir avec un inconnu plut\u00f4t que de rester au Service Qualit\u00e9 avec des gens qui ne sont pas gentils avec lui ! Martine commence \u00e0 se sentir mal. Sa poitrine se bloque et sa respiration devient haletante. Apr\u00e8s une journ\u00e9e d&#8217;observation \u00e0 l&#8217;h\u00f4pital on diagnostique une crise d&#8217;angoisse. \u00abPlus de peur que de mal\u00bb, dira le m\u00e9decin&#8230; Mais la peur n&#8217;est-elle pas un mal ? Surtout lorsqu&#8217;il y en a PLUS que de raison ?  <\/p>\n<p>Martine prendra 21 jours de cong\u00e9 maladie. En reprenant son poste, elle aura l&#8217;impression de vivre une r\u00e9insertion professionnelle. C&#8217;est gr\u00e2ce au soutien d&#8217;un coll\u00e8gue qu&#8217;elle parviendra \u00e0 se d\u00e9faire de sa culpabilit\u00e9. Il la sortira de sa zone de confort, la rendant ainsi plus forte !  <\/p>\n<p>Mais \u00e7a, je vous en parlerai demain. Aujourd&#8217;hui, je voudrais vous parler d&#8217;autre chose :  <\/p>\n<h2>L&#8217;acte manqu\u00e9<\/h2>\n<p>Un acte manqu\u00e9 est un rat\u00e9 dans une action, r\u00e9v\u00e9lateur d&#8217;un conflit inconscient. La notion a \u00e9t\u00e9 propos\u00e9e par Freud au d\u00e9but du XXe si\u00e8cle (<a href=\"http:\/\/fr.wikipedia.org\/wiki\/Acte_manqu%C3%A9\">wikip\u00e9dia<\/a>).  <\/p>\n<p>Attention au terme \u00abconflit\u00bb. On parle ici de conflit int\u00e9rieur, pas de deux personnes qui se tapent sur la gueule. Lorsqu&#8217;on lit Freud, il convient de se rappeler dans quel contexte on se trouve. C&#8217;est d&#8217;ailleurs la m\u00eame chose avec moi : lorsque je vous parle de \u00abrecadrage\u00bb, il convient de vous rappeler que nous sommes dans un coaching. Idem lorsque je vous parle de vos \u00abbiais\u00bb : ce n&#8217;est pas pour traiter mes lecteurs de ben\u00eats, mais pour les aider \u00e0 se rappeler que l&#8217;\u00eatre humain est irrationnel.  <\/p>\n<p>Julien commet deux actes manqu\u00e9s :  <\/p>\n<ul>\n<li>Le premier est plut\u00f4t positif. Il oublie son badge POUR se rapprocher de Martine. Comment puis-je le dire avec autant de certitude ? C&#8217;est simple ! C&#8217;est moi qui ai invent\u00e9 cette histoire, donc j&#8217;\u00e9cris ce que je veux ! Donc oui, Julien aurait pu oublier son badge parce qu&#8217;il a chang\u00e9 de blouson&#8230; Mais l\u00e0, dans cette histoire, il est dans un conflit int\u00e9rieur : il reconna\u00eet que Martine n&#8217;est pas mauvaise et qu&#8217;elle a essay\u00e9 maintes fois d&#8217;ouvrir le dialogue avec lui, et son inconscient lui dit d&#8217;oublier son badge \u00e0 la maison, ce qui lui permettra de demander quelque chose \u00e0 Martine\u2026 <\/li>\n<li>Le deuxi\u00e8me acte manqu\u00e9 est son erreur professionnelle. Il est tellement d\u00e9\u00e7u par la r\u00e9action de Martine, qu&#8217;il d\u00e9cide de mettre les voiles. Mais comment faire ? Il ne peut pas partir, il veut qu&#8217;on le fasse partir ! Pour Julien, ce n&#8217;est jamais lui qui d\u00e9cide, c&#8217;est \u00ables autres\u00bb. Il cr\u00e9e donc une situation qui correspond \u00e0 ses croyances. Connaissant les rouages du syst\u00e8me qu&#8217;il a int\u00e9gr\u00e9, son subconscient lui montre la porte de sortie : la faute professionnelle ! Elle se terminera soit par un licenciement, soit par un changement de Service, s&#8217;il arrive \u00e0 la jouer plus finement. <\/li>\n<\/ul>\n<p>Je rappelle (c&#8217;est important), que Julien n&#8217;est pas conscient de tout \u00e7a. Il ne le fait pas expr\u00e8s. L&#8217;acte manqu\u00e9, c&#8217;est un \u00abautre moi\u00bb qui le provoque, mais il le fait pour moi&#8230; Cet \u00abautre moi\u00bb n&#8217;est pas toujours bien avis\u00e9, surtout s&#8217;il a \u00e9t\u00e9 \u00e9rod\u00e9 par une tante tyrannique. Mais il ne faut pas s&#8217;attendre \u00e0 ce qu&#8217;il reste immobile : si je ne sais pas comment faire, mon autre moi agira \u00e0 ma place&#8230; C&#8217;est un fonceur ! Il ne procrastine jamais&#8230;  <\/p>\n<p>Martine ne constate pas l&#8217;acte manqu\u00e9 de Julien. Pourtant, elle conna\u00eet le principe : elle l&#8217;a appris, \u00e9tudi\u00e9, v\u00e9cu, exp\u00e9riment\u00e9&#8230; Et l\u00e0, au moment d&#8217;appliquer son savoir, elle se laisse berner par ses \u00e9motions : une sorte d&#8217;esprit revanchard qui surprend son \u00e9quipe, et qui la surprend aussi a posteriori. Ca ne lui ressemble pas !  <\/p>\n<p>Martine s&#8217;enfonce&#8230; Comment en est-elle arriv\u00e9e l\u00e0 ? Qu&#8217;est-ce qui a pos\u00e9 un voile sur sa perception ? Mais putain de bordel de merde, Martine&#8230; Julien voulait prendre un caf\u00e9 avec toi !  <\/p>\n<p>Je suis rarement grossier dans mes articles. Mais sur ce coup-l\u00e0, elle m&#8217;a trop \u00e9nerv\u00e9 !  <\/p>\n<p>Martine prend conscience de sa part de responsabilit\u00e9, mais un peu tard : la revoici dans le bureau de Richard, en train de d\u00e9fendre le petit poucet qu&#8217;elle a livr\u00e9 \u00e0 l&#8217;ogre sur un plateau d&#8217;argent : \u00abil n&#8217;en fera qu&#8217;une bouch\u00e9e\u00bb&#8230; Elle a provoqu\u00e9 ce qu&#8217;elle craignait le plus : retour \u00e0 la case d\u00e9part ! Mais cette fois-ci les r\u00e8gles ont chang\u00e9. Lorsque l&#8217;autorit\u00e9 ne lui laisse plus le choix, elle perd pied, elle s&#8217;excite, elle s&#8217;\u00e9puise, elle s&#8217;\u00e9croule&#8230;  <\/p>\n<p>Comment cette histoire va se terminer ? Je vous le raconterai demain, puis je vous livrerai la vid\u00e9o de la semaine pour illustrer mes propos.  <\/p>\n<p>A++  <\/p>\n<p><strong>St\u00e9phane SOLOMON<\/strong><\/p>\n<!--themify_builder_content-->\n<div id=\"themify_builder_content-1229\" data-postid=\"1229\" class=\"themify_builder_content themify_builder_content-1229 themify_builder tf_clear\">\n    <\/div>\n<!--\/themify_builder_content-->\n","protected":false},"excerpt":{"rendered":"<p>Nous voici au volet 3 de notre \u00abnouvelle d&#8217;entreprise\u00bb. Ces deux derniers jours nous avons explor\u00e9 le monde int\u00e9rieur de Martine, puis celui de Julien pour expliquer les pr\u00e9mices d&#8217;une situation de crise. Il s&#8217;agit l\u00e0 d&#8217;un exemple. Il y a une multitude de raisons pour lesquelles une relation peut mal s&#8217;initier ou s&#8217;envenimer. Et [&hellip;]<\/p>\n","protected":false},"author":1,"featured_media":0,"parent":0,"menu_order":0,"comment_status":"open","ping_status":"open","template":"","meta":[],"builder_content":"","_links":{"self":[{"href":"https:\/\/auto-coaching.fr\/index.php\/wp-json\/wp\/v2\/pages\/1229"}],"collection":[{"href":"https:\/\/auto-coaching.fr\/index.php\/wp-json\/wp\/v2\/pages"}],"about":[{"href":"https:\/\/auto-coaching.fr\/index.php\/wp-json\/wp\/v2\/types\/page"}],"author":[{"embeddable":true,"href":"https:\/\/auto-coaching.fr\/index.php\/wp-json\/wp\/v2\/users\/1"}],"replies":[{"embeddable":true,"href":"https:\/\/auto-coaching.fr\/index.php\/wp-json\/wp\/v2\/comments?post=1229"}],"version-history":[{"count":2,"href":"https:\/\/auto-coaching.fr\/index.php\/wp-json\/wp\/v2\/pages\/1229\/revisions"}],"predecessor-version":[{"id":1231,"href":"https:\/\/auto-coaching.fr\/index.php\/wp-json\/wp\/v2\/pages\/1229\/revisions\/1231"}],"wp:attachment":[{"href":"https:\/\/auto-coaching.fr\/index.php\/wp-json\/wp\/v2\/media?parent=1229"}],"curies":[{"name":"wp","href":"https:\/\/api.w.org\/{rel}","templated":true}]}}