{"id":1336,"date":"2014-03-27T20:00:00","date_gmt":"2014-03-27T18:00:00","guid":{"rendered":"http:\/\/www.auto-coaching.fr\/?page_id=1336"},"modified":"2014-03-28T09:09:11","modified_gmt":"2014-03-28T07:09:11","slug":"appliquez-ce-que-vous-decouvrez","status":"publish","type":"page","link":"https:\/\/auto-coaching.fr\/index.php\/appliquez-ce-que-vous-decouvrez\/","title":{"rendered":"Appliquez ce que vous d&eacute;couvrez"},"content":{"rendered":"<p>Comme je vous l&#8217;ai dit dans mon pr\u00e9c\u00e9dent article, cette saga sur le PWYW n&#8217;est pas qu&#8217;une campagne pour vous faire payer ce que vous voulez. Tout en menant l&#8217;op\u00e9ration, je partage mon sentiment avec vous sous le prisme de l&#8217;auto-coach. Je ne peux pas vous parler que d&#8217;argent, car l&#8217;exp\u00e9rience est trop riche.<\/p>\n<p>Forc\u00e9ment, je suis plus au courant que vous de mon plan. Par exemple, peu de gens sont dans la confidence, mais le PWYW est aussi une vaste campagne de d\u00e9sabonnement ! Car lorsque vous tentez de donner de la valeur \u00e0 quelque chose que vous poss\u00e9dez depuis longtemps, il peut arriver que vous lui affectiez la valeur ZERO ! Dans ce cas, il convient de vous en d\u00e9tacher. Ca vous fera gagner beaucoup de temps !<\/p>\n<p>Vous pouvez le faire avec tout un tas d&#8217;objets autour de vous. Vous verrez, \u00e7a fait de l&#8217;espace. L&#8217;espace et le temps sont directement li\u00e9s.<\/p>\n<p>J&#8217;ai d\u00e9couvert cette vertu du PWYW l&#8217;ann\u00e9e derni\u00e8re, par S\u00e9rendipit\u00e9 : \u00e0 l&#8217;\u00e9poque, j&#8217;avais la conviction que le PWYW allait marcher comme sur des roulettes, et qu&#8217;en 2 mails, j&#8217;allais pouvoir rassembler l&#8217;argent n\u00e9cessaire \u00e0 mes projets. J&#8217;avais plein de projets pour TIME-COACH&#8230; Mais Plouf ! J\u2019ai \u00e9t\u00e9 tr\u00e8s d\u00e9\u00e7u. 2 mails n\u2019ont pas suffi. Il a fallu toute une campagne !<\/p>\n<p>J\u2019ai donc envoy\u00e9 une s\u00e9rie d\u2019articles pour convaincre (comme cette ann\u00e9e). Et en deux semaines, j\u2019ai enregistr\u00e9 des r\u00e8glements, mais aussi des d\u00e9sinscriptions : 263 au total. C\u2019est \u00e9norme ! En g\u00e9n\u00e9ral, un article provoque entre 3 et 5 d\u00e9parts. Mais l\u00e0, je comptais les d\u00e9parts par dizaines \u00e0 chaque envoi !<\/p>\n<p>J&#8217;ai observ\u00e9 les profils des personnes qui prenaient la poudre d&#8217;escampette : \u00e0 part 4 exceptions, aucun de ces \u00ablecteurs\u00bb n&#8217;avait particip\u00e9 \u00e0 un programme payant ni m\u00eame comment\u00e9 un article. Il s&#8217;agissait de personnes qui se sont install\u00e9es l\u00e0 par habitude, juste parce que c&#8217;\u00e9tait gratuit. Ce qui est tr\u00e8s mauvais pour moi, comme pour eux.<\/p>\n<p>Cette ann\u00e9e, j&#8217;ai d\u00e9j\u00e0 enregistr\u00e9 104 d\u00e9sinscriptions en 3 semaines. Avec le pr\u00e9sent article, je suis s\u00fbr que je vais aider encore beaucoup de lecteurs \u00e0 se d\u00e9lester de quelque chose d&#8217;inutile. Parce que la \u00abquestion d\u2019argent\u00bb nous ram\u00e8ne automatiquement vers cette question :<\/p>\n<ul>\n<li>Est-ce vraiment utile dans ma vie ? Si oui, qu&#8217;est-ce que je suis pr\u00eat \u00e0 c\u00e9der en \u00e9change ?<\/li>\n<\/ul>\n<p>Comme je vous l&#8217;ai d\u00e9j\u00e0 dit, le fait que vous ne participiez pas au PWYW ne va pas vous priver de TIME-COACH. Mais qu&#8217;est-ce qui vous int\u00e9resse ?<\/p>\n<ul>\n<li>Gagner ?<\/li>\n<\/ul>\n<p>ou<\/p>\n<ul>\n<li>Ne pas perdre ?<\/li>\n<\/ul>\n<p>Si vous gardez TIME-COACH pour \u00abne pas le perdre\u00bb, mon travail ne vaut rien ! Je ne dis pas \u00e7a par m\u00e9sestime de mon travail. Je dis \u00e7a parce que c\u2019est vrai pour toute chose. On peut h\u00e9siter 2 ou 3 mois, esp\u00e9rant que la situation va changer, que quelque chose va se r\u00e9v\u00e9ler&#8230; Mais quand \u00e7a vaut z\u00e9ro trop longtemps, chaque lecture devient une perte de temps : une procrastination.<\/p>\n<p>Parfois, en quittant TIME-COACH, on m&#8217;envoie un petit mot. Soit pour me dire merci (\u00e7a arrive), soit pour me dire que le d\u00e9part n&#8217;est pas d\u00fb \u00e0 une d\u00e9cision de leur part, mais \u00e0 mon attitude v\u00e9nale&#8230; Ce qui nous ram\u00e8ne au locus externe : <strong>ce n&#8217;est pas moi qui m&#8217;en vais, c&#8217;est vous qui me faites partir !<\/strong><\/p>\n<p><span style=\"color: #000000; font-weight: bold;\">Un exemple de courrier (re\u00e7u la semaine derni\u00e8re) :<\/span><\/p>\n<div class=\"dialogue\">\n<p>St\u00e9phane,<\/p>\n<p>Je me sens malheureusement oblig\u00e9 de vous quitter, car votre dernier combat d\u00e9passe les bornes. Je vous trouve arrogant et manipulateur. Vous nous culpabilisez avec votre PWYW ! Je ne vous reconnais plus. J&#8217;ai beaucoup aim\u00e9 vos articles sur le bonhomme de neige, vos rapports avec vos enfants, votre arbre, votre soutien aux handicap\u00e9s, et m\u00eame, plus r\u00e9cemment, le droit \u00e0 l&#8217;erreur. Mais cette po\u00e9sie ne suffit pas pour me retenir face \u00e0 vos \u00e9lucubrations financi\u00e8res. \u00c7a ne regarde que vous !<\/p>\n<p>Je ne voulais pas partir sans vous laisser un petit mot d\u00e9crivant le sentiment amer que je ressens \u00e0 cause de vous. J&#8217;esp\u00e8re que cela vous fera r\u00e9fl\u00e9chir, et que vous vous rendrez compte qu&#8217;\u00e0 ce jeu, vous perdez plus que vous ne gagnez.<\/p>\n<p>Cordialement,<\/p>\n<p>F.<\/p>\n<\/div>\n<p>F. est revenu le lendemain ! Je lui ai \u00e9crit un billet-doux \u00e0 ma mani\u00e8re et il m&#8217;a demand\u00e9 de le r\u00e9inscrire&#8230; Vous voulez lire ce billet ? OK ! J\u2019esp\u00e8re que \u00e7a va payer (ce que vous voulez) :<\/p>\n<div class=\"dialogue\">\n<p>Cher F.,<\/p>\n<p>Mon article intitul\u00e9 \u00abLe Bonheur de Neige\u00bb que vous avez tant aim\u00e9 \u00e9tait une fa\u00e7on d&#8217;introduire un concept complexe que l&#8217;on nomme la \u00abmanipulation gagnant\/gagnant\u00bb. Vous n&#8217;y avez vu que de la po\u00e9sie (vous n\u2019\u00eates pas le seul) mais il y avait bien plus ! Avec le PWYW, je suis en pleine manipulation gagnant\/gagnant. J&#8217;ose l&#8217;aventure, parce que j&#8217;ai ador\u00e9 ce que j&#8217;ai \u00e9crit sur le Bonheur de Neige : je me suis trouv\u00e9 inspirant ! Je ne dis pas \u00e7a par arrogance, mais parce que l&#8217;estime que j&#8217;ai de moi me permet de m&#8217;exprimer avec assurance. On confond souvent arrogance et estime de soi. C&#8217;est une erreur ! Mais vous avez droit \u00e0 l&#8217;erreur&#8230;<\/p>\n<p>Durant les f\u00eates de fin d&#8217;ann\u00e9e, certains lecteurs sont partis, parce qu&#8217;ils consid\u00e9raient que je racontais trop ma vie, et que mes rapports avec mes enfants ne regardent que moi ! Vous, \u00e7a vous plait&#8230; Qu&#8217;est-ce que je vais bien pouvoir faire de tout ce beau monde ? Je ne peux pas plaire \u00e0 tout le monde tout le temps&#8230;<\/p>\n<p>J&#8217;ai pris la r\u00e9solution de ne pas me fier aux r\u00e9actions des personnes qui partent, mais plut\u00f4t de me baser sur les r\u00e9flexions des lecteurs qui restent ! Comment voulez-vous que je vous prenne au s\u00e9rieux ? Voil\u00e0 3 ans que vous me lisez et que je vous plais&#8230; Mais je ne vois aucune inscription aux programmes payants, ni aucune r\u00e9action enthousiaste dans le blog ou par mail. Pas un mot depuis 3 ans ! Mais soudainement, lorsque vous \u00eates indign\u00e9, vous d\u00e9cidez de communiquer avec moi&#8230; C&#8217;est tr\u00e8s tr\u00e8s loin des pratiques et des id\u00e9es que je partage dans TIME-COACH. Etes-vous s\u00fbr que vous b\u00e9n\u00e9ficiez de mes partages ?<\/p>\n<p>Le billet sur mon arbre \u00e9tait une fa\u00e7on de parler de moi, de mes croyances, de mes convictions, de mes valeurs, des changements profonds, et des actions que tout ceci pouvait g\u00e9n\u00e9rer inconsciemment d&#8217;abord (dans ma jeunesse), puis consciemment en m&#8217;affirmant \u00e0 l&#8217;\u00e2ge adulte. 17 personnes m&#8217;ont quitt\u00e9 consid\u00e9rant que j&#8217;\u00e9tais \u00abhors sujet\u00bb. Vous, vous en voulez davantage !<\/p>\n<p>Je n&#8217;ai jamais \u00e9crit un article de soutien aux handicap\u00e9s, mais c&#8217;est une id\u00e9e ! Si vous faites r\u00e9f\u00e9rence \u00e0 la vid\u00e9o concernant Nick VUJICIC, il me semble l&#8217;avoir pr\u00e9sent\u00e9 comme un mod\u00e8le \u00e0 suivre, un homme inspirant et non comme un handicap\u00e9. Je ne regarde pas sa vid\u00e9o par condescendance, je l&#8217;observe pour me nourrir d&#8217;\u00e9nergie ! Il m&#8217;inspire !<\/p>\n<p>Quant au droit \u00e0 l&#8217;erreur, je suis heureux que cela vous ait plu, mais je suis \u00e9tonn\u00e9 de votre r\u00e9action quelques jours plus tard. En une question vous auriez pu \u00e9viter votre d\u00e9sinscription. Voici cette question :<\/p>\n<p><strong>&#8211; Et si le PWYW \u00e9tait une erreur ?<\/strong><\/p>\n<p>J\u2019ai commis une erreur avec cette op\u00e9ration ? Et alors ??? Puisque mon article sur le droit \u00e0 l\u2019erreur vous convient, faites ce qui y est \u00e9crit ! Souriez-moi au lieu de m\u2019envoyer votre sentiment amer&#8230; Arr\u00eatez de croire que les po\u00e8tes ne font que de la po\u00e9sie, et faites-le !<\/p>\n<p>Donnez-moi droit \u00e0 l&#8217;erreur, et vous y aurez droit aussi !<\/p>\n<p><strong>St\u00e9phane SOLOMON<\/strong><\/p>\n<\/div>\n<p>F. m&#8217;a demand\u00e9 de le r\u00e9inscrire&#8230; Je n\u2019ai pas encore vu passer sa contribution, mais il a reconnu mon erreur et j&#8217;ai reconnu la sienne. Ca continue entre nous&#8230;<\/p>\n<div style=\"text-align: center; margin-top: 80px;\"><a href=\"http:\/\/www.inscription-minute.fr\/solution.aspx?code=PWYW1376&amp;origine=appliquez\"><img decoding=\"async\" loading=\"lazy\" style=\"border-width: 0px; border-color: white;\" alt=\"Payez ce que vous voulez\" src=\"http:\/\/www.inscription-minute.fr\/adherents\/logoPwyw.jpg\" width=\"230\" height=\"115\" longdesc=\"Payez ce que vous voulez\" border=\"0\" \/><br \/>\nPayez ce que vous voulez<\/a><\/div>\n<p>A++<\/p>\n<p><strong>St\u00e9phane SOLOMON<\/strong><\/p>\n<!--themify_builder_content-->\n<div id=\"themify_builder_content-1336\" data-postid=\"1336\" class=\"themify_builder_content themify_builder_content-1336 themify_builder tf_clear\">\n    <\/div>\n<!--\/themify_builder_content-->\n","protected":false},"excerpt":{"rendered":"<p>Comme je vous l&#8217;ai dit dans mon pr\u00e9c\u00e9dent article, cette saga sur le PWYW n&#8217;est pas qu&#8217;une campagne pour vous faire payer ce que vous voulez. Tout en menant l&#8217;op\u00e9ration, je partage mon sentiment avec vous sous le prisme de l&#8217;auto-coach. Je ne peux pas vous parler que d&#8217;argent, car l&#8217;exp\u00e9rience est trop riche. Forc\u00e9ment, [&hellip;]<\/p>\n","protected":false},"author":1,"featured_media":0,"parent":0,"menu_order":0,"comment_status":"open","ping_status":"open","template":"","meta":[],"builder_content":"","_links":{"self":[{"href":"https:\/\/auto-coaching.fr\/index.php\/wp-json\/wp\/v2\/pages\/1336"}],"collection":[{"href":"https:\/\/auto-coaching.fr\/index.php\/wp-json\/wp\/v2\/pages"}],"about":[{"href":"https:\/\/auto-coaching.fr\/index.php\/wp-json\/wp\/v2\/types\/page"}],"author":[{"embeddable":true,"href":"https:\/\/auto-coaching.fr\/index.php\/wp-json\/wp\/v2\/users\/1"}],"replies":[{"embeddable":true,"href":"https:\/\/auto-coaching.fr\/index.php\/wp-json\/wp\/v2\/comments?post=1336"}],"version-history":[{"count":19,"href":"https:\/\/auto-coaching.fr\/index.php\/wp-json\/wp\/v2\/pages\/1336\/revisions"}],"predecessor-version":[{"id":1355,"href":"https:\/\/auto-coaching.fr\/index.php\/wp-json\/wp\/v2\/pages\/1336\/revisions\/1355"}],"wp:attachment":[{"href":"https:\/\/auto-coaching.fr\/index.php\/wp-json\/wp\/v2\/media?parent=1336"}],"curies":[{"name":"wp","href":"https:\/\/api.w.org\/{rel}","templated":true}]}}