{"id":1358,"date":"2014-03-28T15:59:45","date_gmt":"2014-03-28T13:59:45","guid":{"rendered":"http:\/\/www.auto-coaching.fr\/?page_id=1358"},"modified":"2016-02-11T00:29:03","modified_gmt":"2016-02-10T22:29:03","slug":"quel-est-votre-handicap","status":"publish","type":"page","link":"https:\/\/auto-coaching.fr\/index.php\/quel-est-votre-handicap\/","title":{"rendered":"Quel est votre handicap ?"},"content":{"rendered":"<p>Si vous avez d\u00e9j\u00e0 jou\u00e9 au golf avec des joueurs r\u00e9guliers, on vous a s\u00fbrement pos\u00e9 cette question :<\/p>\n<blockquote><p>Quel est votre handicap ?<\/p><\/blockquote>\n<p>La premi\u00e8re fois \u00e7a surprend !<\/p>\n<p>Cette notion de \u00abhandicap de jeu\u00bb est tr\u00e8s int\u00e9ressante. Le terme choisi est-il une simple fantaisie ? S\u00fbrement pas&#8230; Ce mot a une v\u00e9ritable dimension sociale (dans le r\u00e9seau concern\u00e9), et \u00e0 force de l&#8217;utiliser et de tenter de le surmonter, la plupart des golfeurs ont une toute autre vision sur le handicap en g\u00e9n\u00e9ral.<\/p>\n<p>Je vous donne trois r\u00e9flexions qui me viennent :<\/p>\n<h2>Tout le monde part avec un handicap<\/h2>\n<p>M\u00eame les plus grands champions ont un handicap. Ce qui signifie qu&#8217;au golf, le handicap n&#8217;est pas consid\u00e9r\u00e9 comme une \u00abanomalie\u00bb ou un d\u00e9ficit, mais comme quelque chose de tout \u00e0 fait normal. Le calcul du handicap est relativement compliqu\u00e9, car il d\u00e9pend d&#8217;une multitude de param\u00e8tres. On utilise parfois des calculettes sp\u00e9ciales pour r\u00e9soudre l\u2019\u00e9quation. Sur les parcours de comp\u00e9tition, avec des golfeurs professionnels, on se sert de logiciels ! Le handicap n&#8217;est pas binaire.<\/p>\n<p>C&#8217;est \u00e9galement ainsi dans <b>la vraie vie<\/b> : quelle que soit l&#8217;activit\u00e9 que vous allez entreprendre, vous partez avec un handicap. La plupart des \u00abnon-joueurs\u00bb se sentent juste incapables (c&#8217;est du binaire pour eux : OUI ou NON). Mais les \u00abjoueurs de la vie\u00bb savent tr\u00e8s bien que l&#8217;\u00e9quation est bien plus \u00e9volu\u00e9e. Ils entrent dans le jeu avec leur handicap. Ils font avec&#8230;<\/p>\n<h2>Le handicap d\u00e9pend du parcours<\/h2>\n<p>Si vous n&#8217;avez jamais jou\u00e9 au golf, vous ne pourrez pas calculer votre handicap. Le handicap d\u00e9pend des parcours sur lesquels vous avez \u00e9volu\u00e9s par le pass\u00e9. Mais ce n&#8217;est pas tout : il y a des parcours \u00e0 difficult\u00e9 sensiblement \u00e9gale. Ce qui signifie qu&#8217;en connaissant votre handicap suite \u00e0 un parcours r\u00e9ellement effectu\u00e9, vous pouvez estimer votre handicap sur un parcours \u00e0 venir. M\u00eame si vous n&#8217;y avez jamais mis le pieds.<\/p>\n<p>Ca va encore plus loin : la plupart des parcours ont 4 points de d\u00e9part. Ce qui fait que chaque joueur peut avoir jusqu&#8217;\u00e0 4 handicaps possibles sur le m\u00eame parcours. Tout d\u00e9pend du point d\u2019entr\u00e9e.<\/p>\n<p>Je vous laisse adapter ce concept \u00e0 <b>la vraie vie<\/b> : un professionnel pourrait \u00e9crire tout un livre.<\/p>\n<h2>Chaque joueur est conscient de son handicap<\/h2>\n<p>Je parle de joueurs qui veulent vraiment jouer ! Les joueurs occasionnels, parachut\u00e9s sur le parcours \u00abpar hasard\u00bb pourraient m\u00eame s&#8217;offusquer d&#8217;entendre le mot \u00abhandicap\u00bb employ\u00e9 \u00e0 leur \u00e9gard. Ils pr\u00e9f\u00e8reraient qu&#8217;on utilise le mot \u00abniveau\u00bb, et vont se bloquer d\u00e8s qu&#8217;on tentera de r\u00e9duire leur handicap : ils rejetteront les techniques. Mais s\u2019ils acceptent leur handicap, le jeu sera plus agr\u00e9able et l\u2019exp\u00e9rience plus riche.<\/p>\n<p>Avoir conscience de son handicap, et donc de ce qui peut le r\u00e9duire ou l&#8217;augmenter, apporte une dimension spirituelle aux joueurs. \u00c7a fait partie du jeu ! La conscience de votre handicap vous permet d&#8217;\u00e9voluer et de faire \u00e9voluer les autres.<\/p>\n<p>Par exemple, dans TIME-COACH, vous entamez la lecture de chaque article avec un handicap plus ou moins \u00e9lev\u00e9. En avez-vous conscience ? Le parcours n\u2019est pas toujours facile. Parmi mes lecteurs, il y a :<\/p>\n<ul>\n<li>des handicap\u00e9s des CROYANCES<\/li>\n<li>des handicap\u00e9s des VALEURS\n<ul><!--EndFragment--><\/ul>\n<\/li>\n<li>des handicap\u00e9s du PWYW<\/li>\n<li>des handicap\u00e9s du RECADRAGE<\/li>\n<li>des handicap\u00e9s du LOCUS INTERNE<\/li>\n<\/ul>\n<p>La conscience du handicap permet aussi de se mesurer aux autres. Il ne s&#8217;agit pas uniquement de comp\u00e9tition : une personne qui a un handicap de 20 va chercher des conseils aupr\u00e8s d&#8217;une personne qui a un handicap de 18, et cette derni\u00e8re va progresser \u00e9galement, \u00e0 mesure qu\u2019elle expliquera POURQUOI et COMMENT elle a r\u00e9duit son handicap.<\/p>\n<h2>R\u00e9duisez votre handicap<\/h2>\n<p>J&#8217;ai rencontr\u00e9 Jean-Baptiste HIBON au TEDx Alsace 2013&#8230; Lorsque je l&#8217;ai vu dans les couloirs durant la pause, j&#8217;ai cru qu&#8217;il y avait dans les m\u00eames locaux, une conf\u00e9rence, un atelier ou une activit\u00e9 quelconque d\u00e9di\u00e9e aux handicap\u00e9s, et qu&#8217;il cherchait les toilettes. Mais 1h30 plus tard, je l&#8217;ai vu appara\u00eetre sur sc\u00e8ne \u00e0 l&#8217;image des 11 conf\u00e9renciers qui l&#8217;ont pr\u00e9c\u00e9d\u00e9. Il \u00e9tait en train de faire ce que je r\u00eave de faire : animer une conf\u00e9rence TEDx ! Comment un homme comme lui pouvait \u00eatre sur sc\u00e8ne, et moi dans le public ???<\/p>\n<p>C\u2019est alors que je me suis rendu compte que j\u2019avais un handicap \u00e9norme !\u00a0 Ce handicap s\u2019appelle \u00abaprioris\u00bb. Il n&#8217;est pas reconnu par la COTOREP celui-l\u00e0&#8230; Mais il est redoutable ! Terriblement handicapant.<\/p>\n<p>Au d\u00e9but, j&#8217;ai eu du mal \u00e0 comprendre ce que disait Jean-Baptiste \u00e0 cause de son \u00abprobl\u00e8me d\u2019\u00e9locution\u00bb. Puis, peu \u00e0 peu, j&#8217;ai r\u00e9duit mon handicap, et j&#8217;ai fini debout, la main sur le c\u0153ur :<\/p>\n<div id=\"scid:5737277B-5D6D-4f48-ABFC-DD9C333F4C5D:ffaa7061-f6b6-4e6c-8261-2c2f93f86638\" class=\"wlWriterEditableSmartContent\" style=\"float: none; margin: 0px; display: inline; padding: 0px;\">\n<div><object width=\"566\" height=\"318\"><param name=\"movie\" value=\"http:\/\/www.youtube.com\/v\/dHPxdXoWTQI?hl=en&amp;hd=1\" \/><\/object><\/div>\n<\/div>\n<p>Source originale : <a title=\"http:\/\/www.tedxalsace.com\/speaker\/jean-baptise-hibon\/\" href=\"http:\/\/www.tedxalsace.com\/speaker\/jean-baptise-hibon\/\">http:\/\/www.tedxalsace.com\/speaker\/jean-baptise-hibon\/<\/a><\/p>\n<p>En fin de soir\u00e9e, j\u2019\u00e9tais invit\u00e9 au pot VIP. J\u2019\u00e9tais tr\u00e8s honor\u00e9 de pouvoir serrer la main \u00e0 Olivier BEHRA, Lilou MACE, Laurence VANHEE&#8230; et bien-s\u00fbr Jean-Baptiste HIBON. Il m\u2019a tendu une main molle, difficile \u00e0 envelopper, j\u2019avais du mal \u00e0 la serrer cette main-l\u00e0&#8230; Puis, j\u2019ai d\u00e9cid\u00e9 de r\u00e9duire mon handicap poour l\u2019adapter \u00e0 celui de Jean-Baptiste. Et soudainement, les deux mains se sont trouv\u00e9es : une union parfaite.<\/p>\n<p>A l\u2019heure o\u00f9 j\u2019\u00e9cris ces lignes, j\u2019en ai encore les larmes aux yeux. Est-ce de la piti\u00e9&nbsp;? Non&nbsp;! La condition de Jean-Baptiste n\u2019y est pour rien. C\u2019est entre moi et moi&#8230; Chaque larme qui coule est la manifestation ext\u00e9rieure d\u2019un apriori qui s\u2019efface. Ces larmes-l\u00e0 sont des cadeaux qu\u2019on offre \u00e0 l\u2019Univers&#8230;<\/p>\n<p>Merci Jean-Baptiste, d\u2019avoir d\u00e9clench\u00e9 cette profusion de cadeaux.<\/p>\n<p>A++<\/p>\n<p><strong>St\u00e9phane SOLOMON<\/strong><\/p>\n<!--themify_builder_content-->\n<div id=\"themify_builder_content-1358\" data-postid=\"1358\" class=\"themify_builder_content themify_builder_content-1358 themify_builder tf_clear\">\n    <\/div>\n<!--\/themify_builder_content-->\n","protected":false},"excerpt":{"rendered":"<p>Si vous avez d\u00e9j\u00e0 jou\u00e9 au golf avec des joueurs r\u00e9guliers, on vous a s\u00fbrement pos\u00e9 cette question : Quel est votre handicap ? La premi\u00e8re fois \u00e7a surprend ! Cette notion de \u00abhandicap de jeu\u00bb est tr\u00e8s int\u00e9ressante. Le terme choisi est-il une simple fantaisie ? S\u00fbrement pas&#8230; Ce mot a une v\u00e9ritable dimension [&hellip;]<\/p>\n","protected":false},"author":1,"featured_media":0,"parent":0,"menu_order":0,"comment_status":"open","ping_status":"open","template":"","meta":[],"builder_content":"","_links":{"self":[{"href":"https:\/\/auto-coaching.fr\/index.php\/wp-json\/wp\/v2\/pages\/1358"}],"collection":[{"href":"https:\/\/auto-coaching.fr\/index.php\/wp-json\/wp\/v2\/pages"}],"about":[{"href":"https:\/\/auto-coaching.fr\/index.php\/wp-json\/wp\/v2\/types\/page"}],"author":[{"embeddable":true,"href":"https:\/\/auto-coaching.fr\/index.php\/wp-json\/wp\/v2\/users\/1"}],"replies":[{"embeddable":true,"href":"https:\/\/auto-coaching.fr\/index.php\/wp-json\/wp\/v2\/comments?post=1358"}],"version-history":[{"count":13,"href":"https:\/\/auto-coaching.fr\/index.php\/wp-json\/wp\/v2\/pages\/1358\/revisions"}],"predecessor-version":[{"id":2840,"href":"https:\/\/auto-coaching.fr\/index.php\/wp-json\/wp\/v2\/pages\/1358\/revisions\/2840"}],"wp:attachment":[{"href":"https:\/\/auto-coaching.fr\/index.php\/wp-json\/wp\/v2\/media?parent=1358"}],"curies":[{"name":"wp","href":"https:\/\/api.w.org\/{rel}","templated":true}]}}