{"id":1401,"date":"2014-04-09T08:52:51","date_gmt":"2014-04-09T06:52:51","guid":{"rendered":"http:\/\/www.auto-coaching.fr\/?page_id=1401"},"modified":"2014-04-09T09:40:21","modified_gmt":"2014-04-09T07:40:21","slug":"choisissez-votre-locus","status":"publish","type":"page","link":"https:\/\/auto-coaching.fr\/index.php\/choisissez-votre-locus\/","title":{"rendered":"Technique : choisissez votre locus"},"content":{"rendered":"<p>Hier, suite \u00e0 mes r\u00e9ponses \u00e0 Jo\u00ebl, Jean-Fran\u00e7ois m&#8217;a \u00e9crit en solo pour me proposer une nouvelle r\u00e8gle pour le PWYW.  <\/p>\n<p>Si je n&#8217;ai pas suivi sa proposition, j&#8217;ai toutefois transform\u00e9 son message (qui est relativement critique) en quelque chose de plus constructif&#8230; On vous dira souvent que les critiques sont constructives, mais ce n&#8217;est pas toujours vrai !  <\/p>\n<ul>\n<li>Il y a des critiques constructives par nature. C&#8217;est assez rare&#8230;\n<li>Il y a des critiques destructives par nature. C&#8217;est aussi rare&#8230;\n<li>Mais ce qui est tr\u00e8s fr\u00e9quent, ce sont les <strong>critiques constructibles<\/strong>. Ce sont des mati\u00e8re premi\u00e8res qui ont besoin de votre cr\u00e9ativit\u00e9 pour devenir utiles et agr\u00e9ables.<\/li>\n<\/ul>\n<p>Voici ce que m\u2019a \u00e9crit Jean-Fran\u00e7ois :<\/p>\n<div class=\"dialogue\">\n<p>Vous devriez ralentir le rythme de disparition des options pour nous laisser un peu de temps. La semaine derni\u00e8re j&#8217;ai voulu payer 50 euros et je n&#8217;ai pas pu le faire parce que j&#8217;avais un probl\u00e8me avec ma CB. Hier j&#8217;ai voulu payer, et le maximum \u00e9tait de 30 euros. Vous perdez de l&#8217;argent \u00e0 vouloir aller trop vite !<\/p>\n<\/div>\n<p>Il a raison Jean-Fran\u00e7ois, j&#8217;ai perdu 20 euros avec ma r\u00e8gle&#8230; Il a m\u00eame mille fois raison, mais je ne reviendrai pas sur ma d\u00e9cision !  <\/p>\n<p>&#8211; Donc il a tort, me direz-vous ! Il a perdu son temps \u00e0 essayer de vous convaincre&#8230; Vous \u00eates t\u00eatu comme une mule ! Vous n&#8217;\u00e9coutez personne ! Vous avez votre plan bien \u00e0 vous, et aucune proposition ne vous fera bouger d&#8217;un pouce !  <\/p>\n<p>Du calme&#8230;  <\/p>\n<p>Jean-Fran\u00e7ois a effectivement perdu son temps \u00e0 essayer de me convaincre, mais <b>il a eu raison d&#8217;essayer !<\/b> Je vais pouvoir l&#8217;AIDER, et puisque ma r\u00e9ponse est collective, \u00e7a aidera des dizaines d&#8217;autres lecteurs, peut-\u00eatre m\u00eame des centaines&#8230; En r\u00e9alit\u00e9, il y a un moyen de convaincre l&#8217;homme d&#8217;affaires impitoyable que je joue en ce moment : si vous voulez faire affaire avec moi, il va falloir vous montrer plus proactif, et me mettre un peu moins de choses sur le dos. Je m&#8217;explique :  <\/p>\n<p>Jean-Fran\u00e7ois me dit qu&#8217;il voulait payer 50 euros. C&#8217;\u00e9tait peut-\u00eatre son <b>souhait<\/b>, mais certainement pas son <b>objectif<\/b>. La diff\u00e9rence entre un souhait et un objectif est simple :  <\/p>\n<ul>\n<li>Lorsque vous formulez un souhait, vous vous attendez \u00e0 \u00eatre servi par des \u00abpuissances ext\u00e9rieures\u00bb.\n<li>Lorsque vous formulez un objectif, vous savez que sa r\u00e9alisation d\u00e9pend de vous !<\/li>\n<\/ul>\n<p>Avec un vocabulaire plus chiad\u00e9 (pour les pros) : un souhait est soumis au \u00ablocus de contr\u00f4le externe\u00bb, alors qu&#8217;un objectif se r\u00e9alise gr\u00e2ce au \u00ablocus de contr\u00f4le interne\u00bb.  <\/p>\n<p>Pour payer 50 euros, Jean-Fran\u00e7ois aurait pu faire une chose simple : payer en deux fois : un r\u00e8glement de 30 euros, puis un autre de 20 euros dans la foul\u00e9e. Si mes souvenirs de CE1 sont encore clairs, \u00e7a fait un total de 50&#8230; Jean-Fran\u00e7ois connaissait forc\u00e9ment cette solution, mais il ne l&#8217;a pas appliqu\u00e9e. Qu&#8217;est-ce qui l&#8217;en a emp\u00each\u00e9 ?  <\/p>\n<h2>Auto-sabotage<\/h2>\n<p>Le locus externe de Jean-Fran\u00e7ois a pris le dessus sur son locus interne. L&#8217;\u00e9cran de son ordinateur lui a affich\u00e9 un maximum de 30 euros, et il l&#8217;a cru : il a r\u00e9duit l&#8217;ambition de son objectif de 40% !  <\/p>\n<blockquote>\n<p>Votre \u00e9cran mental est beaucoup est plus puissant que l&#8217;\u00e9cran de votre ordinateur. Mais il faut penser \u00e0 l&#8217;allumer. En particulier si vous avez fix\u00e9 un objectif.<\/p>\n<\/blockquote>\n<p>Dans mes missions de coaching je vois \u00e7a tous les jours : des clients qui ont un \u00e9norme potentiel, qui se fixent <b>des objectifs \u00e0 leur port\u00e9e<\/b> et qui les r\u00e9duisent \u00ab\u00e0 cause des autres\u00bb. \u00c7a touche tous les domaines, que ce soit professionnel ou personnel.  <\/p>\n<blockquote>\n<p>Toute personne qui s&#8217;oriente vers un changement, m\u00eame volontaire, se retrouve limit\u00e9e par une cause qu&#8217;elle croit ext\u00e9rieure, alors qu&#8217;elle se limite elle-m\u00eame ! Dans 95% des cas, elle pourrait atteindre son objectif en faisant un calcul qui est largement \u00e0 sa port\u00e9e.<\/p>\n<\/blockquote>\n<h2>Double cons\u00e9quence<\/h2>\n<p>La premi\u00e8re cons\u00e9quence de cet auto-sabotage, nous venons de l&#8217;explorer : Jean-Fran\u00e7ois a r\u00e9duit son ambition. Vous me direz que \u00e7a lui a permis d&#8217;\u00e9conomiser 20 euros&#8230; Nous verrons plus tard s&#8217;il s&#8217;agit vraiment d&#8217;un b\u00e9n\u00e9fice.  <\/p>\n<p>Mais il y a un seconde cons\u00e9quence, beaucoup plus grave : Jean-Fran\u00e7ois me fait une proposition int\u00e9ressante, et je ne l&#8217;\u00e9coute pas ! J\u2019ai m\u00eame envie de le contredire ! Il y a deux raisons, chacune est suffisante :  <\/p>\n<ul>\n<li>Il semble me dire qu&#8217;il a une solution au probl\u00e8me. Mais comme je ne comprends pas son probl\u00e8me ! Pas de probl\u00e8me, pas de solution&#8230; Je ne suis pas en qu\u00eate de solution : <strong>je n&#8217;entends pas ce qu&#8217;il me dit !<\/strong>\n<li>En supposant que je reconnaisse le probl\u00e8me (qu&#8217;on pourrait g\u00e9n\u00e9raliser), Jean-Fran\u00e7ois me dit que \u00e7a vient de moi ! Je me retrouve sur le banc des accus\u00e9s, et comme je suis un homme normal (unique mais normal <img decoding=\"async\" class=\"wlEmoticon wlEmoticon-winkingsmile\" style=\"border-top-style: none; border-bottom-style: none; border-right-style: none; border-left-style: none\" alt=\"Clignement d'&oelig;il\" src=\"http:\/\/www.auto-coaching.fr\/wp-content\/uploads\/2014\/04\/wlEmoticon-winkingsmile.png\">), ses reproches raisonnent plus fort que son conseil. : <strong>je n&#8217;entends pas ce qu&#8217;il me dit !<\/strong><\/li>\n<\/ul>\n<p>Il y a un proverbe qui circule dans le milieu des affaires (qui est l&#8217;un des meilleurs exploitants du D\u00e9veloppement Personnel) :  <\/p>\n<blockquote>\n<p>Ton attitude crie si fort que je n&#8217;entends pas ce que tu dis !<\/p>\n<\/blockquote>\n<p>On retrouve ce ph\u00e9nom\u00e8ne en entreprise. La plupart des probl\u00e8mes de Communication viennent de l\u00e0, et \u00e7a met beaucoup de projets en d\u00e9route. Mais \u00e7a arrive aussi dans la relation de couple : lorsqu&#8217;un homme reproche \u00e0 sa femme de le freiner (ou inversement). \u00c7a cr\u00e9e des parasites sur la ligne, et elle ne peut pas l&#8217;aider \u00e0 avancer&#8230; <strong>Elle n&#8217;entend pas ce qu&#8217;il dit !<\/strong>  <\/p>\n<h2>Pour un dialogue plus ouvert<\/h2>\n<p>D&#8217;accord St\u00e9phane, me direz-vous, l&#8217;\u00eatre humain a une pr\u00e9f\u00e9rence pour le locus externe d\u00e8s qu&#8217;il rencontre un probl\u00e8me, et vous me proposez une technique pour maintenir le cap : valoriser mon locus interne. C&#8217;est OK ! Mais il est possible que Jean-Fran\u00e7ois soit aussi dans le jeu&#8230; Certes, il pouvait payer en deux fois, mais il s&#8217;est volontairement limit\u00e9 pour vous montrer que c&#8217;\u00e9tait d\u00e9licat pour la plupart des gens. Il est donc comme vous : en d\u00e9monstration. Il vous montre le probl\u00e8me !  <\/p>\n<p>C&#8217;est possible, en effet&#8230; Mais dans ce cas, Jean-Fran\u00e7ois n&#8217;utilise pas la bonne m\u00e9thode. Je vais vous expliquer comment ouvrir la communication avec moi, ainsi qu&#8217;avec toute personne proactive. Voici un exemple de message qui m&#8217;aurait touch\u00e9 :  <\/p>\n<div class=\"dialogue\">\n<p>St\u00e9phane, la semaine derni\u00e8re j&#8217;avais l&#8217;intention de payer 50 euros, mais j\u2019avais un probl\u00e8me avec ma CB. Je l&#8217;ai fait aujourd&#8217;hui, mais j&#8217;ai d\u00fb m&#8217;y prendre en 2 fois (30+20). Je dois avouer que cette solution (pourtant simple) ne m&#8217;est pas apparue imm\u00e9diatement : j&#8217;ai d&#8217;abord pay\u00e9 30 euros, puis j&#8217;ai eu l&#8217;id\u00e9e de rajouter 20 euros parce que j&#8217;\u00e9tais d\u00e9\u00e7u de ne pas pouvoir payer ce que je veux. Ca m&#8217;a fait r\u00e9fl\u00e9chir, et j&#8217;aimerais partager avec vous le fruit de ma r\u00e9flexion :  <\/p>\n<ul>\n<li>Je pense que vous devriez laisser les grosses sommes un peu plus longtemps. Sans d\u00e9nigrer ceux qui payent 10 euros, j&#8217;estime que ceux qui contribuent \u00e0 hauteur de 50 ou 100 euros m\u00e9riteraient que vous honoriez leur geste en faisant vivre ces choix plus longtemps, car si les premiers n&#8217;ont pas les moyens de payer 100 euros, les seconds ont les moyens de payer 10 euros, et ils payent 10 fois plus. \u00c7a se respecte.\n<li>Dans le cas o\u00f9 vous ne voudriez pas changer les r\u00e8gles du jeu (pour des raisons de cr\u00e9dibilit\u00e9), je vous propose de faire d&#8217;une pierre deux coups, en expliquant que si la limite basse est fix\u00e9e \u00e0 3 euros, la disparition de la limite haute est virtuelle, et qu&#8217;une personne qui veut payer 50 euros ou plus, peut toujours le faire.<\/li>\n<\/ul>\n<\/div>\n<p>Pourquoi est-ce que \u00e7a me sensibilise davantage ? Tout d&#8217;abord parce que cette version de la r\u00e9action de Jean-Fran\u00e7ois est all\u00e9e au bout de l&#8217;action. Il ne m\u2019accable pas de ses impossibles, il fait ce qui est vraiment possible POUR me faire un retour d\u2019exp\u00e9rience r\u00e9ussie. Je suis donc forc\u00e9ment \u00e0 l&#8217;\u00e9coute : \u00e7a ouvre un canal de Communication. C&#8217;est comme si Jean-Fran\u00e7ois avait mon num\u00e9ro de ligne-directe.  <\/p>\n<p>Ensuite, il me propose <strong>deux solutions<\/strong>, ce qui me permet d&#8217;activer mon locus interne pour faire un choix. J&#8217;ai le choix ! C&#8217;est merveilleux : il parle ma langue !  <\/p>\n<p>C&#8217;est l&#8217;essence m\u00eame du PWYW d&#8217;avoir toujours le choix :  <\/p>\n<div style=\"text-align: center; margin-top: 80px\"><img decoding=\"async\" loading=\"lazy\" style=\"border-left-width: 0px; border-right-width: 0px; border-top-color: white; border-bottom-width: 0px; border-left-color: white; border-bottom-color: white; border-right-color: white; border-top-width: 0px\" border=\"0\" alt=\"Payez ce que vous voulez\" src=\"http:\/\/www.inscription-minute.fr\/adherents\/logoPwyw.jpg\" width=\"230\" longdesc=\"Payez ce que vous voulez\" height=\"115\"><br \/><a href=\"http:\/\/www.inscription-minute.fr\/solution.aspx?code=PWYW1376&amp;origine=ChoisissezLocus\">Payez ce que vous voulez<\/a><\/div>\n<p>A++  <\/p>\n<p><strong>St\u00e9phane SOLOMON<\/strong><\/p>\n<!--themify_builder_content-->\n<div id=\"themify_builder_content-1401\" data-postid=\"1401\" class=\"themify_builder_content themify_builder_content-1401 themify_builder tf_clear\">\n    <\/div>\n<!--\/themify_builder_content-->\n","protected":false},"excerpt":{"rendered":"<p>Hier, suite \u00e0 mes r\u00e9ponses \u00e0 Jo\u00ebl, Jean-Fran\u00e7ois m&#8217;a \u00e9crit en solo pour me proposer une nouvelle r\u00e8gle pour le PWYW. Si je n&#8217;ai pas suivi sa proposition, j&#8217;ai toutefois transform\u00e9 son message (qui est relativement critique) en quelque chose de plus constructif&#8230; On vous dira souvent que les critiques sont constructives, mais ce n&#8217;est [&hellip;]<\/p>\n","protected":false},"author":1,"featured_media":0,"parent":0,"menu_order":0,"comment_status":"open","ping_status":"open","template":"","meta":[],"builder_content":"","_links":{"self":[{"href":"https:\/\/auto-coaching.fr\/index.php\/wp-json\/wp\/v2\/pages\/1401"}],"collection":[{"href":"https:\/\/auto-coaching.fr\/index.php\/wp-json\/wp\/v2\/pages"}],"about":[{"href":"https:\/\/auto-coaching.fr\/index.php\/wp-json\/wp\/v2\/types\/page"}],"author":[{"embeddable":true,"href":"https:\/\/auto-coaching.fr\/index.php\/wp-json\/wp\/v2\/users\/1"}],"replies":[{"embeddable":true,"href":"https:\/\/auto-coaching.fr\/index.php\/wp-json\/wp\/v2\/comments?post=1401"}],"version-history":[{"count":6,"href":"https:\/\/auto-coaching.fr\/index.php\/wp-json\/wp\/v2\/pages\/1401\/revisions"}],"predecessor-version":[{"id":1408,"href":"https:\/\/auto-coaching.fr\/index.php\/wp-json\/wp\/v2\/pages\/1401\/revisions\/1408"}],"wp:attachment":[{"href":"https:\/\/auto-coaching.fr\/index.php\/wp-json\/wp\/v2\/media?parent=1401"}],"curies":[{"name":"wp","href":"https:\/\/api.w.org\/{rel}","templated":true}]}}