{"id":1436,"date":"2014-04-17T20:58:10","date_gmt":"2014-04-17T18:58:10","guid":{"rendered":"http:\/\/www.auto-coaching.fr\/?page_id=1436"},"modified":"2026-04-10T20:08:53","modified_gmt":"2026-04-10T18:08:53","slug":"30-secondes-de-concentration","status":"publish","type":"page","link":"https:\/\/auto-coaching.fr\/index.php\/30-secondes-de-concentration\/","title":{"rendered":"30 secondes de concentration"},"content":{"rendered":"<p>La vid\u00e9o que vous allez voir a \u00e9t\u00e9 un sacr\u00e9 d\u00e9clencheur pour moi.<\/p>\n<p>D\u00e9clencheur de quoi ? Je ne peux pas vraiment vous le r\u00e9v\u00e9ler avant que vous ne tentiez l\u2019exp\u00e9rience.<\/p>\n<p>La vid\u00e9o commence par des explications en anglais, dont voici l\u2019adaptation (vous n\u2019avez pas besoin de comprendre l\u2019anglais pour la visionner) :<\/p>\n<p>&#8212;&#8212;&#8212;-<\/p>\n<p>Dans ce hall vous allez voir 2 \u00e9quipes de 3 joueurs s&#8217;\u00e9changer des ballons de basket :<\/p>\n<ul>\n<li>Une \u00e9quipe est v\u00eatue d&#8217;un tee-shirt blanc (\u00e9quipe blanche)<\/li>\n<li>L&#8217;autre est v\u00eatue d&#8217;un tee-shirt noir (\u00e9quipe noire)<\/li>\n<\/ul>\n<p>Votre d\u00e9fi, consiste \u00e0 compter <strong>le nombre de passes (d\u2019\u00e9changes) de l&#8217;\u00e9quipe blanche<\/strong>. Attention : \u00e7a va relativement vite.<\/p>\n<p>C&#8217;est parti :<\/p>\n<div id=\"scid:5737277B-5D6D-4f48-ABFC-DD9C333F4C5D:0068ba1f-8759-456c-b8bf-9fd21dd63d10\" class=\"wlWriterEditableSmartContent\" style=\"float: none; margin: 0px; display: inline; padding: 0px;\">\n<p><div class=\"post-video\"><iframe loading=\"lazy\" title=\"selective attention test\" width=\"1165\" height=\"874\" src=\"https:\/\/www.youtube.com\/embed\/vJG698U2Mvo?feature=oembed\" frameborder=\"0\" allow=\"accelerometer; autoplay; clipboard-write; encrypted-media; gyroscope; picture-in-picture; web-share\" referrerpolicy=\"strict-origin-when-cross-origin\" allowfullscreen><\/iframe><\/div><\/p>\n<\/div>\n<p>Source originale :<a href=\"http:\/\/www.youtube.com\/watch?v=vJG698U2Mvo\">http:\/\/www.youtube.com\/watch?v=vJG698U2Mvo<\/a><\/p>\n<p>J&#8217;attends vos commentaires, qui seront enregistr\u00e9s, mais publi\u00e9s uniquement vers 17h00 ce soir.<\/p>\n<p>A++<\/p>\n<p><strong>St\u00e9phane<\/strong><\/p>\n<!--themify_builder_content-->\n<div id=\"themify_builder_content-1436\" data-postid=\"1436\" class=\"themify_builder_content themify_builder_content-1436 themify_builder tf_clear\">\n    <\/div>\n<!--\/themify_builder_content-->","protected":false},"excerpt":{"rendered":"<p>La vid\u00e9o que vous allez voir a \u00e9t\u00e9 un sacr\u00e9 d\u00e9clencheur pour moi. D\u00e9clencheur de quoi ? Je ne peux pas vraiment vous le r\u00e9v\u00e9ler avant que vous ne tentiez l\u2019exp\u00e9rience. La vid\u00e9o commence par des explications en anglais, dont voici l\u2019adaptation (vous n\u2019avez pas besoin de comprendre l\u2019anglais pour la visionner) : &#8212;&#8212;&#8212;- Dans [&hellip;]<\/p>\n","protected":false},"author":1,"featured_media":0,"parent":0,"menu_order":0,"comment_status":"open","ping_status":"open","template":"","meta":[],"builder_content":"","_links":{"self":[{"href":"https:\/\/auto-coaching.fr\/index.php\/wp-json\/wp\/v2\/pages\/1436"}],"collection":[{"href":"https:\/\/auto-coaching.fr\/index.php\/wp-json\/wp\/v2\/pages"}],"about":[{"href":"https:\/\/auto-coaching.fr\/index.php\/wp-json\/wp\/v2\/types\/page"}],"author":[{"embeddable":true,"href":"https:\/\/auto-coaching.fr\/index.php\/wp-json\/wp\/v2\/users\/1"}],"replies":[{"embeddable":true,"href":"https:\/\/auto-coaching.fr\/index.php\/wp-json\/wp\/v2\/comments?post=1436"}],"version-history":[{"count":10,"href":"https:\/\/auto-coaching.fr\/index.php\/wp-json\/wp\/v2\/pages\/1436\/revisions"}],"predecessor-version":[{"id":6121,"href":"https:\/\/auto-coaching.fr\/index.php\/wp-json\/wp\/v2\/pages\/1436\/revisions\/6121"}],"wp:attachment":[{"href":"https:\/\/auto-coaching.fr\/index.php\/wp-json\/wp\/v2\/media?parent=1436"}],"curies":[{"name":"wp","href":"https:\/\/api.w.org\/{rel}","templated":true}]}}