{"id":1528,"date":"2014-05-13T14:42:28","date_gmt":"2014-05-13T12:42:28","guid":{"rendered":"http:\/\/www.auto-coaching.fr\/?page_id=1528"},"modified":"2014-05-14T11:50:48","modified_gmt":"2014-05-14T09:50:48","slug":"voila-c-est-fini","status":"publish","type":"page","link":"https:\/\/auto-coaching.fr\/index.php\/voila-c-est-fini\/","title":{"rendered":"Voila&hellip; C&#8217;est fini !"},"content":{"rendered":"<p>Aujourd&#8217;hui n&#8217;est pas un jour comme les autres. C&#8217;est un jour qui marque la fin d&#8217;une grande aventure. Cette aventure m&#8217;a transport\u00e9. Je suis ravi de l&#8217;avoir men\u00e9e avec vous. Ce fut parfois p\u00e9rilleux, parfois enthousiasmant, mais toujours int\u00e9ressant. J&#8217;ai beaucoup appris en lisant vos commentaires tout au long du parcours, et m\u00eame en relisant mes propres articles. Mais il est temps de cl\u00f4turer ce programme, qui ne peut durer \u00e9ternellement :  <\/p>\n<h2>Le PWYW, c&#8217;est fini !<\/h2>\n<p>Demain \u00e0 16h, je ferme ! Vous ne pourrez plus payer ce que vous voulez.  <\/p>\n<p>Quoi&#8230; Ne me dites pas que vous pensiez que j&#8217;allais fermer TIME-COACH ?! Meuh non ! O\u00f9 \u00eates-vous all\u00e9 chercher \u00e7a ? Je veux bien croire que ma manipulation est sournoise, mais elle a pour associ\u00e9e votre auto-manipulation&#8230; Et l\u00e0, je d\u00e9clare forfait ! <\/p>\n<p>Voyons quels types de r\u00e9actions on pourrait avoir&#8230;&nbsp; <\/p>\n<ol>\n<li>Les lecteurs les plus assidus ne sont pas dupes, car je leur fait le coup chaque ann\u00e9e ! Ils savent qu&#8217;ils vont d\u00e9couvrir une entourloupe puis un article qui les int\u00e9ressera. Alors ils cliquent ! Ils jouent le jeu !\n<li>Les lecteurs moins assidus sont interpel\u00e9s par l&#8217;accroche : quoi ? C&#8217;est fini ? J&#8217;ai rat\u00e9 un truc ? J&#8217;ai bien vu que le rythme des articles s&#8217;acc\u00e9l\u00e9rait ces derniers temps&#8230; J&#8217;ai vu passer \u00abun appel \u00e0 don\u00bb, mais justement je croyais que \u00e7a allait s&#8217;arranger (sans moi)&#8230; Est-ce qu&#8217;il est encore temps de faire quelque chose ? Procrastination, quand tu nous tiens !\n<li>Et puis il y a ceux pour qui la nouvelle ne fait ni chaud, ni froid&#8230; Apr\u00e8s m&#8217;avoir suivi un petit temps, ils ont pris l&#8217;habitude de supprimer mes articles \u00e0 l&#8217;arriv\u00e9e, mais l\u00e0, soudainement, \u00e7a devient int\u00e9ressant ! C&#8217;est enfin termin\u00e9 ! Comment le coach va-t-il tirer sa r\u00e9v\u00e9rence ? Je clique !<\/li>\n<\/ol>\n<h2>Une technique pour chaque profil<\/h2>\n<p>Pour le dernier profil, voici ce que je propose : si vous attendiez la fin de TIME-COACH, je comprends votre d\u00e9ception, mais je vous rappelle qu&#8217;\u00e0 tout moment, l&#8217;\u00eatre proactif qui est en vous peut mettre fin \u00e0 cette communication inutile. J&#8217;esp\u00e8re qu&#8217;une fois que vous aurez accept\u00e9 de vous en d\u00e9barrasser, vous \u00e9tendrez l&#8217;exp\u00e9rience au-del\u00e0 de TIME-COACH en mettant hors d&#8217;\u00e9tat de nuire d&#8217;autres choses qui vous minent. Ce sera ce que TIME-COACH vous aura apport\u00e9 : du propre ! C&#8217;est \u00e9norme pour un procrastinateur !  <\/p>\n<p>Int\u00e9ressons-nous aux deux premiers profils :  <\/p>\n<p>Le premier VEUT GAGNER quelque chose en lisant la suite. Le deuxi\u00e8me NE VEUT PAS PERDRE quelque chose, et il clique pour agir in-extr\u00e9mis ! On a tendance \u00e0 croire que GAGNER et NE PAS PERDRE sont deux sentiments voisins, surtout s&#8217;ils sont suivis de la m\u00eame action, mais c\u2019est faux !  <\/p>\n<p>Le r\u00e9sultat est le m\u00eame POUR MOI : je peux bomber le torse en me disant : \u00abj&#8217;ai obtenu 2.000 lectures gr\u00e2ce \u00e0 mon accroche !\u00bb, et alors ?&#8230; Pour vous \u00e7a change quoi ? Ce qui est important pour vous, c\u2019est ce qui se passe dans votre monde int\u00e9rieur, et dans ce monde-l\u00e0, <strong>agir pour NE PAS PERDRE<\/strong> ou <strong>agir pour GAGNER<\/strong>, auront un impact tr\u00e8s diff\u00e9rent <strong>apr\u00e8s l\u2019action<\/strong> ! <\/p>\n<p>L&#8217;attitude du GAGNANT donne des r\u00e9sultats conformes aux objectifs fix\u00e9s : l&#8217;action est volontaire, enthousiaste, libre&#8230; Ca impacte la motivation pour les actions futures. L&#8217;attitude du NON-PERDANT donne des r\u00e9sultats difficiles \u00e0 pr\u00e9dire : l&#8217;action est une contrainte soumise par l&#8217;ext\u00e9rieur. La motivation sera-t-elle au rendez-vous pour la suite des \u00e9v\u00e8nements ? Peut-\u00eatre&#8230; Peut-\u00eatre pas&#8230; <\/p>\n<p>L&#8217;un des probl\u00e8mes des procrastinateurs est d&#8217;attendre d&#8217;\u00eatre oblig\u00e9 d&#8217;agir ! La contrainte est leur motivation num\u00e9ro 1 ! Ils agissent comme s&#8217;ils n&#8217;avaient pas le choix. D&#8217;ailleurs la formule \u00abje n&#8217;ai pas le choix, il faut que [&#8230;]\u00bb est l&#8217;une de leur pr\u00e9f\u00e9r\u00e9e. Un GAGNANT est guid\u00e9 par ses <b>engagements<\/b> ou son <b>envie de se d\u00e9passer<\/b>, alors que le NON-PERDANT est guid\u00e9 par <b>\u00abce qu&#8217;il faut faire\u00bb<\/b> ou par ses <b>pulsions<\/b> (ou son <b>instinct<\/b>) incontr\u00f4lables.  <\/p>\n<h2>Agir sans contrainte<\/h2>\n<p>Concernant le PWYW, tout au long de la campagne, je vous ai r\u00e9p\u00e9t\u00e9 que quelle que soit votre d\u00e9cision, et quel que soit le montant de votre paiement, je continuerai \u00e0 livrer TIME-COACH \u00e0 tout le monde. Il n&#8217;y avait donc rien \u00e0 perdre en refusant de contribuer. Je n\u2019ai pas agit\u00e9 le b\u00e2ton, mais il est vrai que j\u2019ai \u00e9t\u00e9 tr\u00e8s discret concernant la carotte&#8230; <\/p>\n<p>A l\u2019image de la vraie vie, les carottes ne sont pas toujours annonc\u00e9es. C\u2019est donc \u00e0 vous qu\u2019il appartient de poser la question :  <\/p>\n<blockquote>\n<p>Puisque je n&#8217;aurai rien \u00e0 PERDRE en refusant d&#8217;agir, qu&#8217;est-ce que j&#8217;aurais \u00e0 GAGNER en agissant ?<\/p>\n<\/blockquote>\n<p>Visiblement, la majorit\u00e9 des lecteurs n&#8217;ont pas trouv\u00e9 de r\u00e9ponse. Il est m\u00eame possible qu&#8217;ils n&#8217;aient pas trouv\u00e9 la question&#8230; A quelques heures de la fermeture, je vous offre une technique qui, je l&#8217;esp\u00e8re, fera impact dans ce programme, et en-de\u00e7\u00e0 :  <\/p>\n<p>Lorsque vous vous dites : \u00abSi je ne fais rien, il ne se passera rien ! Ouf !\u00bb, autorisez-vous \u00e0 vous poser une question imm\u00e9diatement apr\u00e8s :  <\/p>\n<p>&#8211; <b>Qu&#8217;est-ce que je pourrais gagner en passant \u00e0 l&#8217;action, EN CONFIANCE ?<\/b>  <\/p>\n<p>Attention \u00e0 la question naturelle, automatique :  <\/p>\n<p><s>&#8211; <\/s><s>Qu&#8217;est-ce que je vais perdre en passant \u00e0 l&#8217;action ?<\/s>  <\/p>\n<p>Posez-vous cette question en DERNIER, car si vous lui donnez la premi\u00e8re place, elle d\u00e9ploiera un \u00e9cran de fum\u00e9e sur tout ce que vous pourriez gagner. Il y a des questions qui \u00e9liminent d&#8217;autres questions&#8230; L&#8217;ordre est important !  <\/p>\n<h2>Scoop : Il y a quelque chose \u00e0 gagner en participant au PWYW !<\/h2>\n<p>En r\u00e9alit\u00e9, je ne devrais pas vous en parler, car dans la vraie vie, lorsque vous n&#8217;accordez pas d&#8217;importance \u00e0 une proposition, vous n&#8217;avez aucune id\u00e9e de ce que vous pourriez gagner. La seule chose que vous pouvez mesurer, c&#8217;est l&#8217;\u00e9conomie r\u00e9alis\u00e9e gr\u00e2ce \u00e0 l&#8217;\u00e9vitement.  <\/p>\n<ul>\n<li>En ce qui concerne l\u2019exercice PWYW, l&#8217;\u00e9conomie se mesure en \u00abargent non d\u00e9bit\u00e9\u00bb. Le fait de ne pas perdre cet argent peut vous donner l&#8217;impression que vous le gagnez.\n<li>Dans la vraie vie, les opportunit\u00e9s sont beaucoup plus riches de sens ! Si vous multipliez les raisons (ou les pr\u00e9textes) d\u2019\u00e9vitement, cela signifie qu&#8217;en face, il y a de multiples sources de profits derri\u00e8re l\u2019action. <\/li>\n<\/ul>\n<p>J&#8217;ai souvent pr\u00e9sent\u00e9 le PWYW comme une opportunit\u00e9 POUR VOUS. Et j&#8217;ai longuement insist\u00e9 en vous invitant \u00e0 agir POUR VOUS et non POUR MOI ! A moins de servir sur un plateau d&#8217;argent ce que je r\u00e9serve aux contributeurs, je ne peux pas faire mieux&#8230; Mais je vais essayer quand-m\u00eame, car en ajoutant une pression (qui s\u2019adresse au NON-PERDANT), j\u2019aime \u00e9quilibrer la communication en ajoutant une nuance (qui s\u2019adresse au GAGNANT) :  <\/p>\n<p>Vous pouvez encore payer ce que vous voulez jusqu\u2019\u00e0 demain 16h. Que vous le fassiez ou pas, vous continuerez \u00e0 recevoir TIME-COACH. <b>Si vous ne faites rien, rien ne changera. Mais si vous suivez le mouvement, il y aura un b\u00e9n\u00e9fice. Un bonus sp\u00e9cial-contributeurs.<\/b>  <\/p>\n<p>Dans mon prochain article, je vous r\u00e9v\u00e8lerai ce que les participants au PWYW ont gagn\u00e9&#8230; Et comme je suis un chic-type, je vais le dire \u00e0 tout le monde, y compris \u00e0 ceux qui n&#8217;auront pas particip\u00e9. Ils sauront ainsi ce qu&#8217;ils auraient pu gagner.  <\/p>\n<p>Ce qui pourrait \u00eatre per\u00e7u comme une perte&#8230; Mais \u00e7a, c&#8217;est un autre sujet.  <\/p>\n<div style=\"text-align: center; margin-top: 12px\"><a href=\"http:\/\/www.inscription-minute.fr\/solution.aspx?code=PWYW1376&amp;origine=cloture\"><img decoding=\"async\" loading=\"lazy\" style=\"border-left-width: 0px; border-right-width: 0px; border-top-color: white; border-bottom-width: 0px; border-left-color: white; border-bottom-color: white; border-right-color: white; border-top-width: 0px\" border=\"0\" alt=\"Payez ce que vous voulez\" src=\"http:\/\/www.inscription-minute.fr\/adherents\/logoPwyw.jpg\" width=\"230\" longdesc=\"Payez ce que vous voulez\" height=\"115\"><br \/>Payez ce que vous voulez avant la cl\u00f4ture demain midi<\/a><\/div>\n<p>A++  <\/p>\n<p><b>St\u00e9phane SOLOMON<\/b><\/p>\n<!--themify_builder_content-->\n<div id=\"themify_builder_content-1528\" data-postid=\"1528\" class=\"themify_builder_content themify_builder_content-1528 themify_builder tf_clear\">\n    <\/div>\n<!--\/themify_builder_content-->\n","protected":false},"excerpt":{"rendered":"<p>Aujourd&#8217;hui n&#8217;est pas un jour comme les autres. C&#8217;est un jour qui marque la fin d&#8217;une grande aventure. Cette aventure m&#8217;a transport\u00e9. Je suis ravi de l&#8217;avoir men\u00e9e avec vous. Ce fut parfois p\u00e9rilleux, parfois enthousiasmant, mais toujours int\u00e9ressant. J&#8217;ai beaucoup appris en lisant vos commentaires tout au long du parcours, et m\u00eame en relisant [&hellip;]<\/p>\n","protected":false},"author":1,"featured_media":0,"parent":0,"menu_order":0,"comment_status":"open","ping_status":"open","template":"","meta":[],"builder_content":"","_links":{"self":[{"href":"https:\/\/auto-coaching.fr\/index.php\/wp-json\/wp\/v2\/pages\/1528"}],"collection":[{"href":"https:\/\/auto-coaching.fr\/index.php\/wp-json\/wp\/v2\/pages"}],"about":[{"href":"https:\/\/auto-coaching.fr\/index.php\/wp-json\/wp\/v2\/types\/page"}],"author":[{"embeddable":true,"href":"https:\/\/auto-coaching.fr\/index.php\/wp-json\/wp\/v2\/users\/1"}],"replies":[{"embeddable":true,"href":"https:\/\/auto-coaching.fr\/index.php\/wp-json\/wp\/v2\/comments?post=1528"}],"version-history":[{"count":20,"href":"https:\/\/auto-coaching.fr\/index.php\/wp-json\/wp\/v2\/pages\/1528\/revisions"}],"predecessor-version":[{"id":1548,"href":"https:\/\/auto-coaching.fr\/index.php\/wp-json\/wp\/v2\/pages\/1528\/revisions\/1548"}],"wp:attachment":[{"href":"https:\/\/auto-coaching.fr\/index.php\/wp-json\/wp\/v2\/media?parent=1528"}],"curies":[{"name":"wp","href":"https:\/\/api.w.org\/{rel}","templated":true}]}}