{"id":1563,"date":"2014-05-18T14:30:02","date_gmt":"2014-05-18T12:30:02","guid":{"rendered":"http:\/\/www.auto-coaching.fr\/?page_id=1563"},"modified":"2022-02-04T10:47:33","modified_gmt":"2022-02-04T09:47:33","slug":"la-fonction-de-l-observateur","status":"publish","type":"page","link":"https:\/\/auto-coaching.fr\/index.php\/la-fonction-de-l-observateur\/","title":{"rendered":"La fonction de l&rsquo;observateur"},"content":{"rendered":"<p>Aujourd\u2019hui, nous allons parler un peu de physique quantique. La physique quantique consiste \u00e0 explorer l\u2019<strong>infiniment petit<\/strong>, et a \u00e9laborer des th\u00e9ories scientifique, comme on le fait avec la physique classique \u00e0 propos d\u2019objets que nous pouvons voir \u00e0 l\u2019\u0153il nu.<\/p>\n<p>On peut situer la physique quantique \u00e0 l\u2019oppos\u00e9 de l\u2019astrophysique, qui explore et th\u00e9orise \u00e0 propos de l\u2019infiniment grand (le cosmos). Dans ces deux extr\u00eames, il y a beaucoup de choses qui d\u00e9passent l\u2019entendement humain.<\/p>\n<p>Rassurez-vous, la vid\u00e9o que vous allez d\u00e9couvrir a \u00e9t\u00e9 simplifi\u00e9e pour \u00eatre accessible \u00e0 des non-physiciens. Pour des raisons p\u00e9dagogiques, on vous a concoct\u00e9 un dessin-anim\u00e9 sc\u00e9naris\u00e9, qui r\u00e9sume des d\u00e9cennies de travaux en moins de 5 minutes :<\/p>\n<p><div class=\"post-video\"><iframe loading=\"lazy\" title=\"Dr Quantum: Exp\u00e9rience des fentes de Young\" width=\"1165\" height=\"874\" src=\"https:\/\/www.youtube.com\/embed\/7f14cVCpvDc?feature=oembed\" frameborder=\"0\" allow=\"accelerometer; autoplay; clipboard-write; encrypted-media; gyroscope; picture-in-picture\" allowfullscreen><\/iframe><\/div><\/p>\n<p>Source originale :\u00a0<a href=\"https:\/\/www.youtube.com\/watch?v=7f14cVCpvDc\">https:\/\/www.youtube.com\/watch?v=7f14cVCpvDc<\/a><\/p>\n<h2>La fonction de l\u2019observateur<\/h2>\n<p>Visiblement, lorsque la pens\u00e9e humaine ne parvient pas \u00e0 expliquer quelque chose et qu\u2019elle tente d\u2019avoir un contr\u00f4le sur les \u00e9v\u00e8nements (voire une emprise), elle finit par obtenir un r\u00e9sultat conforme \u00e0 ce qu\u2019elle attend\u00a0! L\u2019observateur VEUT COMPRENDRE et fait tout pour obtenir une r\u00e9ponse logique. L\u2019\u00e9lectron finit par \u00abaccepter\u00bb de passer par une seule rainure, perdant la \u00abfonction d\u2019onde\u00bb qu\u2019il retrouve uniquement si on le laisse sans surveillance&#8230;<\/p>\n<p>Ce que je viens d\u2019\u00e9crire est exprim\u00e9 avec plus de prudence, par les physiciens quantiques :<\/p>\n<blockquote>\n<p>Il n\u2019existe pas de mesure objective !<\/p>\n<\/blockquote>\n<p>Le nom scientifique donn\u00e9 \u00e0 ce ph\u00e9nom\u00e8ne. est \u00ab<em>le probl\u00e8me de la mesure quantique<\/em>\u00bb : dans l\u2019univers de \u00abl\u2019infiniment petit\u00bb, il y a des <em>difficult\u00e9s de corr\u00e9lation<\/em> entre les lois physiques, et le monde tel qu\u2019il nous appara\u00eet ou tel qu\u2019il est mesur\u00e9&#8230;<\/p>\n<p>Rien, absolument rien \u00e0 ce jour n\u2019explique ce ph\u00e9nom\u00e8ne&#8230; C\u2019est d\u2019ailleurs le cas de la plupart des ph\u00e9nom\u00e8nes quantiques : les physiciens se contentent de relever des r\u00e9sultats afin de confirmer ou d\u2019infirmer des th\u00e9ories, mais ils \u00e9vitent toute interpr\u00e9tation, car d\u00e8s qu\u2019on tente d\u2019interpr\u00e9ter la chose, on devient mystique !<\/p>\n<p>N\u2019\u00e9tant pas physicien, je vais me permettre une interpr\u00e9tation.<\/p>\n<h2>La vision du coach<\/h2>\n<p>Tant que l\u2019exp\u00e9rimentateur est dans un certains \u00abl\u00e2cher-prise\u00bb (sans mesure), l\u2019\u00e9lectron s\u2019autorise \u00e0 passer par les deux rainures en m\u00eame temps, comme une onde. Mais si on d\u00e9cide que ce n\u2019est pas possible, pas logique, pas coh\u00e9rent avec ce que nous savons de l\u2019\u00e9lectron, au point de vouloir observer sa trajectoire pour tout ma\u00eetriser de A \u00e0 Z, on quitte le \u00abl\u00e2cher-prise\u00bb, et on fait de l\u2019\u00e9lectron ce qu\u2019on veut qu\u2019il soit :<strong> tu es mati\u00e8re et tu retourneras \u00e0 la mati\u00e8re !<\/strong> Tel est le message envoy\u00e9 par l\u2019observateur&#8230; et l\u2019univers quantique lui fait un retour coh\u00e9rent avec sa vision du monde.<\/p>\n<p>L\u2019observateur maintiendra pourtant qu\u2019il n\u2019est qu\u2019un simple spectateur sans influence&#8230; Mais les scientifiques sont formels : c\u2019est bien l\u2019observation qui provoque un <em>effondrement de la fonction d\u2019onde<\/em>.<\/p>\n<p>Pour pouvoir avancer dans leurs recherches, certains physiciens quantiques adoptent une attitude proche de celle des grands maitres spirituels : ils contemplent le monde quantique sans jugement, en attendant des r\u00e9v\u00e9lations qui d\u00e9passent le cadre du \u00abmod\u00e8le standard\u00bb.<\/p>\n<p>Par exemple, pour un physicien quantique, un objet peut \u00eatre \u00e0 la fois immobile et en mouvement (en m\u00eame temps) : il lui suffit d\u2019exister dans deux endroits diff\u00e9rents !<\/p>\n<p>L\u2019ubiquit\u00e9 ?!! Ca, c\u2019est un sacr\u00e9 l\u00e2cher-prise sur le \u00abmod\u00e8le standard\u00bb. Je trouve \u00e7a vraiment cool !!!<\/p>\n<h2>L\u2019image de soi<\/h2>\n<p>Tout \u00e7a me fait penser \u00e0 \u00abl\u2019image de soi\u00bb, dont Victor HUGO \u00e9voquait le principe, bien avant que la psychanalyse ne s\u2019en empare. Dans le deuxi\u00e8me paragraphes de l\u2019\u0153uvre \u00abLES MISERABLES\u00bb, l\u2019auteur nous r\u00e9v\u00e8le ceci :<\/p>\n<blockquote>\n<p>Vrai ou faux, ce qu&#8217;on dit des hommes tient souvent autant de<br \/>place dans leur vie et surtout dans leur destin\u00e9e que ce qu&#8217;ils font.<\/p>\n<\/blockquote>\n<p>Waouw !!! Ca veut dire que d\u00e8s qu\u2019on vous juge d\u2019une certaine fa\u00e7on, on cr\u00e9e une sorte de proph\u00e9tie : vous allez devenir ce qu\u2019on a d\u00e9cid\u00e9 de faire de vous ! Concr\u00e8tement : si on vous traite de voleur, vous risquez de perdre votre fonction d\u2019honn\u00eate-homme (vrai ou faux, peu importe !). Si on vous traite de mauvaise m\u00e8re, vous risquez de perdre votre fonction de m\u00e8re d\u00e9vou\u00e9e (vrai ou faux, peu importe !)&#8230;<\/p>\n<p>Il reste \u00e0 d\u00e9terminer qui est ce \u00ab<strong>on<\/strong>\u00bb et comment \u00e9chapper \u00e0 son emprise&#8230; L\u00e0 o\u00f9 Victor HUGO d\u00e9crit un principe bas\u00e9 sur la nature humaine, le D\u00e9veloppement Personnel propose des solutions pour utiliser cette loi \u00e0 son profit au lieu de la subir :<\/p>\n<blockquote>\n<p>Plus vous vous \u00e9loignerez de ceux qui veulent faire de vous ce que vous ne voulez pas \u00eatre, plus vous pourrez vous rapprocher de ceux qui vous aideront \u00e0 Devenir.<\/p>\n<\/blockquote>\n<h2>L\u2019image de moi&#8230;<\/h2>\n<p>Durant l\u2019op\u00e9ration Pay What You Want, j\u2019ai \u00e9t\u00e9 trait\u00e9 de menteur, de manipulateur toxique, de culpabilisateur&#8230; J\u2019ai subi le regard de divers observateurs&#8230; L\u2019\u00e9lectron libre que j\u2019aspire \u00e0 \u00eatre, risque donc de devenir ce que l\u2019observateur veut faire de lui ! Triste destin&#8230;<\/p>\n<p>J\u2019ai \u00e9galement subi l\u2019empathie de ceux qui croyaient que j\u2019avais de gros probl\u00e8mes d\u2019argent et que je me d\u00e9battais pour collecter des fonds aupr\u00e8s de mes lecteurs&#8230; Ils me souhaitaient bon courage dans ma lutte contre l\u2019adversit\u00e9 de la vie. M\u00eame si pour ces observateurs cette \u00abcollecte\u00bb \u00e9tait l\u00e9gitime, ce regard ne me r\u00e9serve pas une meilleure destin\u00e9e que le pr\u00e9c\u00e9dent !<\/p>\n<p>On m\u2019a \u00e9galement soup\u00e7onn\u00e9 une d\u00e9pression : le fait que j\u2019insiste pendant 2 mois est apparu aux yeux de certains observateurs, comme une lutte d\u00e9sesp\u00e9r\u00e9e due \u00e0 une frustration. L\u00e0 encore, si vous pouviez m\u2019\u00e9viter ce regard aux gentilles apparences, mais qui me r\u00e9serve un destin terrible, je vous en serais reconnaissant.<\/p>\n<p>Heureusement, j\u2019ai \u00e9galement inspir\u00e9 l\u2019admiration, le courage, la pers\u00e9v\u00e9rance, l\u2019intelligence&#8230; Ouf ! C\u2019est \u00e9norme ce que vous m\u2019avez offert par ces t\u00e9moignages : \u00e7a p\u00e8se sur la balance ! Merci pour ce regard et ces applaudissements qui m\u2019ont fait vibrer.<\/p>\n<h2>A moi de jouer !<\/h2>\n<p>Si un lecteur veut que je sois un voleur-fauch\u00e9-d\u00e9pressif, n\u2019est-il pas le premier \u00e0 perdre quelque chose ? <strong>Il me fait perdre ma fonction de coach<\/strong>&#8230; L\u2019int\u00e9r\u00eat de cette Newsletter dispara\u00eet \u00e0 ses yeux, alors qu\u2019il la suit depuis des mois, voire des ann\u00e9es&#8230; La rupture vient davantage du regard qu\u2019il pose sur mes actions que de mes actions. M\u00eame la science est d\u2019accord la-dessus.<\/p>\n<p>Or d\u2019apr\u00e8s Victor HUGO, ce qu\u2019on dit de moi tient autant de place dans ma destin\u00e9e que mes actions. Ce qu\u2019on a dit de moi ces derniers temps est certes mitig\u00e9, mais <strong>mes actions sont encore devant moi<\/strong>. Gr\u00e2ce \u00e0 elles, je peux me racheter une identit\u00e9. Je ne vais pas laisser ces regards d\u00e9terminer qui je suis.<\/p>\n<p>Les semaines \u00e0 venir, je vais donc <strong>AGIR<\/strong> pour me laver des regards qui tentent de me faire perdre ma fonction. J\u2019aimerais en faire profiter un maximum de personnes, c\u2019est pourquoi j\u2019invite tous les observateurs \u00e0 l\u00e2cher-prise sur leurs jugements excessifs pour laisser place \u00e0 la Confiance.<\/p>\n<p>A++<\/p>\n<p><strong>St\u00e9phane SOLOMON<\/strong><\/p>\n<!--themify_builder_content-->\n<div id=\"themify_builder_content-1563\" data-postid=\"1563\" class=\"themify_builder_content themify_builder_content-1563 themify_builder tf_clear\">\n    <\/div>\n<!--\/themify_builder_content-->","protected":false},"excerpt":{"rendered":"<p>Aujourd\u2019hui, nous allons parler un peu de physique quantique. La physique quantique consiste \u00e0 explorer l\u2019infiniment petit, et a \u00e9laborer des th\u00e9ories scientifique, comme on le fait avec la physique classique \u00e0 propos d\u2019objets que nous pouvons voir \u00e0 l\u2019\u0153il nu. On peut situer la physique quantique \u00e0 l\u2019oppos\u00e9 de l\u2019astrophysique, qui explore et th\u00e9orise [&hellip;]<\/p>\n","protected":false},"author":1,"featured_media":0,"parent":0,"menu_order":0,"comment_status":"open","ping_status":"open","template":"","meta":[],"builder_content":"","_links":{"self":[{"href":"https:\/\/auto-coaching.fr\/index.php\/wp-json\/wp\/v2\/pages\/1563"}],"collection":[{"href":"https:\/\/auto-coaching.fr\/index.php\/wp-json\/wp\/v2\/pages"}],"about":[{"href":"https:\/\/auto-coaching.fr\/index.php\/wp-json\/wp\/v2\/types\/page"}],"author":[{"embeddable":true,"href":"https:\/\/auto-coaching.fr\/index.php\/wp-json\/wp\/v2\/users\/1"}],"replies":[{"embeddable":true,"href":"https:\/\/auto-coaching.fr\/index.php\/wp-json\/wp\/v2\/comments?post=1563"}],"version-history":[{"count":8,"href":"https:\/\/auto-coaching.fr\/index.php\/wp-json\/wp\/v2\/pages\/1563\/revisions"}],"predecessor-version":[{"id":6068,"href":"https:\/\/auto-coaching.fr\/index.php\/wp-json\/wp\/v2\/pages\/1563\/revisions\/6068"}],"wp:attachment":[{"href":"https:\/\/auto-coaching.fr\/index.php\/wp-json\/wp\/v2\/media?parent=1563"}],"curies":[{"name":"wp","href":"https:\/\/api.w.org\/{rel}","templated":true}]}}