{"id":1592,"date":"2014-06-09T11:38:32","date_gmt":"2014-06-09T09:38:32","guid":{"rendered":"http:\/\/www.auto-coaching.fr\/?page_id=1592"},"modified":"2014-06-12T11:53:45","modified_gmt":"2014-06-12T09:53:45","slug":"pourquoi-vous-justifiez-vous","status":"publish","type":"page","link":"https:\/\/auto-coaching.fr\/index.php\/pourquoi-vous-justifiez-vous\/","title":{"rendered":"Pourquoi vous justifiez-vous ?"},"content":{"rendered":"<p>Sous ma derni\u00e8re vid\u00e9o (Attraction 2), Jean-Baptiste et Olivier me demandent :<\/p>\n<p><em>&#8211; St\u00e9phane, pourquoi vous justifiez-vous ?<\/em><\/p>\n<p>Vous rendez-vous compte que vous me demandez de justifier la raison pour laquelle je me justifie ?&#8230; C\u2019est rigolo ! Heureusement, j\u2019ai appris \u00e0 \u00e9viter les Double-Bind, donc je reformule :<\/p>\n<p><em>&#8211; St\u00e9phane, vous n\u2019avez pas besoin de vous justifier ! Ceux qui comprennent votre travail vous suivent ! Avancez avec les plus motiv\u00e9s, mais ne vous arr\u00eatez pas \u00e0 chaque fois que quelqu\u2019un vous critique ou biaise vos intentions&#8230; <\/em><\/p>\n<p>C\u2019est encore plus rigolo ! Parce que le recadrage des critiques fait partie de ce programme ! Comment voulez-vous&nbsp; que je fasse un coaching anti-procrastination, sans procrastinateurs ?<\/p>\n<p>La critique est une PROCRASTINATION dans la majorit\u00e9 des cas ! Et lorsqu\u2019on sait que 95% des critiques sont internes (des critiques que vous formulez vous-m\u00eame \u00e0 votre \u00e9gard), \u00e7a vaut vraiment le coup d\u2019y travailler. Vous croyez vraiment que j\u2019ai besoin de G\u00e9rard pour me dire que je vous gonfle ? Pas du tout ! A chaque fois que j\u2019aborde un nouveau th\u00e8me, je sais d\u2019avance que je vais vous gonfler, ou du moins que je vais gonfler une partie de mon lectorat. C\u2019est \u00e9vident : vous \u00eates des milliers ! <strong>Je ne peux pas faire l\u2019unanimit\u00e9&#8230;<\/strong><\/p>\n<p>Est-ce que je me justifie parce que J\u2019AI PEUR d\u2019\u00eatre mal interpr\u00e9t\u00e9, et donc mal jug\u00e9. Est-ce que je me dis que si je n\u2019explique pas pourquoi je fais les choses, les gens vont s\u2019inventer une histoire qui n\u2019est pas vraie ?<\/p>\n<p>Il y a un peu de \u00e7a :<\/p>\n<blockquote>\n<p>Lorsque vous n\u2019\u00e9crivez pas votre histoire, ce sont les autres qui l\u2019\u00e9crivent.<\/p>\n<\/blockquote>\n<p>Les choses sont tr\u00e8s diff\u00e9rentes lorsque vous \u00e9crivez votre histoire : non seulement, vous savez d\u2019o\u00f9 vous venez et o\u00f9 vous allez, mais en plus, ceux qui vous lisent vont s\u2019inspirer de votre historie pour \u00e9crire la leur.<\/p>\n<p>La critique de G\u00e9rard aurait pu \u00eatre la mienne, et je la recadre :<\/p>\n<p>&#8211; Oui, je vais les gonfler&#8230; Je vais les gonfler \u00e0 bloc !<\/p>\n<p>C\u2019est ce que j\u2019ai fait avec l\u2019article \u00abJe suis fier de toi mon fils !\u00bb.<\/p>\n<h2>Un peu de Communication<\/h2>\n<p>Jean-Baptiste et Olivier prennent la d\u00e9fense de G\u00e9rard en justifiant sa r\u00e9action. Selon eux ce qu\u2019il voulait me dire, c\u2019est :<\/p>\n<p><em>&#8211; St\u00e9phane, tu n\u2019as pas \u00e0 te justifier de gagner de l\u2019argent ! Avance dans ton programme !<\/em><\/p>\n<p>Mais il l\u2019a exprim\u00e9 comme ceci :<\/p>\n<p><em>&#8211; St\u00e9phane, tu nous gonfles avec tes histoires d\u2019argent !<\/em><\/p>\n<p>Rappelez-vous : je me sers de l\u2019histoire de TIME-COACH pour inspirer les auto-coachs \u00e0 travers mes articles, comme Jean de LA FONTAINE se servait des animaux pour instruire les hommes \u00e0 travers ses fables.<\/p>\n<p>G\u00e9rard grince des dents, me demandant de changer de sujet. Il m\u2019invente une histoire, me disant que je parle trop d\u2019argent ou (selon Olivier) que je parle trop des lecteurs qui ont des probl\u00e8mes avec l\u2019argent&#8230;<\/p>\n<p>Quelle que soit l\u2019intention de G\u00e9rard, j\u2019ai saut\u00e9 sur cette belle occasion pour inviter tous mes lecteurs \u00e0 me lire autrement : je ne parlais pas d\u2019argent, mais de la r\u00e9alisation d\u2019un projet gr\u00e2ce \u00e0 une relation de CONFIANCE entre deux hommes d\u2019action. L\u2019argent fait partie de cette belle aventure, je l\u2019affirme et j\u2019invite mes lecteurs \u00e0 l\u2019assumer, car je sais que beaucoup d\u2019entre-eux sont de v\u00e9ritables aventuriers qui se privent d\u2019aventures \u00e0 cause des histoires d\u2019argent&#8230; Ca vaut vraiment le coup qu\u2019on en parle ! Ce n\u2019est pas un break&#8230; En ouvrant cette parenth\u00e8se, j\u2019avance dans mon programme !<\/p>\n<p>Dans \u00abAttraction 2\u00bb, je demande \u00e0 G\u00e9rard de communiquer positivement avec moi, et de me dire ce qui lui a plu dans ce programme pour qu\u2019il y reste plus de 3 ans. Je lui promets que s\u2019il me r\u00e9ponds, je r\u00e9\u00e9crirai un article conforme \u00e0 ce qu\u2019il aime : CADEAU !<\/p>\n<p>J\u2019attends toujours sa r\u00e9ponse&#8230;<\/p>\n<p>C\u2019est beaucoup plus facile de dire \u00ab\u00e7a ne me pla\u00eet pas !\u00bb que d\u2019exprimer sa satisfaction. L\u00e0 encore, si j\u2019en parle publiquement, collectivement, c\u2019est parce que ce trait humain ne concerne pas que G\u00e9rard ! Il nous concerne tous (je m\u2019en rends compte lorsque je critique mon fils).<\/p>\n<p>Je n\u2019ai pas cit\u00e9 G\u00e9rard pour en faire mon souffre-douleur, mais mon souffle-bonheur. J\u2019ai profit\u00e9 de sa remarque pour demander \u00e0 tous les lecteurs que \u00abje gonfle\u00bb, de me dire quels articles leur ont plu. Ce programme tient compte de vos interventions. Vous voulez des articles diff\u00e9rents ? Dites-moi ce qui vous pla\u00eet, pas ce qui ne vous pla\u00eet pas&#8230;<\/p>\n<p>Deux lecteurs m\u2019ont r\u00e9pondu : <\/p>\n<p><em>&#8211; St\u00e9phane, pourquoi vous justifiez-vous ?<\/em><\/p>\n<p>Dois-je en conclure que ce qui vous pla\u00eet dans ce programme, ce sont les recadrages ?<\/p>\n<p>Avez-vous autre chose \u00e0 me mettre sous la dent ?<\/p>\n<p>A++<\/p>\n<p><strong>St\u00e9phane SOLOMON<\/strong><\/p>\n<!--themify_builder_content-->\n<div id=\"themify_builder_content-1592\" data-postid=\"1592\" class=\"themify_builder_content themify_builder_content-1592 themify_builder tf_clear\">\n    <\/div>\n<!--\/themify_builder_content-->\n","protected":false},"excerpt":{"rendered":"<p>Sous ma derni\u00e8re vid\u00e9o (Attraction 2), Jean-Baptiste et Olivier me demandent : &#8211; St\u00e9phane, pourquoi vous justifiez-vous ? Vous rendez-vous compte que vous me demandez de justifier la raison pour laquelle je me justifie ?&#8230; C\u2019est rigolo ! Heureusement, j\u2019ai appris \u00e0 \u00e9viter les Double-Bind, donc je reformule : &#8211; St\u00e9phane, vous n\u2019avez pas besoin [&hellip;]<\/p>\n","protected":false},"author":1,"featured_media":0,"parent":0,"menu_order":0,"comment_status":"open","ping_status":"open","template":"","meta":[],"builder_content":"","_links":{"self":[{"href":"https:\/\/auto-coaching.fr\/index.php\/wp-json\/wp\/v2\/pages\/1592"}],"collection":[{"href":"https:\/\/auto-coaching.fr\/index.php\/wp-json\/wp\/v2\/pages"}],"about":[{"href":"https:\/\/auto-coaching.fr\/index.php\/wp-json\/wp\/v2\/types\/page"}],"author":[{"embeddable":true,"href":"https:\/\/auto-coaching.fr\/index.php\/wp-json\/wp\/v2\/users\/1"}],"replies":[{"embeddable":true,"href":"https:\/\/auto-coaching.fr\/index.php\/wp-json\/wp\/v2\/comments?post=1592"}],"version-history":[{"count":6,"href":"https:\/\/auto-coaching.fr\/index.php\/wp-json\/wp\/v2\/pages\/1592\/revisions"}],"predecessor-version":[{"id":1602,"href":"https:\/\/auto-coaching.fr\/index.php\/wp-json\/wp\/v2\/pages\/1592\/revisions\/1602"}],"wp:attachment":[{"href":"https:\/\/auto-coaching.fr\/index.php\/wp-json\/wp\/v2\/media?parent=1592"}],"curies":[{"name":"wp","href":"https:\/\/api.w.org\/{rel}","templated":true}]}}