{"id":1613,"date":"2014-06-20T21:30:51","date_gmt":"2014-06-20T19:30:51","guid":{"rendered":"http:\/\/www.auto-coaching.fr\/?page_id=1613"},"modified":"2014-06-20T21:38:04","modified_gmt":"2014-06-20T19:38:04","slug":"un-beau-papa","status":"publish","type":"page","link":"https:\/\/auto-coaching.fr\/index.php\/un-beau-papa\/","title":{"rendered":"Un beau papa"},"content":{"rendered":"<p>J&#8217;ai pr\u00e9vu une vid\u00e9o pour aujourd&#8217;hui, mais juste avant de l&#8217;envoyer, une amie m&#8217;en a envoy\u00e9 une autre, que je trouve plus congruente avec ma d\u00e9marche de cette semaine.  <\/p>\n<p>Du coup, j&#8217;ai chang\u00e9 de plan&#8230;  <\/p>\n<p>&#8211; Comment ?!!! S&#8217;exclameront certains, un coach qui change de plan comme \u00e7a, suite \u00e0 un \u00e9v\u00e8nement ? Ne dit-on pas qu&#8217;il faut garder le cap ! Pers\u00e9v\u00e9rer ! Avancer !???  <\/p>\n<p>Vous avez raison, mais si vous pensez que j&#8217;ai chang\u00e9 de cap, vous confondez le POUR QUOI et le COMMENT :  <\/p>\n<p>Tout d&#8217;abord la vid\u00e9o que j&#8217;avais pr\u00e9vue cette semaine pourra trouver sa place la semaine prochaine. Donc ce n&#8217;est pas un grand changement, juste un ordre diff\u00e9rent. De plus, je n&#8217;abandonne pas mon objectif.  <\/p>\n<p>Beaucoup de gens confondent la m\u00e9thode (le plan d&#8217;action, la strat\u00e9gie, etc.) avec l&#8217;objectif fix\u00e9. Du coup, lorsqu&#8217;une strat\u00e9gie ne fonctionne pas, ils abandonnent l&#8217;objectif, alors qu&#8217;ils pourraient juste changer de m\u00e9thode ou inverser deux \u00e9tapes du plan.  <\/p>\n<h2>Le QUOI demeure. <\/h2>\n<p>Bon&#8230; Du coup, je n&#8217;ai pas r\u00e9dig\u00e9 un commentaire sur cette vid\u00e9o. Mais je vais utiliser un biais cognitif pour me sortir de l\u00e0 :  <\/p>\n<p>Pour moi, cette vid\u00e9o se passe de commentaire !  <\/p>\n<p>Mais si vous avez envie de \u00abl\u00e2cher un comm\u00bb, \u00e7a va peut-\u00eatre m&#8217;inspirer. <\/p>\n<div style=\"height: 0px; position: relative; padding-bottom: 56.25%; padding-top: 25px\"><iframe style=\"border-left-width: 0px; height: 100%; border-right-width: 0px; width: 100%; border-bottom-width: 0px; position: absolute; left: 0px; top: 0px; border-top-width: 0px\" src=\"http:\/\/www.ohmymag.com\/embed\/fuYIbKAfCyJUZ4JFuv40yg\" mozallowfullscreen=\"true\" webkitallowfullscreen=\"true\" allowfullscreen=\"true\"><\/iframe><\/div>\n<p><a href=\"http:\/\/www.ohmymag.com\/mariage\/le-pere-de-cette-mariee-donne-des-conseils-en-pleine-ceremonie-il-va-vous-emouvoir_art79536.html\" target=\"_blank\">Le p\u00e8re de cette mari\u00e9e donne des conseils en pleine c\u00e9r\u00e9monie. Il va vous \u00e9mouvoir<\/a><i> par <a href=\"http:\/\/www.ohmymag.com\" target=\"_blank\">Ohmymag<\/a><\/i>  <\/p>\n<p>&nbsp; <\/p>\n<p>A++  <\/p>\n<p><strong>St\u00e9phane SOLOMON<\/strong><\/p>\n<!--themify_builder_content-->\n<div id=\"themify_builder_content-1613\" data-postid=\"1613\" class=\"themify_builder_content themify_builder_content-1613 themify_builder tf_clear\">\n    <\/div>\n<!--\/themify_builder_content-->\n","protected":false},"excerpt":{"rendered":"<p>J&#8217;ai pr\u00e9vu une vid\u00e9o pour aujourd&#8217;hui, mais juste avant de l&#8217;envoyer, une amie m&#8217;en a envoy\u00e9 une autre, que je trouve plus congruente avec ma d\u00e9marche de cette semaine. Du coup, j&#8217;ai chang\u00e9 de plan&#8230; &#8211; Comment ?!!! S&#8217;exclameront certains, un coach qui change de plan comme \u00e7a, suite \u00e0 un \u00e9v\u00e8nement ? Ne dit-on [&hellip;]<\/p>\n","protected":false},"author":1,"featured_media":0,"parent":0,"menu_order":0,"comment_status":"open","ping_status":"open","template":"","meta":[],"builder_content":"","_links":{"self":[{"href":"https:\/\/auto-coaching.fr\/index.php\/wp-json\/wp\/v2\/pages\/1613"}],"collection":[{"href":"https:\/\/auto-coaching.fr\/index.php\/wp-json\/wp\/v2\/pages"}],"about":[{"href":"https:\/\/auto-coaching.fr\/index.php\/wp-json\/wp\/v2\/types\/page"}],"author":[{"embeddable":true,"href":"https:\/\/auto-coaching.fr\/index.php\/wp-json\/wp\/v2\/users\/1"}],"replies":[{"embeddable":true,"href":"https:\/\/auto-coaching.fr\/index.php\/wp-json\/wp\/v2\/comments?post=1613"}],"version-history":[{"count":2,"href":"https:\/\/auto-coaching.fr\/index.php\/wp-json\/wp\/v2\/pages\/1613\/revisions"}],"predecessor-version":[{"id":1615,"href":"https:\/\/auto-coaching.fr\/index.php\/wp-json\/wp\/v2\/pages\/1613\/revisions\/1615"}],"wp:attachment":[{"href":"https:\/\/auto-coaching.fr\/index.php\/wp-json\/wp\/v2\/media?parent=1613"}],"curies":[{"name":"wp","href":"https:\/\/api.w.org\/{rel}","templated":true}]}}