{"id":1619,"date":"2014-06-27T16:39:37","date_gmt":"2014-06-27T14:39:37","guid":{"rendered":"http:\/\/www.auto-coaching.fr\/?page_id=1619"},"modified":"2018-07-06T20:04:27","modified_gmt":"2018-07-06T19:04:27","slug":"la-seconde-chance-mvem","status":"publish","type":"page","link":"https:\/\/auto-coaching.fr\/index.php\/la-seconde-chance-mvem\/","title":{"rendered":"La seconde chance"},"content":{"rendered":"<p>Il y a 3 semaines, je vous ai propos\u00e9 de rejoindre le programme SPARK de Franck NICOLAS. Il fallait saisir une opportunit\u00e9 imm\u00e9diate, ce qui n&#8217;est pas toujours facile.<\/p>\n<p>Vous savez que je suis un grand partisan de la seconde chance, et elle me le rend bien : elle vient d&#8217;appara\u00eetre, et je voudrais vous en faire profiter ! Mais afin d&#8217;\u00e9viter de vous envoyer uniquement un article publicitaire, j&#8217;aimerais vous parler un peu de la SECONDE CHANCE&#8230; C&#8217;est important pour un auto-coach. Savez-vous comment cette chance est per\u00e7ue par la majorit\u00e9 ?<\/p>\n<blockquote><p>La plupart des gens croient que la seconde chance doit se pr\u00e9senter exactement de la m\u00eame fa\u00e7on que la premi\u00e8re ! Ils s&#8217;attendent donc \u00e0 quelque chose de strictement identique, et lorsqu&#8217;il y a des diff\u00e9rences, ils se disent qu&#8217;il ne s&#8217;agit pas d&#8217;une seconde chance&#8230; Leur d\u00e9ception (parfois leur frustration) leur fait rater le coche.<\/p><\/blockquote>\n<h2>Exemples<\/h2>\n<ul>\n<li>prenons une personne qui cherche un emploi. Elle passe le test de recrutement, et quelque jours plus tard, elle re\u00e7oit une lettre de refus&#8230; Un mois passe, et le m\u00eame cabinet la rappelle pour lui proposer un poste diff\u00e9rent. Eh bien la plupart des gens n&#8217;y voient pas une seconde chance dans la continuit\u00e9 de la premi\u00e8re. Ils y voient quelque chose de nouveau et perdent un temps fou \u00e0 r\u00e9\u00e9valuer la proposition en repartant de z\u00e9ro ! Ils se repr\u00e9sentent m\u00eame au test de recrutement, alors qu&#8217;ils l&#8217;ont d\u00e9j\u00e0 pass\u00e9&#8230;<\/li>\n<li>Je remarque aussi ce ph\u00e9nom\u00e8ne dans mes coachings existentiels, lorsque j&#8217;explique \u00e0 une personne que son parcours a du sens, et qu&#8217;elle peut se servir de tout ce qu&#8217;elle a travers\u00e9 comme \u00e9preuves pour s&#8217;engager dans une nouvelle voie avec un beau bagage, il faut parfois 6 s\u00e9ances et une bonne vingtaine de r\u00e9p\u00e9titions pour que ce principe soit assimil\u00e9.<\/li>\n<li>Apr\u00e8s un d\u00e9p\u00f4t de bilan, l&#8217;entrepreneur qui d\u00e9cide de se donner une seconde chance en cr\u00e9ant une nouvelle entreprise, comprend au moment de la d\u00e9cision que son \u00e9chec vient de changer de statut : d\u00e8s qu&#8217;il saisit sa SECONDE CHANCE, l&#8217;\u00e9chec devient une exp\u00e9rience.<\/li>\n<\/ul>\n<p>LA SECONDE CHANCE fait partie int\u00e9grante de l&#8217;Histoire : elle compl\u00e8te une d\u00e9marche initiale qui appara\u00eet comme une erreur \u00e0 un instant T. Mais <b>d\u00e8s que la SECONDE CHANCE apparait, l&#8217;erreur dispara\u00eet&#8230;<\/b><\/p>\n<h2>Votre SECONDE CHANCE<\/h2>\n<p>Je ne vous propose pas une deuxi\u00e8me chance de vous inscrire \u00e0 SPARK. Si vous attendez cet \u00e9v\u00e8nement, ce sera pour mai 2015. Par contre, vous pouvez recadrer l&#8217;opportunit\u00e9 :<\/p>\n<p>Ce que je vous propose c&#8217;est une SECONDE CHANCE de suivre un programme de formation et de coaching en vid\u00e9o. Cette chance s&#8217;appelle <strong>\u00abMA VIE EN MAIN\u00bb<\/strong>. C&#8217;est une compilation de programmes de plusieurs conf\u00e9renciers : 80 heures de vid\u00e9o d\u00e9livr\u00e9es progressivement tout au long de l&#8217;ann\u00e9e.<\/p>\n<p><strong>Voyons comment envisager ce programme sous l&#8217;angle de la SECONDE CHANCE :<\/strong><\/p>\n<ul>\n<li>Si vous avez commenc\u00e9 \u00e0 peser le pour et le contre avec SPARK, reprenez votre analyse l\u00e0 o\u00f9 vous l&#8217;aviez laiss\u00e9e.<\/li>\n<li>Si vous consid\u00e9rez que j&#8217;ai fait une erreur en vous pr\u00e9venant au dernier moment, l&#8217;erreur est rectifi\u00e9e : non seulement vous avez eu le temps d\u2019y r\u00e9fl\u00e9chir, mais le teaser de ce programme est disponible jour et nuit jusqu\u2019\u00e0 mercredi.<\/li>\n<li>De nombreux lecteurs m&#8217;ont encourag\u00e9 lorsque j&#8217;ai parl\u00e9 de ma commission, consid\u00e9rant que c&#8217;\u00e9tait normal, et que j&#8217;avais raison de me positionner ainsi. Donc je ne vais pas vous regonfler avec \u00e7a : nous sommes dans la continuit\u00e9.<\/li>\n<\/ul>\n<p>Il y a toutefois une diff\u00e9rence : souvenez-vous, j&#8217;ai mis un point d&#8217;honneur \u00e0 vous pr\u00e9ciser que je vendais SPARK parce que j&#8217;ai test\u00e9 le produit et je l&#8217;ai trouv\u00e9 excellent. Mais je n\u2019ai pas test\u00e9 \u00abMA VIE EN MAIN\u00bb. Alors comment puis-je oser vous le vendre ? A moins de vous mentir, je vais me contredire&#8230;<\/p>\n<p>Eh bien pas tant que \u00e7a, car moi aussi, je vais saisir ma SECONDE CHANCE pour\u00a0 nuancer ce que j\u2019ai dit : s&#8217;il est vrai que je n&#8217;ai pas test\u00e9 l&#8217;int\u00e9gralit\u00e9 du programme, je connais une bonne partie des intervenants, et je peux vous en parler :<\/p>\n<ul>\n<li><strong>Jean-Jacques CREVCOEUR<\/strong> vous apprendra \u00e0 apprendre. C&#8217;est un p\u00e9dagogue hors-pair. J&#8217;ai d\u00e9j\u00e0 suivi 3 de ses web-conf\u00e9rences. J&#8217;en sors transform\u00e9 \u00e0 chaque fois.<\/li>\n<li><strong>Patrick LEROUX<\/strong> ira chercher vos meilleures sources de motivation. J&#8217;ai son DVD chez moi (le feu sacr\u00e9 du S.U.C.C.E.S), c&#8217;est une r\u00e9f\u00e9rence en la mati\u00e8re.<\/li>\n<li><strong>Olivier SEBAN<\/strong> vous r\u00e9conciliera avec l&#8217;argent. J&#8217;ai t\u00e9l\u00e9charg\u00e9 son livre l&#8217;ann\u00e9e derni\u00e8re. C&#8217;est l&#8217;homme-riche-tranquille&#8230; Il vous parle d&#8217;argent comme on parle de fleurs.<\/li>\n<li><strong>St\u00e9phanie MILLOT<\/strong> stimulera votre intelligence \u00e9motionnelle. J&#8217;ai eu l&#8217;occasion de la voir \u00e0 l&#8217;\u0153uvre dans bien des programmes de D\u00e9veloppement Personnel. Elle est \u00e9patante !<\/li>\n<li><strong>Max PICCININI<\/strong> construira des ponts entre l&#8217;\u00e9motion et l&#8217;action concr\u00e8te. Je le suis sur FACEBOOK depuis plus d&#8217;un an. Il est brillant !<\/li>\n<li><strong>David LAROCHE<\/strong> vous inspirera par son dynamisme. C&#8217;est le plus jeune des motivateurs ! La premi\u00e8re fois que je l&#8217;ai vu, il y a 2 ans, j&#8217;ai ri (avec une certaine tendresse), car j&#8217;ai rep\u00e9r\u00e9 toutes les techniques PNL recommand\u00e9es aux timides, et je me suis dit qu&#8217;il y avait encore du chemin&#8230; Puis, j&#8217;ai pris une claque : en l&#8217;espace de quelques mois, il a battu tous les records d&#8217;audience sur le WEB, et ses conf\u00e9rences en pr\u00e9sentiel font salle comble dans toutes les grandes ville de France.<\/li>\n<\/ul>\n<p>Je ne connais pas Marcelle DELLA FAILLE, Imane LAHLOU, Audrey SCKOROPAD, Julie MARCHAND, Sylvia SATYA, Richard AUBE et David BERNARD, mais j&#8217;ai vu leur \u00abteaser\u00bb, et je suis impatient de les d\u00e9couvrir davantage.<\/p>\n<p>Vous l&#8217;avez compris, \u00abMA VIE EN MAIN\u00bb est une deuxi\u00e8me chance pour ceux qui veulent aller de l\u2019avant dans leur D\u00e9veloppement Personnel, et qui n&#8217;ont pas eu le temps d&#8217;\u00e9valuer l&#8217;offre SPARK. Ce n&#8217;est pas le m\u00eame programme, conform\u00e9ment au principe de la SECONDE CHANCE, mais c&#8217;est dans la continuit\u00e9.<\/p>\n<blockquote><p>C\u2019est un autre COMMENT pour votre QUOI<\/p><\/blockquote>\n<p>Je vous laisse d\u00e9couvrir les vid\u00e9os de lancement. Mais je me permets un petit conseil pr\u00e9alable : il est d\u2019usage dans le domaine du D\u00e9veloppement Personnel de <strong>donner avant de recevoir<\/strong>. Donc les vid\u00e9os de pr\u00e9sentation que vous allez voir n\u2019ont pas pour vocation de vous d\u00e9lester de 397 euros, mais de vous aider \u00e0 prendre une d\u00e9cision en go\u00fbtant l\u2019\u00e9chantillon. En regardant ces vid\u00e9os, vous avez un choix de perception \u00e0 faire :<\/p>\n<ul>\n<li>Soit vous consid\u00e9rez que c\u2019est une pub, et vous ne verrez que \u00e7a : des promesses&#8230; Toujours des promesses&#8230;<\/li>\n<li>Soit vous consid\u00e9rez que ce sont des vid\u00e9os riches d\u2019enseignement, et vous vous enrichirez.<\/li>\n<\/ul>\n<p>Il en est de m\u00eame pour l\u2019article que vous venez de lire&#8230; Ceux qui n\u2019y voient qu\u2019une pub, voient en moi un vendeur. Ceux qui ont lu un article sur la SECONDE CHANCE, voient en moi un coach.<\/p>\n<p>C\u2019est fou ce qu\u2019on peut faire avec un simple regard&#8230;<\/p>\n<p align=\"center\"><a style=\"font-size: 14pt;\" href=\"http:\/\/leprogramme.mavieenmain.com\/#53ac31d172c23\">Cliquez ici pour acc\u00e9der \u00e0 la pr\u00e9sentation du programme<br \/>\nMA VIE EN MAINS<\/a><\/p>\n<p>A++<\/p>\n<p><strong>St\u00e9phane SOLOMON<\/strong><\/p>\n<!--themify_builder_content-->\n<div id=\"themify_builder_content-1619\" data-postid=\"1619\" class=\"themify_builder_content themify_builder_content-1619 themify_builder tf_clear\">\n    <\/div>\n<!--\/themify_builder_content-->\n","protected":false},"excerpt":{"rendered":"<p>Il y a 3 semaines, je vous ai propos\u00e9 de rejoindre le programme SPARK de Franck NICOLAS. Il fallait saisir une opportunit\u00e9 imm\u00e9diate, ce qui n&#8217;est pas toujours facile. Vous savez que je suis un grand partisan de la seconde chance, et elle me le rend bien : elle vient d&#8217;appara\u00eetre, et je voudrais vous [&hellip;]<\/p>\n","protected":false},"author":1,"featured_media":0,"parent":0,"menu_order":0,"comment_status":"open","ping_status":"open","template":"","meta":[],"builder_content":"","_links":{"self":[{"href":"https:\/\/auto-coaching.fr\/index.php\/wp-json\/wp\/v2\/pages\/1619"}],"collection":[{"href":"https:\/\/auto-coaching.fr\/index.php\/wp-json\/wp\/v2\/pages"}],"about":[{"href":"https:\/\/auto-coaching.fr\/index.php\/wp-json\/wp\/v2\/types\/page"}],"author":[{"embeddable":true,"href":"https:\/\/auto-coaching.fr\/index.php\/wp-json\/wp\/v2\/users\/1"}],"replies":[{"embeddable":true,"href":"https:\/\/auto-coaching.fr\/index.php\/wp-json\/wp\/v2\/comments?post=1619"}],"version-history":[{"count":3,"href":"https:\/\/auto-coaching.fr\/index.php\/wp-json\/wp\/v2\/pages\/1619\/revisions"}],"predecessor-version":[{"id":1919,"href":"https:\/\/auto-coaching.fr\/index.php\/wp-json\/wp\/v2\/pages\/1619\/revisions\/1919"}],"wp:attachment":[{"href":"https:\/\/auto-coaching.fr\/index.php\/wp-json\/wp\/v2\/media?parent=1619"}],"curies":[{"name":"wp","href":"https:\/\/api.w.org\/{rel}","templated":true}]}}