{"id":163,"date":"2012-07-26T14:29:18","date_gmt":"2012-07-26T14:29:18","guid":{"rendered":"http:\/\/www.auto-coaching.fr\/?page_id=163"},"modified":"2012-07-26T15:19:41","modified_gmt":"2012-07-26T15:19:41","slug":"la-perception","status":"publish","type":"page","link":"https:\/\/auto-coaching.fr\/index.php\/la-perception\/","title":{"rendered":"La perception"},"content":{"rendered":"<p>Jean, Pierre et Jacques sont 3 lecteurs assidus de TIME-COACH. Ils ouvrent mes courriers dans l\u2019heure qui suit l\u2019envoi. Toutefois, depuis le temps qu&#8217;ils \u00abconnaissent\u00bb TIME-COACH, ils ont eu le temps de se forger une opinion :<\/p>\n<ul>\n<li>Lorsque Jean voit TIME-COACH s\u2019afficher, il se dit : <em>Chouette ! Je vais encore m\u2019amuser&#8230; Me chatouiller l\u2019esprit.<\/em>\n<li>Lorsque Pierre re\u00e7oit l\u2019avis de r\u00e9ception, il se dit : <em>Je vais commencer ma journ\u00e9e de demain par cette lecture. Je suis s\u00fbr que je vais trouver de quoi alimenter mon projet en cours&#8230; C\u2019est tellement int\u00e9ressant tout \u00e7a&#8230;<\/em>\n<li>Lorsque Jacques aper\u00e7oit mon nom, il se dit : <em>Oula ! Qu\u2019est-ce qu\u2019il veut encore me vendre, celui-l\u00e0 ? Quel type de manipulation va-t-il utiliser pour asservir ses lecteurs ?<\/em> <\/li>\n<\/ul>\n<h2>Question de coach :<\/h2>\n<p>En ouvrant exactement le m\u00eame message, Jean, Paul et Jacques, vont-ils lire la m\u00eame chose ?<\/p>\n<h2>R\u00e9ponse de coach :<\/h2>\n<p>Non ! En recevant exactement le m\u00eame article, ces 3 lecteurs liront 3 messages diff\u00e9rents !<\/p>\n<ul>\n<li>Jean lira une r\u00e9cit amusant\n<li>Pierre lira un article proposant r\u00e9flexions et actions\n<li>Jacques lira une proposition commerciale <\/li>\n<\/ul>\n<p>Apr\u00e8s lecture, Jean ira chatouiller l\u2019esprit de ceux qui l\u2019entourent, parfois en pr\u00e9cisant que c\u2019est TIME-COACH qui lui a inspir\u00e9 cette bonne blague. Si mon message n\u2019est pas sp\u00e9cialement dr\u00f4le, il va se demander pourquoi je le lui ai envoy\u00e9, alors qu\u2019il s\u2019est inscrit pour rire&#8230;<\/p>\n<p>Pierre se concentrera sur ma proposition et lui accordera une certaine VALEUR. Apr\u00e8s transformation, il m\u2019enverra un t\u00e9moignage du type \u00ab<em>C\u2019est incroyable ! Votre message tombe \u00e0 pic&#8230; J\u2019\u00e9tais justement coinc\u00e9 sur cette r\u00e9flexion. On dirait que vous l\u2019avez \u00e9crit pour moi ! Merci mille fois ! J\u2019adh\u00e8re avec joie au programme que vous proposez en conclusion, et j\u2019en parle autour de moi.<\/em>\u00bb. Si ma proposition ne lui \u00e9voque rien, il se rappellera que j\u2019\u00e9cris \u00e0 10.000 lecteurs et que cette fois-ci, mon message a touch\u00e9 d\u2019autres destinataires.<\/p>\n<p>Jacques s\u2019exclamera : \u00ab<em>Quel \u00e9nergum\u00e8ne ! Et le pire c\u2019est qu\u2019il vend avec \u00e7a ! Les lecteurs de ce pauvre type sont de gros malades qui ne savent pas quoi faire de leur temps ! Je vais envoyer \u00e7a \u00e0 mon avocat. Je suis s\u00fbr que cette pratique commerciale est ill\u00e9gale !<\/em>\u00bb. Si mon message le touche un peu, il se dira que parfois j\u2019ai l\u2019air honn\u00eate, sensible, altruiste&#8230; Mais que c\u2019est peut-\u00eatre pour mieux tromper mon monde par la suite. Et cette suite lui confirmera qu\u2019il avait raison !<\/p>\n<h2>Perception<\/h2>\n<p>Eh oui&#8230; Ca s\u2019appelle la perception. Nous en sommes tous victimes ou b\u00e9n\u00e9ficiaires. Nous obtenons ce que notre \u00e9tat d\u2019esprit nous autorise \u00e0 recevoir. Parfois un peu plus, parfois un peu moins&#8230; En d\u2019autres termes, Jean, Pierre et Jacques trouvent ce qu\u2019ils cherchent, et ont ce qu\u2019ils m\u00e9ritent : le premier un amusement gratuit et sympa, le second une source de r\u00e9flexion et une opportunit\u00e9 de se d\u00e9velopper personnellement, le troisi\u00e8me une publicit\u00e9 maladroite, \u00e0 la limite de la vente forc\u00e9e.<\/p>\n<p>Ce que je trouve fascinant avec la perception, c\u2019est que Jean, en transf\u00e9rant mon message juste pour rire, va susciter l\u2019int\u00e9r\u00eat de ses proches. Certains d\u2019entre eux vont adh\u00e9rer \u00e0 TIME-COACH, puis se comporteront comme Jean, Pierre ou Jacques. De m\u00eame pour Pierre : beaucoup de ses correspondants se demanderont pourquoi il est si enthousiaste, alors que c\u2019est juste dr\u00f4le ou suspect&#8230;<\/p>\n<p>Quant \u00e0 l\u2019avocat de Jacques, il va adh\u00e9rer \u00e0 TIME-COACH pour creuser la question. Apr\u00e8s quelques semaines, il me t\u00e9l\u00e9phonera pour me demander un coaching personnalis\u00e9, et deviendra l\u2019un des mes meilleurs clients&#8230; Je ne pourrai pas remercier Jacques, car son avocat est tenu au secret professionnel. Je saurai juste que j\u2019ai \u00e9t\u00e9 \u00abvivement recommand\u00e9\u00bb par quelqu\u2019un qui me lit r\u00e9guli\u00e8rement pour trouver une faille.<\/p>\n<p>Qui que vous soyez, merci Jacques !<\/p>\n<h2>Filtrage<\/h2>\n<p>Ce genre de filtrage, qui d\u00e9pend de chaque individu, est valable en toutes circonstances et dans tous les domaines. Les options qui s\u2019offrent \u00e0 vous sous forme de flux continu d\u2019id\u00e9es de propositions, de suggestions, d\u2019exp\u00e9riences&#8230; sont \u00e9cr\u00e9m\u00e9es par votre perception. Vous y ajoutez vos VALEURS, ou vous les d\u00e9lestez de toutes valeurs en quelques secondes. Cette op\u00e9ration instantan\u00e9e est sens\u00e9e vous prot\u00e9ger des dangers qui vous guettent, mais elle peut \u00e9galement vous priver de belles opportunit\u00e9s.<\/p>\n<blockquote>\n<p>La perception vous rapproche de votre v\u00e9rit\u00e9, mais elle peut vous \u00e9loigner de LA v\u00e9rit\u00e9.<\/p>\n<\/blockquote>\n<p>Il y a beaucoup de formules pour d\u00e9crire une mauvaise perception, une fois reconnue :<\/p>\n<ul>\n<li>Je crois que c\u2019est un malentendu\n<li>C\u2019est un \u00e9norme quiproquo\n<li>La fatigue aidant&#8230;\n<li>Il r\u00e9gnait une certaine confusion lorsque vous avez abord\u00e9 ce sujet\n<li>On m\u2019a induit en erreur\n<li>Nous n\u2019\u00e9tions pas sur la m\u00eame longueur d\u2019onde\n<li>Apr\u00e8s r\u00e9flexion&#8230; <\/li>\n<\/ul>\n<h2 style=\"margin: 10px 0px 0px\">Apr\u00e8s r\u00e9flexion&#8230;<\/h2>\n<p>C\u2019est sur cette derni\u00e8re expression que j\u2019aimerais m\u2019arr\u00eater : APRES REFLEXION ! Elle se distingue des autres expressions par le fait qu\u2019elle responsabilise un seul acteur : celui qui per\u00e7oit.<\/p>\n<ul>\n<li>Avec \u00ab On m\u2019a induit en erreur \u00bb, vous accusez \u00ab ON \u00bb.\n<li>Avec \u00ab il r\u00e9gnait une certaine confusion&#8230; \u00bb, c\u2019est \u00ab IL \u00bb qui est responsable.\n<li>Dans un quiproquo, un malentendu, une longueur d\u2019onde, le stress ou la fatigue, il y toujours cet \u00ab autre chose \u00bb qui intervient. <\/li>\n<\/ul>\n<p>A c\u00f4t\u00e9 de tous ces pr\u00e9textes, \u00ab<strong><em>apr\u00e8s r\u00e9flexion<\/em><\/strong>\u00bb est une formule magique : elle vous permet d\u2019obtenir ce dont vous avez besoin, alors que jusque l\u00e0, c\u2019est \u00ab ON \u00bb ou \u00ab IL \u00bb ou \u00ab CE \u00bb qui choisissait pour vous.<\/p>\n<p>Vous pouvez faire le tour de vos prises de d\u00e9cision, et constater que beaucoup d\u2019entre-elles ont subi une d\u00e9cision quasi-automatique. Vous n\u2019y avez pas vraiment r\u00e9fl\u00e9chi, vous avez ob\u00e9i \u00e0 une loi interne, vot\u00e9e et ent\u00e9rin\u00e9e. Vous la suivez sans m\u00eame y penser.<\/p>\n<p>C\u2019est parfait lorsque cela r\u00e9ussit. Mais si vous reconnaissez de mauvais effets, vous pouvez remettre en question les causes. Sachant qu\u2019en premi\u00e8re place se trouve la perception.<\/p>\n<p>En pensant autrement, vous vous autoriserez d\u2019autres perceptions, et \u00abapr\u00e8s r\u00e9flexion\u00bb, vous pourrez innover.<\/p>\n<p>A++<\/p>\n<p><strong style=\"line-height: 12pt; font-size: 10pt\">St\u00e9phane SOLOMON<\/strong><\/p>\n<!--themify_builder_content-->\n<div id=\"themify_builder_content-163\" data-postid=\"163\" class=\"themify_builder_content themify_builder_content-163 themify_builder tf_clear\">\n    <\/div>\n<!--\/themify_builder_content-->\n","protected":false},"excerpt":{"rendered":"<p>Jean, Pierre et Jacques sont 3 lecteurs assidus de TIME-COACH. Ils ouvrent mes courriers dans l\u2019heure qui suit l\u2019envoi. Toutefois, depuis le temps qu&#8217;ils \u00abconnaissent\u00bb TIME-COACH, ils ont eu le temps de se forger une opinion : Lorsque Jean voit TIME-COACH s\u2019afficher, il se dit : Chouette ! Je vais encore m\u2019amuser&#8230; Me chatouiller l\u2019esprit. [&hellip;]<\/p>\n","protected":false},"author":1,"featured_media":0,"parent":0,"menu_order":0,"comment_status":"open","ping_status":"open","template":"","meta":[],"builder_content":"","_links":{"self":[{"href":"https:\/\/auto-coaching.fr\/index.php\/wp-json\/wp\/v2\/pages\/163"}],"collection":[{"href":"https:\/\/auto-coaching.fr\/index.php\/wp-json\/wp\/v2\/pages"}],"about":[{"href":"https:\/\/auto-coaching.fr\/index.php\/wp-json\/wp\/v2\/types\/page"}],"author":[{"embeddable":true,"href":"https:\/\/auto-coaching.fr\/index.php\/wp-json\/wp\/v2\/users\/1"}],"replies":[{"embeddable":true,"href":"https:\/\/auto-coaching.fr\/index.php\/wp-json\/wp\/v2\/comments?post=163"}],"version-history":[{"count":4,"href":"https:\/\/auto-coaching.fr\/index.php\/wp-json\/wp\/v2\/pages\/163\/revisions"}],"predecessor-version":[{"id":167,"href":"https:\/\/auto-coaching.fr\/index.php\/wp-json\/wp\/v2\/pages\/163\/revisions\/167"}],"wp:attachment":[{"href":"https:\/\/auto-coaching.fr\/index.php\/wp-json\/wp\/v2\/media?parent=163"}],"curies":[{"name":"wp","href":"https:\/\/api.w.org\/{rel}","templated":true}]}}