{"id":1635,"date":"2014-07-02T22:19:07","date_gmt":"2014-07-02T20:19:07","guid":{"rendered":"http:\/\/www.auto-coaching.fr\/?page_id=1635"},"modified":"2019-01-06T14:57:39","modified_gmt":"2019-01-06T13:57:39","slug":"derriere-le-denigrement","status":"publish","type":"page","link":"https:\/\/auto-coaching.fr\/index.php\/derriere-le-denigrement\/","title":{"rendered":"Derri&egrave;re le d&eacute;nigrement"},"content":{"rendered":"<p>Lorsque j&#8217;ai fait la promotion du programme d&#8217;un confr\u00e8re (il y a 3 semaines), je vous ai propos\u00e9 de rejoindre son webinaire de pr\u00e9sentation (en direct). Plus de 60 personnes s\u2019y sont rendues, mais j&#8217;ai re\u00e7u une bonne dizaine de remarques qui allaient \u00e0 peu pr\u00e8s dans ce sens :<\/p>\n<p><em>&#8211; Il m&#8217;\u00e9nerve \u00e0 sautiller et \u00e0 parler comme un animateur de foire (ou de t\u00e9l\u00e9achat) !<\/em><\/p>\n<p>Les personnes qui ne se sont pas arr\u00eat\u00e9es \u00e0 \u00e7a (ou \u00e0 qui le style d&#8217;animation plaisait) ont continu\u00e9 \u00e0 suivre la pr\u00e9sentation. Au bout d&#8217;une petite heure, elles ont appris que durant son enfance et son adolescence, cet homme \u00e9tait b\u00e8gue, dyslexique, et tr\u00e8s mal dans sa peau&#8230; Il est sorti du cauchemar de l\u2019exclusion gr\u00e2ce \u00e0 des techniques de D\u00e9veloppement Personnel dont il d\u00e9tient d\u00e9sormais les clefs.<\/p>\n<p>Cependant, il reste encore des traces : lorsqu&#8217;il \u00e9crit au tableau, il \u00e9value difficilement les distances. Il r\u00e9duit la taille de son \u00e9criture en s&#8217;approchant des bords.\u00a0Parfois, lorsque l&#8217;\u00e9motion le gagne, le b\u00e9gaiement r\u00e9appara\u00eet subrepticement, et les techniques anti-b\u00e9gaiements s\u2019activent sous forme de \u00abtics volontaires\u00bb (dont des sautillements).<\/p>\n<p>Lorsqu&#8217;on ne conna\u00eet pas ce type de probl\u00e8mes on peut \u00eatre agac\u00e9 par le \u00abstyle\u00bb de l&#8217;animateur. Mais lorsqu&#8217;on reconna\u00eet les techniques, on est muet d&#8217;admiration ! A pr\u00e9sent que vous en savez plus sur mon partenaire, qu&#8217;en est-il de votre d\u00e9nigrement concernant \u00abl&#8217;animateur de foire sautillant\u00bb ? Avez-vous la m\u00eame opinion du bonhomme ? La prochaine fois que vous aurez l&#8217;occasion de le voir en live et qu&#8217;il vous dira qu&#8217;il peut vous aider \u00e0 relever des d\u00e9fis, comprendrez-vous toute la dimension du mot \u00abd\u00e9fi\u00bb ?<\/p>\n<h2>Le d\u00e9nigrement est un confort<\/h2>\n<p>L&#8217;un des lecteurs (nous l&#8217;appellerons Jacob) qui m&#8217;a envoy\u00e9 un e-mail critique sur cette collaboration est parent d&#8217;un adolescent dysphasique. Je le sais car j&#8217;ai une relation privil\u00e9gi\u00e9e avec quelques lecteurs. J&#8217;imagine qu&#8217;en tant que p\u00e8re aimant, il cherche des solutions, des techniques, des id\u00e9es, et peut-\u00eatre m\u00eame des mod\u00e8les pour aider son enfant \u00e0 suivre une scolarit\u00e9 dite \u00abnormale\u00bb.<\/p>\n<p>La solution \u00e9tait l\u00e0, devant lui, mais Jacob \u00e9tait trop fatigu\u00e9 pour percevoir les signes d&#8217;un \u00abdys\u00bb qui relevait un d\u00e9fi de taille (une pr\u00e9vente en direct face \u00e0 des centaines d&#8217;inconnus issus de diff\u00e9rents univers). <a href=\"http:\/\/www.auto-coaching.fr\/index.php\/30-secondes-de-concentration\/\">Il n&#8217;a pas vu le gorille<\/a>&#8230; et au bout de 20 minutes, il m&#8217;a envoy\u00e9 ceci :<\/p>\n<p>&#8212;&#8212;&#8212;<\/p>\n<p><em>St\u00e9phane,<\/em><\/p>\n<p><em>20 mn je d\u00e9croche, c\u2019est trop intense apr\u00e8s cette journ\u00e9e bien remplie<\/em><\/p>\n<p><em>Merci pour l\u2019invitation<\/em><\/p>\n<p><em>Bonne soir\u00e9e<\/em><\/p>\n<p>&#8212;&#8212;&#8212;<\/p>\n<p>Le lendemain il m&#8217;a envoy\u00e9 un deuxi\u00e8me courrier m&#8217;avouant qu&#8217;en r\u00e9alit\u00e9 l&#8217;animateur sautillant l&#8217;\u00e9nervait, et qu&#8217;il n&#8217;\u00e9tait pas question pour lui de s&#8217;inscrire \u00e0 son programme !<\/p>\n<p>J&#8217;ai beaucoup de respect pour Jacob. Je n&#8217;ai pas insist\u00e9&#8230;<\/p>\n<p>Je ne vais pas entrer dans la psychanalyse, ce n&#8217;est pas mon job ! Mais je vais vous inviter \u00e0 une r\u00e9flexion plus simple, voire simpliste et tr\u00e8s directe :<\/p>\n<h2>ALLEZ VERS CE QUE VOUS DENIGREZ !<\/h2>\n<p>La plupart du temps lorsque nous parlons de \u00abprobl\u00e8me\u00bb, c&#8217;est face \u00e0 une situation inconfortable. Si c&#8217;\u00e9tait confortable, ce ne serait pas un \u00abprobl\u00e8me\u00bb. Lorsque la situation est inconfortable, la solution de sortie l&#8217;est \u00e9galement. Toute personne qui cherche une solution classique, habituelle, naturelle&#8230; pour faire face \u00e0 une situation inconfortable, est dans la procrastination !<\/p>\n<p>Par ailleurs je suis convaincu que lorsque nous avons des probl\u00e8mes, nous attirons des solutions \u00e0 ces probl\u00e8mes. Ce n\u2019est pas une croyance mystique : je parle de psychologie comportementale.<\/p>\n<p>La question est donc : <strong>sous quelle forme apparaissent mes solutions ?<\/strong><\/p>\n<p>La pratique que je vous propose est Rock&#8217;n&#8217;roll, mais elle vaut son pesant d&#8217;or :<\/p>\n<blockquote><p>Votre solution se trouve derri\u00e8re le voile du d\u00e9nigrement. Levez le voile !<\/p><\/blockquote>\n<p>Je sais, c&#8217;est dur ! Mais le d\u00e9nigrement est un confort : vous n&#8217;y trouverez aucune solution. Si vous rejetez les choses ou les \u00eatres parce qu&#8217;ils ne vous plaisent pas, vous \u00eates en plein confort, et en cons\u00e9quence, dans la procrastination du probl\u00e8me. Je ne vous demande pas de violer votre morale ou de faire des choses qui vous donnent envie de vomir. Lorsque vous sortez de votre zone de confort, vous vous d\u00e9veloppez : vous vous mettez en d\u00e9s\u00e9quilibre et vous compensez : tout le monde sait faire \u00e7a (lorsque vous marchez, vous cr\u00e9ez des d\u00e9s\u00e9quilibres volontaires pour avancer, et vous compensez).<\/p>\n<h2>Que d\u00e9nigrez-vous ?<\/h2>\n<p>Lorsque je vous propose un webinaire \u00e0 une heure inconfortable, un livre sur un sujet d\u00e9licat, ou de laisser un commentaire sous un article qui met sur un pi\u00e9destal un personnage que vous n&#8217;aimez pas, Rep\u00e9rez les d\u00e9nigrements qui mettent cette proposition (voire cette solution) hors de votre champ d&#8217;action.<\/p>\n<p>Par exemple :<\/p>\n<ul>\n<li>Je n&#8217;aime pas l&#8217;\u00e9tat d&#8217;esprit nord-am\u00e9ricain !<\/li>\n<li>Je n&#8217;aime pas laisser mon num\u00e9ro de CB sur Internet !<\/li>\n<li>Je n&#8217;aime pas PAYPAL !<\/li>\n<li>Je n&#8217;aime pas les programmes qui traitent de tant de sujets !<\/li>\n<li>Je n&#8217;aime pas le marketing qui consiste \u00e0 me faire croire que je r\u00e9alise une \u00e9conomie en payant \u00abseulement\u00bb 400 euros, quelque chose qui vaut soi-disant plus de 1.000 euros<\/li>\n<li>Je n&#8217;aime pas l&#8217;insistance de St\u00e9phane, qui joue au coach d\u00e9sint\u00e9ress\u00e9e, alors que je sais qu&#8217;il y a un int\u00e9r\u00eat financier derri\u00e8re&#8230;<\/li>\n<li>Etc.<\/li>\n<\/ul>\n<p>En sortant de votre zone de confort vous obtiendrez un cadeau. Je ne sais pas encore lequel, car il d\u00e9pend de chaque individu. Mais ce principe de <strong>\u00abcadeau-cach\u00e9 dans l&#8217;inconfort\u00bb<\/strong> est une constante.<\/p>\n<p>Je vous donne un exemple (t\u00e9moignage re\u00e7u l&#8217;ann\u00e9e derni\u00e8re) :<\/p>\n<p>&#8212;&#8212;&#8212;<\/p>\n<p><em>St\u00e9phane, je voudrais vous exprimer toute ma gratitude, car gr\u00e2ce \u00e0 votre insistance et votre \u00e9coute, j&#8217;ai fini par adh\u00e9rer \u00e0 l&#8217;un de vos programmes malgr\u00e9 mon aversion pour PAYPAL. Votre programme m&#8217;a apport\u00e9 bien des choses, mais ce n&#8217;est pas l&#8217;objet de mon courrier. Je voulais surtout vous remercier, car suite \u00e0 mon paiement, je me suis int\u00e9ress\u00e9 \u00e0 PAYPAL de plus pr\u00e8s, et j&#8217;ai ouvert un compte. Aujourd&#8217;hui, je viens d&#8217;encaisser des dons pour mon association. Je n&#8217;ai m\u00eame pas de site Internet, j&#8217;ai utilis\u00e9 les paiements par mail. C&#8217;est trop facile ! C&#8217;est consternant !<\/em><\/p>\n<p><em> Merci ! Merci ! Merci !<\/em><\/p>\n<p>&#8212;&#8212;&#8212;<\/p>\n<p>Ne nous m\u00e9prenons pas : je n&#8217;ai pas pour but de vous faire ouvrir un compte marchand sur PAYPAL. Ce n&#8217;\u00e9tait qu&#8217;un exemple de cadeau-cach\u00e9 d\u2019un personne suite \u00e0 un <strong>l\u00e2cher-prise sur un d\u00e9nigrement<\/strong>. Ce que j&#8217;attends de vous ce soir \u00e0 travers ce courrier, c&#8217;est de vous lancer le d\u00e9fi d&#8217;aller vers quelque chose que vous avez naturellement tendance \u00e0 d\u00e9nigrer.<\/p>\n<p>Prenez-le pour un d\u00e9fi personnel, car vous n&#8217;avez m\u00eame pas besoin d&#8217;en parler. Mais si vous souhaitez en t\u00e9moigner, les commentaires ci-dessous sont fait pour \u00e7a.<\/p>\n<p>J&#8217;attends de bonnes nouvelles !<\/p>\n<p>A++<\/p>\n<p><strong>St\u00e9phane SOLOMON<\/strong><\/p>\n<!--themify_builder_content-->\n<div id=\"themify_builder_content-1635\" data-postid=\"1635\" class=\"themify_builder_content themify_builder_content-1635 themify_builder tf_clear\">\n    <\/div>\n<!--\/themify_builder_content-->\n","protected":false},"excerpt":{"rendered":"<p>Lorsque j&#8217;ai fait la promotion du programme d&#8217;un confr\u00e8re (il y a 3 semaines), je vous ai propos\u00e9 de rejoindre son webinaire de pr\u00e9sentation (en direct). Plus de 60 personnes s\u2019y sont rendues, mais j&#8217;ai re\u00e7u une bonne dizaine de remarques qui allaient \u00e0 peu pr\u00e8s dans ce sens : &#8211; Il m&#8217;\u00e9nerve \u00e0 sautiller [&hellip;]<\/p>\n","protected":false},"author":1,"featured_media":0,"parent":0,"menu_order":0,"comment_status":"open","ping_status":"open","template":"","meta":[],"builder_content":"","_links":{"self":[{"href":"https:\/\/auto-coaching.fr\/index.php\/wp-json\/wp\/v2\/pages\/1635"}],"collection":[{"href":"https:\/\/auto-coaching.fr\/index.php\/wp-json\/wp\/v2\/pages"}],"about":[{"href":"https:\/\/auto-coaching.fr\/index.php\/wp-json\/wp\/v2\/types\/page"}],"author":[{"embeddable":true,"href":"https:\/\/auto-coaching.fr\/index.php\/wp-json\/wp\/v2\/users\/1"}],"replies":[{"embeddable":true,"href":"https:\/\/auto-coaching.fr\/index.php\/wp-json\/wp\/v2\/comments?post=1635"}],"version-history":[{"count":4,"href":"https:\/\/auto-coaching.fr\/index.php\/wp-json\/wp\/v2\/pages\/1635\/revisions"}],"predecessor-version":[{"id":3921,"href":"https:\/\/auto-coaching.fr\/index.php\/wp-json\/wp\/v2\/pages\/1635\/revisions\/3921"}],"wp:attachment":[{"href":"https:\/\/auto-coaching.fr\/index.php\/wp-json\/wp\/v2\/media?parent=1635"}],"curies":[{"name":"wp","href":"https:\/\/api.w.org\/{rel}","templated":true}]}}