{"id":1670,"date":"2014-08-06T12:30:27","date_gmt":"2014-08-06T10:30:27","guid":{"rendered":"http:\/\/www.auto-coaching.fr\/?page_id=1670"},"modified":"2014-08-06T13:52:43","modified_gmt":"2014-08-06T11:52:43","slug":"ce-n-est-pas-de-ta-faute","status":"publish","type":"page","link":"https:\/\/auto-coaching.fr\/index.php\/ce-n-est-pas-de-ta-faute\/","title":{"rendered":"Ce n&rsquo;est pas de ta faute !"},"content":{"rendered":"<p>Il y a quelques mois, mon fils (11 ans) a \u00e9t\u00e9 s\u00e9lectionn\u00e9 pour animer une rubrique dans une \u00e9mission pour enfants (sur Gulli). Il est donc parti avec sa maman \u00e0 Grenoble dans la station de ski o\u00f9 l&#8217;\u00e9mission devait \u00eatre enregistr\u00e9e. Avant de partir, Karine (ma compagne) me demanda si elle pouvait prendre l&#8217;iPad. N&#8217;en ayant pas sp\u00e9cialement besoin pendant ces 3 jours, j&#8217;ai r\u00e9pondu par la positive.  <\/p>\n<p>Le s\u00e9jour s&#8217;est bien pass\u00e9, mais au retour, catastrophe : mon fils oublie son sac dans le taxi, avec l&#8217;iPad dedans ! Il devient p\u00e2le&#8230; ne parvient pas \u00e0 l\u00e2cher un mot pendant une longue minute&#8230; fond en larmes&#8230; et se met soudain \u00e0 hurler :  <\/p>\n<p>&#8211; J&#8217;ai oubli\u00e9 l&#8217;iPad dans le taxi ! J&#8217;ai oubli\u00e9 l&#8217;iPad dans le taxi !!!  <\/p>\n<p>Le taxi \u00e9tait d\u00e9j\u00e0 loin&#8230; Le passage de savon a commenc\u00e9 :  <\/p>\n<p>&#8211; Tu ne fais jamais attention \u00e0 tes affaires !<br \/>&#8211; Il n&#8217;y a que toi pour oublier des choses aussi importantes !<br \/>&#8211; On ne peut pas te faire confiance !  <\/p>\n<p>Il faut dire que cet iPad avait une valeur symbolique et sentimentale. Je l&#8217;ai achet\u00e9 pour me r\u00e9compenser d&#8217;un d\u00e9fi relativement difficile, que j&#8217;avais relev\u00e9 en 2008. Je sais qu&#8217;un tel attachement \u00e0 des objets para\u00eet d\u00e9mesur\u00e9 pour beaucoup de gens, mais imaginez un sportif qui, apr\u00e8s avoir gagn\u00e9 un tournoi, apprend que sa coupe ou sa m\u00e9daille a \u00e9t\u00e9 perdue&#8230; Certes la chose symbolis\u00e9e (la victoire) est plus importante que le symbole, mais l&#8217;attachement \u00e0 un troph\u00e9e est une chose tout \u00e0 fait l\u00e9gitime.  <\/p>\n<p>De plus, cet achat s&#8217;est r\u00e9v\u00e9l\u00e9 \u00eatre un excellent investissement professionnel, et cet appareil a \u00e9galement permis \u00e0 mes enfants d&#8217;apprendre en s&#8217;amusant, de r\u00e9viser, de jouer, de s&#8217;exprimer&#8230; Ma petite derni\u00e8re avait \u00e0 peine deux ans lorsqu&#8217;elle a pos\u00e9 ses petits doigts sur l&#8217;\u00e9cran tactile pour habiller Dora et Barbie ou pour r\u00e9soudre des tangrams&#8230; Et ma fille ain\u00e9e, artiste dans l&#8217;\u00e2me, faisait des dessins \u00e0 couper le souffle gr\u00e2ce \u00e0 des applications graphiques simplifi\u00e9es&#8230;  <\/p>\n<p>Mon fils me promit tout en pleurant qu&#8217;il allait racheter un iPad avec ses \u00e9conomies&#8230; Et me voil\u00e0 reparti :  <\/p>\n<p>&#8211; Et les photos ? et mes notes ? Et mes chansons ? ET mes textes ?<br \/>&nbsp;&nbsp; Et les dessins de tes s\u0153urs ? Tout est perdu !  <\/p>\n<p>&#8211; Et le temps que je vais passer \u00e0 re-param\u00e9trer les logiciels ?!!!  <\/p>\n<p>Mon gar\u00e7on commen\u00e7ait \u00e0 se liqu\u00e9fier ! D&#8217;autant qu&#8217;il avait tr\u00e8s envie de nous dire que dans son sac, il a \u00e9galement laiss\u00e9 les deux petits cadeaux-souvenir qu&#8217;il avait achet\u00e9s pour sa petite copine&#8230; Mais il ne pouvait dire \u00e7a : le sacro-saint iPad semblait tellement plus IMPORTANT&#8230;  <\/p>\n<p>Il a donc r\u00e9agi comme toute personne qui perd sa spiritualit\u00e9 et qui se laisse berner par un sentiment de culpabilit\u00e9, c\u2019est-\u00e0-dire comme un primate : il s&#8217;est mis \u00e0 se taper sur la t\u00eate avec les paumes de ses mains, tout en hurlant :  <\/p>\n<p>&#8211; Mais qu&#8217;est-ce que je peux \u00eatre b\u00eate !<br \/>&#8211; Mais qu&#8217;est-ce que je peux \u00eatre b\u00eate !!<br \/>&#8211; Mais qu&#8217;est-ce que je peux \u00eatre b\u00eate !!!  <\/p>\n<p>J&#8217;ai alors compris mon erreur et j&#8217;ai chang\u00e9 imm\u00e9diatement de posture en me posant une seule question. Une question que tout parent devrait se poser devant une telle sc\u00e8ne :  <\/p>\n<h2>Qu&#8217;est-ce qui est plus important pour moi ?<\/h2>\n<p>&#8211; Qu&#8217;est-ce qui est plus important pour moi ? l&#8217;iPad ou mon fils ?  <\/p>\n<p>Ou si on veut \u00eatre plus pointu (ce qui est difficile en situation) :  <\/p>\n<p>&#8211; Qu&#8217;est-ce qui est plus important pour moi ? Les souvenirs que contenait mon iPad<br \/>&nbsp;&nbsp;&nbsp; ou le Devenir de mon fils ?  <\/p>\n<p>Cette question est \u00e9go\u00efste, mais on s&#8217;en fout ! Soyez \u00e9go\u00efste ! Choisissez ce qui est important POUR VOUS ! C&#8217;est souvent le bon choix !  <\/p>\n<p>J&#8217;ai imm\u00e9diatement saisi les mains de mon gar\u00e7on et je les ai enroul\u00e9es autour de mon cou, tout en le serrant contre moi. Nous \u00e9tions comme deux boxeurs \u00e9puis\u00e9s par les coups que nous venions de recevoir et de porter. Malgr\u00e9 l&#8217;\u00e9motion qui me traversait, <b>j&#8217;ai appliqu\u00e9 une technique !<\/b> Une technique que j&#8217;ai apprise dans les livres de D\u00e9veloppement Personnel et aussi dans ma formation de coach :  <\/p>\n<p>Tout en le serrant dans mes bras, j&#8217;ai r\u00e9p\u00e9t\u00e9 une phrase, une seule :  <\/p>\n<p>&#8211; Ce n&#8217;est pas de ta faute !!!<br \/>&#8211; Ce n&#8217;est pas de ta faute !!<br \/>&#8211; Ce n&#8217;est pas de ta faute&#8230;  <\/p>\n<p>Je sais que l&#8217;usage des techniques n&#8217;est pas toujours appr\u00e9ci\u00e9 par certains lecteurs, qui pr\u00e9f\u00e8rent <b>\u00abla spontan\u00e9it\u00e9 des \u00e9motions sinc\u00e8res\u00bb<\/b>&#8230; Mais la sinc\u00e9rit\u00e9 des \u00e9motions, je venais de l&#8217;exp\u00e9rimenter, et je n&#8217;ai pas aim\u00e9 le r\u00e9sultat !&#8230; Mon fils \u00e9tait en train de me prouver que nous descendions du bonobo, et \u00e7a n&#8217;arrangeait pas du tout mes croyances !  <\/p>\n<p>A mesure que j&#8217;appliquais ma technique, je sentais que je devenais vraiment sinc\u00e8re&#8230; Que mes \u00e9motions instantan\u00e9es ne refl\u00e9taient pas la profondeur de mes v\u00e9ritables sentiments&#8230; En d\u00e9cidant de mettre de c\u00f4t\u00e9 mes faiblesses et en allant puiser dans mes forces spirituelles, je retrouvais un sentiment authentique, puissant, sublime :  <\/p>\n<blockquote>\n<p>L&#8217;AMOUR PATERNEL.<\/p>\n<\/blockquote>\n<p>Une technique peut-elle faire resurgir un sentiment aussi fort ? Bien-s\u00fbr ! Essayez, vous verrez ! Il vous suffit de vous convaincre que <b>ce n&#8217;est pas de sa faute !<\/b> R\u00e9p\u00e9tez-le mille fois s&#8217;il le faut&#8230;  <\/p>\n<p>Se taper sur la t\u00eate refl\u00e8te la col\u00e8re envers soi-m\u00eame. C&#8217;est un sentiment de culpabilit\u00e9, m\u00eal\u00e9 \u00e0 un manque d&#8217;Amour, un manque de Confiance, un manque d&#8217;Estime&#8230; Que de manques&#8230;  <\/p>\n<p>M\u00eame si cette tablette repr\u00e9sentait pour moi bien plus qu&#8217;une machine, ce qui \u00e9tait important \u00e0 ce moment pr\u00e9cis, c&#8217;est ce qu&#8217;elle repr\u00e9sentait pour mon fils : un appareil, certes cher, mais qu&#8217;on trouve par milliers d&#8217;exemplaires dans les magasins. Plus je tentais de le responsabiliser en faisant de NOTRE iPad un \u00abmembre de la famille\u00bb, plus je le culpabilisais de l&#8217;avoir abandonn\u00e9 dans un taxi !  <\/p>\n<p>La dimension sentimentale que je donnais au moment de l&#8217;achat et au contenu du disque dur ne devait pas lui \u00eatre r\u00e9v\u00e9l\u00e9e suite \u00e0 sa maladresse, car sa sensibilit\u00e9 \u00e9tait \u00e0 fleur de peau. Je l&#8217;\u00e9corchais et je lui enlevais les ingr\u00e9dients essentiels \u00e0 sa r\u00e9silience. Malgr\u00e9 tout ce que repr\u00e9sentait cet appareil, tant sur le plan mat\u00e9riel que sur le plan symbolique et existentiel, il ne justifiait pas le sacrifice de mon enfant !  <\/p>\n<h2>Retour vers la proactivit\u00e9<\/h2>\n<p>J&#8217;ai donc mesur\u00e9 toute ma responsabilit\u00e9, et en reprenant ma vie en mains, j&#8217;ai cess\u00e9 de m&#8217;acharner sur un coupable \u00e0 port\u00e9e de mains : c&#8217;est moi qui ai accept\u00e9 de pr\u00eater cet appareil ! Un simple \u00abnon\u00bb aurait suffi&#8230; Et j&#8217;ai perdu une part de ce qu&#8217;il contenait parce que je n&#8217;ai pas fait de sauvegarde r\u00e9cente. Je connaissais pourtant les risques que comportait ce voyage&#8230; Quant \u00e0 la distraction de mon fils, \u00e0 qui appartient-il de s&#8217;en pr\u00e9occuper ? M\u00eame si c&#8217;est une propension inn\u00e9e, qui est responsable de son Education ?  <\/p>\n<p>J&#8217;ai pass\u00e9 une partie de la nuit \u00e0 border et \u00e0 calmer mon gar\u00e7on&#8230; des spasmes perturbaient son sommeil. Je le consolais en me d\u00e9tachant de l&#8217;objet de la discorde, et en me rapprochant de mon enfant. J&#8217;ai agi comme si je n&#8217;\u00e9tais pas affect\u00e9 par cette perte, m&#8217;autorisant ainsi \u00e0 m&#8217;occuper exclusivement de mon petit oiseau bless\u00e9. Le sentiment d&#8217;Amour \u00e9tait si intense dans cette petite chambre, que je commen\u00e7ais \u00e0 ressentir une certaine Gratitude pour l&#8217;objet qui nous a rapproch\u00e9s&#8230;  <\/p>\n<blockquote>\n<p>Adieu petit compagnon de travail et de loisirs&#8230; Tu as contribu\u00e9 \u00e0 des moments joyeux d&#8217;apprentissage, de d\u00e9couvertes, d&#8217;enthousiasme, de partages. Et tu viens d&#8217;accomplir ta derni\u00e8re mission. Merci aussi pour \u00e7a&#8230;<\/p>\n<\/blockquote>\n<p>Le lendemain, nous n&#8217;en parlions plus.  <\/p>\n<p>A++  <\/p>\n<p><strong>St\u00e9phane SOLOMON<\/strong>  <\/p>\n<p>PS : Il y a une suite \u00e0 cette histoire. Je vous la raconterai dans mon prochain article.<\/p>\n<!--themify_builder_content-->\n<div id=\"themify_builder_content-1670\" data-postid=\"1670\" class=\"themify_builder_content themify_builder_content-1670 themify_builder tf_clear\">\n    <\/div>\n<!--\/themify_builder_content-->\n","protected":false},"excerpt":{"rendered":"<p>Il y a quelques mois, mon fils (11 ans) a \u00e9t\u00e9 s\u00e9lectionn\u00e9 pour animer une rubrique dans une \u00e9mission pour enfants (sur Gulli). Il est donc parti avec sa maman \u00e0 Grenoble dans la station de ski o\u00f9 l&#8217;\u00e9mission devait \u00eatre enregistr\u00e9e. Avant de partir, Karine (ma compagne) me demanda si elle pouvait prendre l&#8217;iPad. [&hellip;]<\/p>\n","protected":false},"author":1,"featured_media":0,"parent":0,"menu_order":0,"comment_status":"open","ping_status":"open","template":"","meta":[],"builder_content":"","_links":{"self":[{"href":"https:\/\/auto-coaching.fr\/index.php\/wp-json\/wp\/v2\/pages\/1670"}],"collection":[{"href":"https:\/\/auto-coaching.fr\/index.php\/wp-json\/wp\/v2\/pages"}],"about":[{"href":"https:\/\/auto-coaching.fr\/index.php\/wp-json\/wp\/v2\/types\/page"}],"author":[{"embeddable":true,"href":"https:\/\/auto-coaching.fr\/index.php\/wp-json\/wp\/v2\/users\/1"}],"replies":[{"embeddable":true,"href":"https:\/\/auto-coaching.fr\/index.php\/wp-json\/wp\/v2\/comments?post=1670"}],"version-history":[{"count":2,"href":"https:\/\/auto-coaching.fr\/index.php\/wp-json\/wp\/v2\/pages\/1670\/revisions"}],"predecessor-version":[{"id":1672,"href":"https:\/\/auto-coaching.fr\/index.php\/wp-json\/wp\/v2\/pages\/1670\/revisions\/1672"}],"wp:attachment":[{"href":"https:\/\/auto-coaching.fr\/index.php\/wp-json\/wp\/v2\/media?parent=1670"}],"curies":[{"name":"wp","href":"https:\/\/api.w.org\/{rel}","templated":true}]}}