{"id":1723,"date":"2014-09-11T12:38:07","date_gmt":"2014-09-11T10:38:07","guid":{"rendered":"http:\/\/www.auto-coaching.fr\/?page_id=1723"},"modified":"2014-09-11T13:42:51","modified_gmt":"2014-09-11T11:42:51","slug":"des-idees-qui-meritent-d-etre-propagees","status":"publish","type":"page","link":"https:\/\/auto-coaching.fr\/index.php\/des-idees-qui-meritent-d-etre-propagees\/","title":{"rendered":"Des id&eacute;es qui m&eacute;ritent d&rsquo;&ecirc;tre propag&eacute;es"},"content":{"rendered":"<p>Depuis presque un an, je vous envoie des vid\u00e9os, parmi les quelles une bonne proportion de conf\u00e9rences TED. L&#8217;int\u00e9r\u00eat pour ces conf\u00e9rences tient principalement au fait que le but n&#8217;est pas d&#8217;enseigner ou de pr\u00e9senter de nouveaux concepts dans les d\u00e9tails, mais plut\u00f4t de partager des d\u00e9couvertes, des id\u00e9es, des exp\u00e9riences, des \u00e9motions&#8230;  <\/p>\n<p>L&#8217;autre int\u00e9r\u00eat, qui n&#8217;est pas des moindres est le fait de limiter l&#8217;intervention des conf\u00e9renciers \u00e0 18 minutes maximum. C&#8217;est un principe tr\u00e8s \u00e9gocentrique : selon ses propres dires, Richard Saul Wurman, l&#8217;un des deux fondateurs, ne parvient pas \u00e0 se concentrer plus de 18 minutes sur un m\u00eame sujet. Il pr\u00e9f\u00e8re donc multiplier les intervenants, et changer de sujet rapidement. Une extension de dur\u00e9e est parfois remarqu\u00e9e (l&#8217;Energie du Direct a tendance \u00e0 dilater le temps), mais c&#8217;est un ph\u00e9nom\u00e8ne rare, car c&#8217;est un vrai d\u00e9fi pour les intervenants. Au pire, on atteindra les 22 minutes.  <\/p>\n<p>Les conf\u00e9rences TED existent depuis 1984, mais le site WEB est r\u00e9cent (2006). Depuis l&#8217;ouverture du site ces vid\u00e9os courtes ont comptabilis\u00e9 plus d&#8217;un milliard de vues. Certaines prestations d\u00e9passent les 10 millions. Le champion ind\u00e9tr\u00f4nable reste Sir Ken ROBINSON, avec 28 millions de vues (ce qui est exceptionnel pour ce genre de contenu).  <\/p>\n<p>Les initiales de TED abr\u00e8gent les 3 mots TECHNOLOGY, ENTERTAINMENT and DESIGN (Technologie, Divertissement et Conception). L&#8217;ouverture d&#8217;esprit des organisateurs inclut dans le mot Design tous types de projets, ce qui explique la richesse et la diversit\u00e9 des interventions. Chaque ann\u00e9e, les conf\u00e9renciers couvrent un domaine pr\u00e9cis comme l&#8217;Education, l&#8217;Ecologie, la puissance de r\u00eaves, le travail en Equipe ou en R\u00e9seau, l&#8217;Affirmation de soi, l&#8217;Innovation, etc.  <\/p>\n<p>Comme dans un grand spectacle, des personnalit\u00e9s illustres viennent partager (auteurs \u00e0 succ\u00e8s, inventeurs de renom, artistes internationaux, homme politiques, etc). Ces t\u00eates d&#8217;affiche permettent \u00e0 des conf\u00e9renciers moins c\u00e9l\u00e8bres de profiter d&#8217;une bonne audience. La conf\u00e9rence annuelle TED dure 4 jours pleins. Imaginez le nombre d&#8217;id\u00e9es collect\u00e9es par les participants, qui payent leur adh\u00e9sion 6.000 dollars (hors frais d&#8217;h\u00e9bergement et de transport). A noter que de nombreux contributeurs payent cette adh\u00e9sion sans venir au congr\u00e8s. Ils le font par soutien aux \u00abid\u00e9es qui m\u00e9ritent d&#8217;\u00eatre diffus\u00e9es\u00bb. Ils contribuent \u00e0 la \u00abpropagation d&#8217;id\u00e9es\u00bb.  <\/p>\n<p>Le mouvement a fait \u00e9cho dans le monde entier, et des conf\u00e9rences TEDx, plus modestes, apparaissent dans le monde entier. Le r\u00e9seau TEDxFrance r\u00e9pertorie plus de 30 \u00e9v\u00e8nements par an, dans toute la France. TEDx est une licence prestigieuse que les organisateurs d&#8217;\u00e9v\u00e8nements peuvent obtenir en respectant l&#8217;esprit TED (interventions in\u00e9dites, courtes et vari\u00e9es \/ but non lucratif \/ vid\u00e9os mises \u00e0 disposition du grand public \/ pr\u00e9sentation des sujets sensibles sans pros\u00e9lytisme \/ &#8230;).  <\/p>\n<p>Le prochain TEDx fran\u00e7ais est le TEDxAlsace. J&#8217;y ai \u00e9t\u00e9 invit\u00e9 l&#8217;ann\u00e9e derni\u00e8re (en VIP, gr\u00e2ce \u00e0 TIME-COACH s&#8217;il vous pla\u00eet !), et j&#8217;ai \u00e9t\u00e9 transcend\u00e9 et profond\u00e9ment inspir\u00e9 par au moins la moiti\u00e9 des 14 conf\u00e9rences.  <\/p>\n<p>L&#8217;organisateur de ce TEDx, Salah BENZAKOUR, est devenu un ami. Nous \u00e9changeons r\u00e9guli\u00e8rement \u00e0 propos de diff\u00e9rents sujets. C&#8217;est un formateur exceptionnel aux multiples talents. Cette ann\u00e9e le th\u00e8me du TEDx Alsace est le d\u00e9sapprentissage (dans le but d&#8217;un r\u00e9apprentissage). Il a \u00e9t\u00e9 amen\u00e9 par cette citation d&#8217;Alvin TOFFLER, que vous connaissez peut-\u00eatre :  <\/p>\n<blockquote>\n<p>Les analphab\u00e8tes du XXIe si\u00e8cle ne seront pas ceux qui ne sauront ni lire ni \u00e9crire, mais ceux qui ne sauront pas apprendre, d\u00e9sapprendre et r\u00e9apprendre. <\/p>\n<\/blockquote>\n<p>Tout un programme !<\/p>\n<p>Le prix du billet est de 60\u20ac (balcon) ou 75\u20ac (VIP). <strong>Vous pouvez b\u00e9n\u00e9ficier d&#8217;une remise de 10\u20ac en saisissant le code de r\u00e9duction \u00abSOLOMON\u00bb lors de votre commande.<\/strong> <\/p>\n<p>Une soir\u00e9e post-conf\u00e9rence est organis\u00e9e de 20h00 \u00e0 23h30, afin que les passionn\u00e9s du th\u00e8me du d\u00e9sapprentissages puissent \u00e9changer leurs impressions, et aussi leurs cartes de visite. C&#8217;est l&#8217;un des meilleurs moments pour rencontrer des personnes qui partagent les m\u00eames valeurs que vous.  <\/p>\n<p>La participation aux frais de cet \u00abafter\u00bb est de 30 euros.  <\/p>\n<p><strong>Je participerai aux deux \u00e9v\u00e8nements<\/strong>, et je serai heureux d&#8217;accompagner et de me faire accompagner par quelques auto-coachs. Si vous habitez en Alsace, c&#8217;est le moment de faire d&#8217;une pierre deux coups. Si vous habitez en Ile de France, <strong>nous pourrions faire le voyage ensemble<\/strong>. Je pars de la gare de Lyon le matin m\u00eame par le train de 10h23.  <\/p>\n<p>Si vous \u00eates libre ce jour-l\u00e0 et avez plein de pr\u00e9textes en t\u00eate pour ne pas y aller, il serait temps de d\u00e9sapprendre \u00e0 pr\u00e9texter :   <\/p>\n<div style=\"width: 300px; padding-bottom: 10px; text-align: center; padding-top: 10px; padding-left: 10px; margin: 24px auto 0px; padding-right: 10px; background-color: black\"><a href=\"http:\/\/www.tedxalsace.com\/tedxalsace-2014\/\"><img decoding=\"async\" src=\"http:\/\/www.tedxalsace.com\/wp-content\/themes\/tedxalsace\/images\/logo.png\"><\/a><\/div>\n<p align=\"center\">Au th\u00e9\u00e2tre de la Sinne de Mulhouse<br \/>le samedi 27 septembre de 13h30 \u00e0 19h30<\/p>\n<div style=\"text-align: center\">\n<div style=\"margin: 10px\"><a class=\"buttonize blue\" href=\"https:\/\/www.weezevent.com\/widget_billeterie.php?id_evenement=78501&amp;code=4347&amp;color_primary=00AEEF\" align=\"center\">R\u00e9servez votre apr\u00e8s-midi<\/a><br \/><span style=\"font-size: 9pt\">(Code de r\u00e9duction = SOLOMON)<\/span><\/div>\n<div style=\"margin: 10px\"><a class=\"buttonize blue\" href=\"https:\/\/www.weezevent.com\/widget_billeterie.php?id_evenement=79317&amp;code=54355&amp;color_primary=00AEEF\" align=\"center\">R\u00e9servez votre soir\u00e9e<\/a><\/div>\n<div style=\"margin: 10px\"><a class=\"buttonize blue\" href=\"http:\/\/www.voyages-sncf.com\/\" align=\"center\">R\u00e9servez votre train<\/a><\/div>\n<div style=\"margin: 10px\"><a class=\"buttonize blue\" href=\"http:\/\/agence.voyages-sncf.com\/Hotel-Search?storedCheckoutField=&amp;storedCheckinField=&lang;=1036#startDate=27%2F09%2F2014&amp;endDate=28%2F09%2F2014&amp;adults=2&amp;star=0&amp;regionId=6141360\" align=\"center\">R\u00e9servez votre h\u00f4tel<\/a><\/div>\n<\/div>\n<p>A++  <\/p>\n<p><strong>St\u00e9phane SOLOMON<\/strong><\/p>\n<!--themify_builder_content-->\n<div id=\"themify_builder_content-1723\" data-postid=\"1723\" class=\"themify_builder_content themify_builder_content-1723 themify_builder tf_clear\">\n    <\/div>\n<!--\/themify_builder_content-->\n","protected":false},"excerpt":{"rendered":"<p>Depuis presque un an, je vous envoie des vid\u00e9os, parmi les quelles une bonne proportion de conf\u00e9rences TED. L&#8217;int\u00e9r\u00eat pour ces conf\u00e9rences tient principalement au fait que le but n&#8217;est pas d&#8217;enseigner ou de pr\u00e9senter de nouveaux concepts dans les d\u00e9tails, mais plut\u00f4t de partager des d\u00e9couvertes, des id\u00e9es, des exp\u00e9riences, des \u00e9motions&#8230; L&#8217;autre int\u00e9r\u00eat, [&hellip;]<\/p>\n","protected":false},"author":1,"featured_media":0,"parent":0,"menu_order":0,"comment_status":"open","ping_status":"open","template":"","meta":[],"builder_content":"","_links":{"self":[{"href":"https:\/\/auto-coaching.fr\/index.php\/wp-json\/wp\/v2\/pages\/1723"}],"collection":[{"href":"https:\/\/auto-coaching.fr\/index.php\/wp-json\/wp\/v2\/pages"}],"about":[{"href":"https:\/\/auto-coaching.fr\/index.php\/wp-json\/wp\/v2\/types\/page"}],"author":[{"embeddable":true,"href":"https:\/\/auto-coaching.fr\/index.php\/wp-json\/wp\/v2\/users\/1"}],"replies":[{"embeddable":true,"href":"https:\/\/auto-coaching.fr\/index.php\/wp-json\/wp\/v2\/comments?post=1723"}],"version-history":[{"count":21,"href":"https:\/\/auto-coaching.fr\/index.php\/wp-json\/wp\/v2\/pages\/1723\/revisions"}],"predecessor-version":[{"id":1744,"href":"https:\/\/auto-coaching.fr\/index.php\/wp-json\/wp\/v2\/pages\/1723\/revisions\/1744"}],"wp:attachment":[{"href":"https:\/\/auto-coaching.fr\/index.php\/wp-json\/wp\/v2\/media?parent=1723"}],"curies":[{"name":"wp","href":"https:\/\/api.w.org\/{rel}","templated":true}]}}