{"id":1899,"date":"2014-12-01T09:56:43","date_gmt":"2014-12-01T07:56:43","guid":{"rendered":"http:\/\/www.auto-coaching.fr\/?page_id=1899"},"modified":"2014-12-01T11:08:45","modified_gmt":"2014-12-01T09:08:45","slug":"avez-vous-des-blocages-de-ce-type","status":"publish","type":"page","link":"https:\/\/auto-coaching.fr\/index.php\/avez-vous-des-blocages-de-ce-type\/","title":{"rendered":"Avez-vous des blocages de ce type ?"},"content":{"rendered":"<p>Je voudrais vous faire part de certains blocages psychologiques que j&#8217;ai souvent constat\u00e9s en p\u00e9riode de lancement. Par exemple, le silence radio \ud83d\ude09<\/p>\n<p>Lorsque je n&#8217;ai rien \u00e0 vendre et que je propose gratuitement des vid\u00e9os, des id\u00e9es, des techniques, des outils&#8230; on m&#8217;\u00e9crit volontiers pour t\u00e9moigner, poser des questions, me f\u00e9liciter pour ma p\u00e9dagogie, ou me demander quelques pr\u00e9cisions.<\/p>\n<p>Mais lorsque j&#8217;entre dans une d\u00e9marche commerciale, j&#8217;ai beau continuer \u00e0 distribuer gratuitement des vid\u00e9os, des id\u00e9es, des techniques, des outils&#8230; Ca participe beaucoup moins ! C&#8217;est comme si le coach n&#8217;existait plus : le vendeur le fait dispara\u00eetre !<\/p>\n<p>Passez-vous \u00e0 c\u00f4t\u00e9 de quelques chose de pr\u00e9cieux ?<\/p>\n<h2>La technique du TAC AU TAC<\/h2>\n<p>Il y a quelques jours, je vous ai pr\u00e9sent\u00e9 une technique d\u00e9cisionnelle rapide et efficace baptis\u00e9e \u00abla d\u00e9cision du TAC au TAC\u00bb. Je voudrais vous la proposer encore en prenant comme exemple des <strong>cours de piano<\/strong> :  <\/p>\n<ul>\n<li><strong>Temps<\/strong> : aurais-je 2 heures par semaine \u00e0 consacrer au piano ?\n<li><strong>Argent<\/strong> : est-ce que j\u2019ai 40\u20ac par mois pour payer les cours du conservatoire ?\n<li><strong>Confiance<\/strong> : puis-je faire confiance \u00e0 la p\u00e9dagogie des professeurs du conservatoire, et en ma capacit\u00e9 \u00e0 apprendre ?<\/li>\n<\/ul>\n<p>Vous avez 3 OUI ? Foncez ! Inutile de tergiverser, quoi qu\u2019il arrive vous ne regretterez pas votre d\u00e9cision ! En 3 r\u00e9ponses franches, vous avez mis toutes les chances de votre c\u00f4t\u00e9 pour r\u00e9ussir !<\/p>\n<p>&#8212;-<\/p>\n<p>Que pensez-vous de cet exemple ? Est-il plus pertinent pour vous, et commencez-vous \u00e0 percevoir la technique du TAC au TAC comme un v\u00e9ritable bijou d\u00e9cisionnel ? Sinon, avez-vous des question ou des objections qui pourraient vous aider \u00e0 apprivoiser cette technique ? Pourriez-vous adapter mon exemple pour acheter un Rubik\u2019s cube, une alarme \u00e9lectronique, un appareil \u00e9lectrom\u00e9nager, etc. Ou vous dites-vous :<\/p>\n<p>&#8211; Bof ! St\u00e9phane s\u2019adresse \u00e0 des musiciens, mais moi, \u00e7a ne me concerne pas !<\/p>\n<p>Lorsque je propose une technique en prenant des exemples qui n\u2019ont rien \u00e0 voir avec mon activit\u00e9, \u00e7a percute ! Non seulement j\u2019ai des t\u00e9moignages de Gratitude, mais on me pose des questions relatives \u00e0 la technique pour aller plus loin. Ca cogite dans le bon sens !<\/p>\n<p>Mais lorsque je propose exactement la m\u00eame technique en p\u00e9riode de lancement de l\u2019un de mes programmes, en prenant pour exemple d\u00e9cisionnel l\u2019inscription, j\u2019obtiens principalement deux types de messages :<\/p>\n<ul>\n<li>On me reproche de simplifier un probl\u00e8me \u00abbeaucoup plus complexe que \u00e7a en r\u00e9alit\u00e9\u00bb, juste pour faire mon commerce&#8230;\n<li>On me soup\u00e7onne d\u2019avoir mis en place tout une strat\u00e9gie qui consiste \u00e0 faire croire que je suis g\u00e9n\u00e9reux, afin d\u2019endormir l\u2019acheteur qui va foncer t\u00eate baiss\u00e9e&#8230;<\/li>\n<\/ul>\n<p>Tout en me reprochant ces manipulations subversives, ces lecteurs se privent de la technique propos\u00e9e et certainement de beaucoup d\u2019autres puisqu\u2019ils remettent en question tout l\u2019historique de notre relation : je ne suis plus un gentil samaritain qui partage ses connaissances, mais un tartuffe, un fourbe, un vendeur de vent qui endort ses lecteurs et en fait des marionnettes !<\/p>\n<p>Evidemment, je force le trait, car la r\u00e9flexion peut \u00eatre plus mod\u00e9r\u00e9e, plus subtile. Par exemple, quelque chose du genre :<\/p>\n<ul>\n<li>Quel dommage de voir St\u00e9phane&nbsp; passer par ce genre de ficelle pour vendre ses produits&#8230; Mais bon, \u00e7a peut se comprendre&#8230; Vivement la fin de la p\u00e9riode de lancement, pour revenir \u00e0 l\u2019essentiel.<\/li>\n<\/ul>\n<p>C\u2019est exactement la m\u00eame chose ! Le jugement est certes moins dur en ce qui me concerne, mais VOUS, vous perdez le b\u00e9n\u00e9fice de la technique. Vous ne l\u2019utiliserez pas, parce qu\u2019au lieu de choisir une exemple d\u00e9sint\u00e9ress\u00e9, j\u2019ai os\u00e9 vous mettre face \u00e0 mon produit, et \u00e7a bloque ! Vous ressentez une certaine jubilation en \u00abd\u00e9jouant la ficelle\u00bb, sans vous rendre compte que vous passez \u00e0 c\u00f4t\u00e9 d\u2019une technique d\u00e9cisionnelle. Vous d\u00e9pensez votre \u00e9nergie dans l\u2019\u00e9vitement au lieu de la consacrer \u00e0 l\u2019apprentissage et \u00e0 l\u2019exp\u00e9rimentation.<\/p>\n<p>Autorisez-vous \u00e0 utiliser mes techniques, m\u00eame si vous dites non \u00e0 mon offre ! Adaptez-les \u00e0 votre cadre. Acceptez l\u2019id\u00e9e que mon but est de faire d\u2019une pierre deux coups :<\/p>\n<ul>\n<li>vendre mon programme aux personnes int\u00e9ress\u00e9es<\/li>\n<\/ul>\n<p>ET<\/p>\n<ul>\n<li>\u00e9crire utile pour tout le monde<\/li>\n<\/ul>\n<p>Vous verrez alors que lorsque je lance un programme, je ne suis pas uniquement dans la promo et qu\u2019il y a beaucoup de choses utilisables, m\u00eame si vous d\u00e9cidez de ne pas vous inscrire. En d\u2019autres termes : profitez de mes p\u00e9riodes de promo pour vous auto-coacher \u00e0 plein r\u00e9gime !<\/p>\n<p>A++<\/p>\n<p><strong>St\u00e9phane SOLOMON<\/strong><\/p>\n<!--themify_builder_content-->\n<div id=\"themify_builder_content-1899\" data-postid=\"1899\" class=\"themify_builder_content themify_builder_content-1899 themify_builder tf_clear\">\n    <\/div>\n<!--\/themify_builder_content-->\n","protected":false},"excerpt":{"rendered":"<p>Je voudrais vous faire part de certains blocages psychologiques que j&#8217;ai souvent constat\u00e9s en p\u00e9riode de lancement. Par exemple, le silence radio \ud83d\ude09 Lorsque je n&#8217;ai rien \u00e0 vendre et que je propose gratuitement des vid\u00e9os, des id\u00e9es, des techniques, des outils&#8230; on m&#8217;\u00e9crit volontiers pour t\u00e9moigner, poser des questions, me f\u00e9liciter pour ma p\u00e9dagogie, [&hellip;]<\/p>\n","protected":false},"author":1,"featured_media":0,"parent":0,"menu_order":0,"comment_status":"open","ping_status":"open","template":"","meta":[],"builder_content":"","_links":{"self":[{"href":"https:\/\/auto-coaching.fr\/index.php\/wp-json\/wp\/v2\/pages\/1899"}],"collection":[{"href":"https:\/\/auto-coaching.fr\/index.php\/wp-json\/wp\/v2\/pages"}],"about":[{"href":"https:\/\/auto-coaching.fr\/index.php\/wp-json\/wp\/v2\/types\/page"}],"author":[{"embeddable":true,"href":"https:\/\/auto-coaching.fr\/index.php\/wp-json\/wp\/v2\/users\/1"}],"replies":[{"embeddable":true,"href":"https:\/\/auto-coaching.fr\/index.php\/wp-json\/wp\/v2\/comments?post=1899"}],"version-history":[{"count":6,"href":"https:\/\/auto-coaching.fr\/index.php\/wp-json\/wp\/v2\/pages\/1899\/revisions"}],"predecessor-version":[{"id":1907,"href":"https:\/\/auto-coaching.fr\/index.php\/wp-json\/wp\/v2\/pages\/1899\/revisions\/1907"}],"wp:attachment":[{"href":"https:\/\/auto-coaching.fr\/index.php\/wp-json\/wp\/v2\/media?parent=1899"}],"curies":[{"name":"wp","href":"https:\/\/api.w.org\/{rel}","templated":true}]}}