{"id":2009,"date":"2015-01-23T17:28:40","date_gmt":"2015-01-23T15:28:40","guid":{"rendered":"http:\/\/www.auto-coaching.fr\/?page_id=2009"},"modified":"2015-01-23T17:45:20","modified_gmt":"2015-01-23T15:45:20","slug":"il-manque-quelque-chose","status":"publish","type":"page","link":"https:\/\/auto-coaching.fr\/index.php\/il-manque-quelque-chose\/","title":{"rendered":"Il manque quelque chose&#8230;"},"content":{"rendered":"<p>Aujourd&#8217;hui, je vous propose de participer \u00e0 un petit exercice d&#8217;auto-coaching en r\u00e9pondant simplement \u00e0 une question. Si vous voulez r\u00e9pondre anonymement, il suffit de laisser un pseudo \u00e0 la place de votre nom.  <\/p>\n<p>Voici un r\u00e9sum\u00e9 de la situation (\u00e0 lire tout simplement avant de r\u00e9pondre. Il n&#8217;y a pas de \u00abpi\u00e8ge\u00bb de formulation) :  <\/p>\n<p>&#8212;&#8212;&#8212;&#8212;&#8212;&#8212;&#8212;&#8212;&#8212;&#8212;-  <\/p>\n<p>Il y a environ 2 ans, Franck a re\u00e7u une publicit\u00e9 lui proposant une formation \u00e0 une technique de lecture rapide. Franck est tr\u00e8s int\u00e9ress\u00e9, car son m\u00e9tier l&#8217;am\u00e8ne \u00e0 lire plus de 15 heures par semaine. La promesse qui est faite par l&#8217;organisme de formation assure un gain de productivit\u00e9 de 20% \u00e0 50%. Ce qui signifie qu&#8217;il gagnera entre 3 heures et 7 heures 30 par semaine, soit 12 \u00e0 30 heures par mois !  <\/p>\n<p>Franck est un bon auto-coach ! Il s&#8217;est donc pos\u00e9 les 3 questions-clefs :  <\/p>\n<h2>1. Ai-je le Temps ?<\/h2>\n<p>La question ne se posait pas, puisque le but \u00e9tait de gagner du temps ! Il y avait 6 sessions planifi\u00e9es dans l&#8217;ann\u00e9e, et il avait des dates disponibles pour quatre d&#8217;entre-elles.  <\/p>\n<p>Question suivante :  <\/p>\n<h2>2. Ai-je l&#8217;Argent ?<\/h2>\n<p>L\u00e0 encore, la question se posait \u00e0 peine : il disposait de la tr\u00e9sorerie n\u00e9cessaire, et comme cette formation lui aurait permis de r\u00e9pondre \u00e0 davantage de clients, il s&#8217;agissait d&#8217;un investissement \u00e0 court terme tr\u00e8s rentable !  <\/p>\n<p>Franck \u00e9tait donc presque convaincu, il ne restait plus qu&#8217;une derni\u00e8re question :  <\/p>\n<h2>3. Ai-je Confiance ?<\/h2>\n<p>Franck s&#8217;est longuement interrog\u00e9 et n&#8217;a per\u00e7u aucun probl\u00e8me \u00e0 ce niveau non plus. Au contraire : il connaissait cet organisme qui existait depuis 17 ans. Il y avait d\u00e9j\u00e0 suivi une formation sur Excel, qui s&#8217;est tr\u00e8s bien pass\u00e9e. D&#8217;ailleurs, s&#8217;il a re\u00e7u cette nouvelle publicit\u00e9, c&#8217;est parce qu&#8217;il avait demand\u00e9 \u00e0 \u00eatre inform\u00e9.  <\/p>\n<p>Il a donc r\u00e9pondu : OUI, j&#8217;ai Confiance !  <\/p>\n<p>Avec 3 OUI Franck aurait d\u00fb s&#8217;inscrire imm\u00e9diatement. Mais il ne l&#8217;a pas fait depuis 2012 ! Encore aujourd&#8217;hui, il re\u00e7oit des sollicitations, il r\u00e9pond 3 fois OUI dans sa t\u00eate, il est le seul d\u00e9cisionnaire, et il ne s&#8217;inscrit pas !  <\/p>\n<p>Franck a envie de m&#8217;\u00e9crire \u00abVotre technique du TAC au TAC est trop nulle, St\u00e9phane ! \u00c7a ne marche pas avec moi !!!\u00bb. Mais comme il l&#8217;a d\u00e9j\u00e0 utilis\u00e9e avec succ\u00e8s dans d&#8217;autres domaines, il ne peut pas vraiment affirmer \u00e7a. Il en conclut que cette technique ne fonctionne que dans certains domaines, et qu&#8217;il lui manque un crit\u00e8re d\u00e9cisionnel pour cette formation. Il me poserait bien la question, mais comme il a peur d&#8217;abuser de mon temps, il va garder \u00e7a pour lui.  <\/p>\n<p>&#8212;&#8212;&#8212;&#8212;&#8212;&#8212;&#8212;&#8212;&#8212;&#8212;-  <\/p>\n<p>Et vous ? <b>Pensez-vous que Franck a besoin d&#8217;un quatri\u00e8me crit\u00e8re d\u00e9cisionnel ?<\/b>  <\/p>\n<ul>\n<li>Si OUI, auriez-vous une suggestion pour lui ?\n<li>Si NON, qu&#8217;est-ce qu&#8217;il n&#8217;a pas compris ?<\/li>\n<\/ul>\n<p><strong>Important :<\/strong> la question est pos\u00e9e dans un cadre \u00abnormal\u00bb. Franck n&#8217;est pas malade, il est dans la vie active depuis des ann\u00e9es, ne prend pas d&#8217;antid\u00e9presseurs, n&#8217;abuse d&#8217;aucune drogue et son entourage le consid\u00e8re comme quelqu&#8217;un d&#8217;actif et \u00e9quilibr\u00e9. Donc dans la description ci-dessus, il n&#8217;y a pas de \u00abpi\u00e8ge\u00bb (au contraire, il n&#8217;y a que des pistes).  <\/p>\n<p>Merci d&#8217;avance pour votre participation.  <\/p>\n<p>A++  <\/p>\n<p><strong>St\u00e9phane SOLOMON<\/strong>  <\/p>\n<p>PS : Les commentaires seront affich\u00e9es demain soir (vers 19h), car je voudrais \u00e9viter que les r\u00e9ponses des uns influencent les r\u00e9ponses des autres. Vous ne verrez donc pas votre r\u00e9ponse s&#8217;afficher imm\u00e9diatement, mais elle sera bien prise en compte.<\/p>\n<!--themify_builder_content-->\n<div id=\"themify_builder_content-2009\" data-postid=\"2009\" class=\"themify_builder_content themify_builder_content-2009 themify_builder tf_clear\">\n    <\/div>\n<!--\/themify_builder_content-->\n","protected":false},"excerpt":{"rendered":"<p>Aujourd&#8217;hui, je vous propose de participer \u00e0 un petit exercice d&#8217;auto-coaching en r\u00e9pondant simplement \u00e0 une question. Si vous voulez r\u00e9pondre anonymement, il suffit de laisser un pseudo \u00e0 la place de votre nom. Voici un r\u00e9sum\u00e9 de la situation (\u00e0 lire tout simplement avant de r\u00e9pondre. Il n&#8217;y a pas de \u00abpi\u00e8ge\u00bb de formulation) [&hellip;]<\/p>\n","protected":false},"author":1,"featured_media":0,"parent":0,"menu_order":0,"comment_status":"open","ping_status":"open","template":"","meta":[],"builder_content":"","_links":{"self":[{"href":"https:\/\/auto-coaching.fr\/index.php\/wp-json\/wp\/v2\/pages\/2009"}],"collection":[{"href":"https:\/\/auto-coaching.fr\/index.php\/wp-json\/wp\/v2\/pages"}],"about":[{"href":"https:\/\/auto-coaching.fr\/index.php\/wp-json\/wp\/v2\/types\/page"}],"author":[{"embeddable":true,"href":"https:\/\/auto-coaching.fr\/index.php\/wp-json\/wp\/v2\/users\/1"}],"replies":[{"embeddable":true,"href":"https:\/\/auto-coaching.fr\/index.php\/wp-json\/wp\/v2\/comments?post=2009"}],"version-history":[{"count":3,"href":"https:\/\/auto-coaching.fr\/index.php\/wp-json\/wp\/v2\/pages\/2009\/revisions"}],"predecessor-version":[{"id":2012,"href":"https:\/\/auto-coaching.fr\/index.php\/wp-json\/wp\/v2\/pages\/2009\/revisions\/2012"}],"wp:attachment":[{"href":"https:\/\/auto-coaching.fr\/index.php\/wp-json\/wp\/v2\/media?parent=2009"}],"curies":[{"name":"wp","href":"https:\/\/api.w.org\/{rel}","templated":true}]}}