{"id":2013,"date":"2015-01-25T09:15:17","date_gmt":"2015-01-25T07:15:17","guid":{"rendered":"http:\/\/www.auto-coaching.fr\/?page_id=2013"},"modified":"2019-03-10T21:40:18","modified_gmt":"2019-03-10T20:40:18","slug":"il-manque-quelque-chose-suite","status":"publish","type":"page","link":"https:\/\/auto-coaching.fr\/index.php\/il-manque-quelque-chose-suite\/","title":{"rendered":"Il manque quelque chose&#8230; (suite)"},"content":{"rendered":"<p>(Merci de lire l\u2019article intitul\u00e9 \u00ab<a href=\"http:\/\/www.auto-coaching.fr\/index.php\/il-manque-quelque-chose\/\" target=\"_blank\" rel=\"noopener noreferrer\">Il manque quelque chose<\/a>\u00bb, avant d\u2019enchainer avec celui-ci).<\/p>\n<p>&#8212;&#8212;&#8212;&#8212;&#8212;&#8212;&#8212;&#8212;&#8212;-<\/p>\n<p>Et voil\u00e0, c&#8217;est fait !<\/p>\n<p>33 commentaires ind\u00e9pendants de toute interf\u00e9rence, que vous pouvez aller <a href=\"http:\/\/www.auto-coaching.fr\/index.php\/il-manque-quelque-chose\/#comment-24698\" target=\"_blank\" rel=\"noopener noreferrer\">lire et relire<\/a>. Je vous remercie pour cette participation, c&#8217;est tr\u00e8s instructif. Me voil\u00e0 pr\u00eat \u00e0 \u00e9crire au moins 10 articles sur le sujet, et comme d&#8217;habitude, c&#8217;est vous qui les inspirez.<\/p>\n<p>Si vous voulez r\u00e9pondre apr\u00e8s avoir observ\u00e9 les r\u00e9actions des autres lecteurs, je vous invite \u00e0 le faire. Toutefois je voudrais vous donner quelques pistes, car certaines r\u00e9ponses (tr\u00e8s int\u00e9ressantes \u00e0 \u00e9voquer si elles n&#8217;\u00e9taient pas hors-piste) sortent du cadre \u00e9voqu\u00e9 :<\/p>\n<h2>Besoin ou envie<\/h2>\n<p>Franck a <b>besoin<\/b> de cette formation. Il est m\u00eame possible qu&#8217;il ait tr\u00e8s <b>envie<\/b> de la suivre ! En effet, c&#8217;est un pr\u00e9alable : il est inutile de se poser les 3 questions concernant le Temps, l&#8217;Argent ou la Confiance, si vous n&#8217;avez pas <b>besoin<\/b> ou <b>envie<\/b> d&#8217;acqu\u00e9rir un objet ou de vous engager dans une action align\u00e9e \u00e0 votre d\u00e9cision.<\/p>\n<p>Il semble que le contexte que j&#8217;ai d\u00e9crit n&#8217;ait pas suffi \u00e0 exprimer clairement, qu&#8217;avec 15 heures de lecture par semaine, Franck a parfaitement mesur\u00e9 l&#8217;int\u00e9r\u00eat de cette formation pour sa productivit\u00e9, et que les questions du TAC m\u00e9ritent d&#8217;\u00eatre pos\u00e9es dans le but de r\u00e9pondre par OUI ou par NON instantan\u00e9ment, afin de s&#8217;inscrire (ou pas) et de passer \u00e0 autre chose.<\/p>\n<p>Comme je l&#8217;ai \u00e9crit, Franck se pose les 3 questions \u00e0 chaque fois qu&#8217;il re\u00e7oit la pub, et \u00e0 chaque fois qu&#8217;il y r\u00e9pond, il obtient 3 OUI. Vous croyez peut-\u00eatre que ces questions sont purement pragmatiques, mais elles sont hautement psychologiques, et d\u00e9montrent <b>l&#8217;int\u00e9r\u00eat<\/b> de Franck : une personne qui n&#8217;a pas envie ou n&#8217;a pas besoin de quelque chose ne peut pas r\u00e9pondre OUI \u00e0 ces 3 crit\u00e8res.<\/p>\n<ul>\n<li>Nous sommes tous limit\u00e9s \u00e0 24 heures par jour. Lorsqu&#8217;on r\u00e9pond OUI \u00e0 la question concernant \u00abAi-je le temps ?\u00bb, \u00e7a veut dire clairement j&#8217;ai du Temps <b>POUR CA<\/b> !<\/li>\n<li>C&#8217;est exactement la m\u00eame chose pour l&#8217;argent. M\u00eame si vous avez beaucoup d&#8217;argent de c\u00f4t\u00e9, vous pourriez r\u00e9pondre \u00abNON\u00bb, consid\u00e9rant que vous n&#8217;avez pas d&#8217;argent <b>POUR CA<\/b>. C&#8217;est souvent l&#8217;argument num\u00e9ro 1 quand on n&#8217;est pas int\u00e9ress\u00e9.<\/li>\n<li>Idem pour la Confiance. Si vous n&#8217;avez pas envie d&#8217;aller vers quelque chose, vous trouverez un \u00abvice\u00bb quelque part, qui vous fera dire NON. SI le vendeur vous rassure, vous trouverez autre chose\u2026C&#8217;est imparable !<\/li>\n<\/ul>\n<p>C&#8217;est pour cette raison que ces 3 questions sont \u00abmagiques\u00bb. Au-del\u00e0 du fait que vous gagnez du temps en prenant une d\u00e9cision rapide, il s&#8217;agit de garde-fous qui vous permettent de confirmer ou d&#8217;infirmer votre envie. Si vous dites que vous \u00eates int\u00e9ress\u00e9 par gentillesse, ou parce que c&#8217;est \u00ablogique\u00bb, ou parce que tout le monde le fait, mais vous n&#8217;avez pas vraiment envie \u00abd&#8217;aller vers\u00bb, vous n&#8217;obtiendrez pas 3 OUI ! M\u00eame si vous \u00eates la gentillesse incarn\u00e9e, je doute que vous obteniez plus d&#8217;un OUI&#8230;<\/p>\n<h2>Priorit\u00e9s<\/h2>\n<p>Certains commentaires ont r\u00e9pondu sous l&#8217;angle des \u00abpriorit\u00e9s\u00bb. Oula ! Si vous me lisez r\u00e9guli\u00e8rement, vous savez que certaines choses sont importantes, et m\u00eame si elles ne sont pas urgentes, vous pouvez les placer dans vos priorit\u00e9s&#8230; Si vous remplissez vos journ\u00e9es uniquement avec des urgences, vous vivez certainement un stress terrible, et il est inutile d&#8217;avaler des pilules. Votre solution est de faire r\u00e9guli\u00e8rement des choses importantes qui ne sont pas (pas encore) urgentes.<\/p>\n<p>Je connais des centaines de personnes qui pourraient faire leur travail 2 \u00e0 10 fois plus vite gr\u00e2ce \u00e0 une formation, mais qui vous soutiendront que ce n&#8217;est pas une priorit\u00e9&#8230; Qu&#8217;il faut d&#8217;abord s&#8217;occuper de ce qui est en retard ! Et l\u00e0 aussi, ils n&#8217;obtiendront pas 3 fois OUI. Ils n&#8217;auront pas de Temps ni d&#8217;Argent POUR CA. Ils auront \u00e0 peine le temps de r\u00e9pondre aux 3 questions&#8230;<\/p>\n<p>Franck a r\u00e9pondu 3 fois OUI. Il est th\u00e9oriquement pr\u00eat \u00e0 rejoindre l&#8217;une des sessions dans l&#8217;ann\u00e9e. Le but n&#8217;est pas de suivre la formation du TAC au TAC, mais de s&#8217;inscrire du TAC au TAC. Beaucoup de gens s&#8217;inscrivent \u00e0 des formations 6 mois \u00e0 l&#8217;avance, voire un an.<\/p>\n<p>Voil\u00e0 pour les deux types de r\u00e9ponses que je souhaite recadrer : Franck sait caser des choses importantes et non urgentes dans son budget temps et argent, et il a tr\u00e8s envie de suivre cette formation. Il re\u00e7oit des dizaines de pubs par jour, et s&#8217;il s&#8217;arr\u00eate sur celle-l\u00e0 au point de se poser des questions, c&#8217;est qu&#8217;il a parfaitement conscience que c&#8217;est important pour lui.<\/p>\n<p>On pourrait comparer sa situation \u00e0 une personne en surpoids qui a envie de mincir, qui sait parfaitement ce qu&#8217;elle doit faire, qui en a les moyens, mais qui n&#8217;arrive pas \u00e0 se lancer. Si vous me r\u00e9pondez qu&#8217;elle n&#8217;en a pas vraiment envie ou que c&#8217;est \u00e0 cause d&#8217;autres priorit\u00e9s, vous \u00e9ludez la dimension psychologique du probl\u00e8me.<\/p>\n<p>Encore un mot : le fait que le probl\u00e8me (et la solution) soient d&#8217;ordre psychologique, ne signifie aucunement que Franck est psychologiquement atteint. C&#8217;est pour cette raison que j&#8217;ai \u00e9crit qu&#8217;il est reconnu comme une personne active et \u00e9quilibr\u00e9e. L&#8217;Etre humain a une psychologie complexe. Pour aboutir, il ne suffit pas de peser le POUR et le CONTRE, comme il ne suffit pas d&#8217;\u00e9valuer des r\u00e9sultats chiffr\u00e9s et dat\u00e9s r\u00e9pondant \u00e0 des probabilit\u00e9s. Vous savez tr\u00e8s bien que bon nombre de personnes \u00e9tablissent un plan-carri\u00e8re ou un budget pr\u00e9visionnel sur papier, et qu&#8217;au moment de passer \u00e0 l&#8217;action, elles font le contraire de ce qui est \u00e9crit ! Si vous en concluez qu&#8217;elles sont \u00abmalades\u00bb et que la seule solution est la th\u00e9rapie, nous sortons du cadre de la question pos\u00e9e, et m\u00eame du cadre de ce programme (qui n&#8217;a pas de vocation th\u00e9rapeutique).<\/p>\n<p>Un psychoth\u00e9rapeute honn\u00eate refusera Franck dans son cabinet, reconnaissant qu&#8217;il ne souffre d&#8217;aucun <strong>mal-\u00eatre<\/strong>. Un coach lui ouvrira les bras, reconnaissant chez Franck une aspiration \u00e0 <strong>mieux-\u00eatre<\/strong>.<\/p>\n<p>A la lumi\u00e8re de ces explications, je vous propose encore de r\u00e9pondre \u00e0 cette question :<\/p>\n<p><b>Pensez-vous que Franck a besoin d&#8217;un quatri\u00e8me crit\u00e8re d\u00e9cisionnel ?<\/b><\/p>\n<ul>\n<li>Si OUI, auriez-vous une suggestion pour lui (en plus du Temps, Argent et Confiance) ?<\/li>\n<li>Si NON, qu&#8217;est-ce qu&#8217;il n&#8217;a pas compris (dans la technique du TAC au TAC) ?<\/li>\n<\/ul>\n<p>Je pense \u00e0 quelque chose de pr\u00e9cis qui a tr\u00e8s souvent \u00e9t\u00e9 abord\u00e9 dans mes articles. Pour le moment 3 ou 4 r\u00e9ponses donn\u00e9es s&#8217;en rapprochent.<\/p>\n<p>A vos neurones++<\/p>\n<p><b>St\u00e9phane SOLOMON<\/b><\/p>\n<!--themify_builder_content-->\n<div id=\"themify_builder_content-2013\" data-postid=\"2013\" class=\"themify_builder_content themify_builder_content-2013 themify_builder tf_clear\">\n    <\/div>\n<!--\/themify_builder_content-->\n","protected":false},"excerpt":{"rendered":"<p>(Merci de lire l\u2019article intitul\u00e9 \u00abIl manque quelque chose\u00bb, avant d\u2019enchainer avec celui-ci). &#8212;&#8212;&#8212;&#8212;&#8212;&#8212;&#8212;&#8212;&#8212;- Et voil\u00e0, c&#8217;est fait ! 33 commentaires ind\u00e9pendants de toute interf\u00e9rence, que vous pouvez aller lire et relire. Je vous remercie pour cette participation, c&#8217;est tr\u00e8s instructif. Me voil\u00e0 pr\u00eat \u00e0 \u00e9crire au moins 10 articles sur le sujet, et comme [&hellip;]<\/p>\n","protected":false},"author":1,"featured_media":0,"parent":0,"menu_order":0,"comment_status":"open","ping_status":"open","template":"","meta":[],"builder_content":"","_links":{"self":[{"href":"https:\/\/auto-coaching.fr\/index.php\/wp-json\/wp\/v2\/pages\/2013"}],"collection":[{"href":"https:\/\/auto-coaching.fr\/index.php\/wp-json\/wp\/v2\/pages"}],"about":[{"href":"https:\/\/auto-coaching.fr\/index.php\/wp-json\/wp\/v2\/types\/page"}],"author":[{"embeddable":true,"href":"https:\/\/auto-coaching.fr\/index.php\/wp-json\/wp\/v2\/users\/1"}],"replies":[{"embeddable":true,"href":"https:\/\/auto-coaching.fr\/index.php\/wp-json\/wp\/v2\/comments?post=2013"}],"version-history":[{"count":5,"href":"https:\/\/auto-coaching.fr\/index.php\/wp-json\/wp\/v2\/pages\/2013\/revisions"}],"predecessor-version":[{"id":4476,"href":"https:\/\/auto-coaching.fr\/index.php\/wp-json\/wp\/v2\/pages\/2013\/revisions\/4476"}],"wp:attachment":[{"href":"https:\/\/auto-coaching.fr\/index.php\/wp-json\/wp\/v2\/media?parent=2013"}],"curies":[{"name":"wp","href":"https:\/\/api.w.org\/{rel}","templated":true}]}}