{"id":2062,"date":"2015-02-18T06:43:39","date_gmt":"2015-02-18T04:43:39","guid":{"rendered":"http:\/\/www.auto-coaching.fr\/?page_id=2062"},"modified":"2018-09-21T18:43:51","modified_gmt":"2018-09-21T17:43:51","slug":"le-sourire-d-emilie","status":"publish","type":"page","link":"https:\/\/auto-coaching.fr\/index.php\/le-sourire-d-emilie\/","title":{"rendered":"Le sourire d&rsquo;Emilie"},"content":{"rendered":"<p>Il y a environ 18 mois, la boulangerie du coin a embauch\u00e9 une vendeuse d&#8217;une vingtaine d&#8217;ann\u00e9es.<\/p>\n<p>Emilie souriait beaucoup les premiers jours, mais apr\u00e8s deux semaines, son sourire c\u00e9da la place \u00e0 une certaine morosit\u00e9. Elle \u00e9coutait la demande, servait, annon\u00e7ait le prix \u00e0 sa coll\u00e8gue qui s&#8217;occupait de la caisse, et disait merci et au-revoir, sans conviction. Il lui arrivait m\u00eame de soupirer devant les clients.<\/p>\n<p>Lorsque la boulangerie fut rachet\u00e9e au Printemps dernier, Emilie garda sa place comme la plupart des autres vendeuses. Ce jour-l\u00e0, je suis all\u00e9 acheter du pain avec ma toute petite fille. Emilie nous a servi avec son sourire des premiers jours. Ca faisait plaisir \u00e0 voir.<\/p>\n<p>Elle regarda ma fille et me demanda :<\/p>\n<p><em>&#8211; Je peux lui offrir une chouquette ? <\/em><\/p>\n<p>Cette question \u00e9tait tout \u00e0 fait inattendue. Les anciens propri\u00e9taires n&#8217;offraient par de chouquettes ! C&#8217;est \u00e0 peine s&#8217;ils acceptaient de me vendre une baguette lorsqu&#8217;il me manquait 5 cts, alors que j&#8217;\u00e9tais client depuis 10 ans. J&#8217;ai donc accept\u00e9 avec plaisir. Emilie afficha un ENORME sourire : elle prit une chouquettes, sortit de derri\u00e8re le comptoir \u00e0 pas de chat, plia le genou pour se mettre \u00e0 hauteur de ma fille, et lui tendit la petite viennoiserie. Il y avait des p\u00e9pites dans ses yeux&#8230; Comme si une Energie trop longtemps contenue venait de se lib\u00e9rer. La nouvelle propri\u00e9taire appr\u00e9ciait le spectacle avec un regard complice et amus\u00e9. Il faut dire que c&#8217;\u00e9tait chou&#8230;<\/p>\n<p><em>&#8211; Vous n&#8217;allez pas encore pleurer Emilie ? Lui dit sa patronne. <\/em><\/p>\n<p>C&#8217;est ainsi que j&#8217;ai appris le pr\u00e9nom de la vendeuse qui me servait depuis plus de 6 mois.<\/p>\n<p>Ce geste n&#8217;\u00e9tait pas un simple cadeau de bienvenue. Offrir des chouquettes aux enfants est devenu un rituel et Emilie ne s&#8217;en lasse pas. Lorsque la file d&#8217;attente est longue, j&#8217;ai parfois l&#8217;impression qu&#8217;elle s&#8217;arrange pour que ses coll\u00e8gues servent les clients solitaires, gardant le privil\u00e8ge de servir les parents qui viennent avec leurs enfants.<\/p>\n<p>D&#8217;o\u00f9 lui vient ce bonheur d&#8217;offrir ? La boulang\u00e8re de son enfance offrait peut-\u00eatre des chouquettes aux tous petits. Emilie aurait donc ancr\u00e9 ces moments magiques en m\u00e9moire, se disant qu&#8217;un jour elle pourrait reproduire ce geste. Dans ce cas, imaginez sa d\u00e9ception lorsque la pratique fut interdite par ses premiers patrons. Il est \u00e9galement possible que les nouveaux propri\u00e9taires aient instaur\u00e9 cette r\u00e8gle, et que ce petit changement ait enjoliv\u00e9 les journ\u00e9es de la jeune vendeuse.<\/p>\n<p>Quoi qu&#8217;il en soit, j&#8217;ai l&#8217;impression que le sourire d&#8217;Emilie est proportionnel \u00e0 sa capacit\u00e9 d&#8217;offrir. Je peux me tromper : il y a d&#8217;une part <b>les faits<\/b> que personne ne peut r\u00e9futer, et d&#8217;autre part <b>ma lecture des faits<\/b> qui est discutable, et que je partage volontiers avec vous pour en discuter. J&#8217;observe beaucoup les commer\u00e7ants et leurs employ\u00e9s (c&#8217;est une bonne vitrine pour un coach d&#8217;entreprise). J&#8217;ai donc de fortes raisons de croire, apr\u00e8s \u00e9tude, que ce que je dis est fond\u00e9.<\/p>\n<p>Parlons un peu du commerce : supposons qu&#8217;\u00e0 11h du matin, il n&#8217;y ait d\u00e9j\u00e0 plus de chouquettes, alors que pr\u00e9c\u00e9demment il restait toujours des invendus ! Que va-t-on tirer comme conclusion ? Les anciens propri\u00e9taires me diraient :<\/p>\n<p><em>&#8211; C&#8217;est normal ! Quand on donne tout, il ne reste rien !<\/em><\/p>\n<p>Les nouveaux patrons d&#8217;Emilie vont s&#8217;interroger :<\/p>\n<p>&#8211;<em> Serait-il possible que nous en vendions plus qu&#8217;avant ? Et si oui pourquoi ?<\/em><\/p>\n<p>Depuis que mes enfants ont des chouquettes gratuites avec le sourire d&#8217;Emilie en prime, non seulement ils me demandent d&#8217;en acheter plus souvent, mais ma grande fille qui n&#8217;aimait pas \u00e7a, y a pris go\u00fbt. Je ne veux pas g\u00e9n\u00e9raliser, mais si on me demandait de t\u00e9moigner, je serais d&#8217;avis \u00e0 int\u00e9grer le sourire d&#8217;Emilie dans l&#8217;\u00e9quation.<\/p>\n<h2>Equation complexe ?<\/h2>\n<p>Bon&#8230; Vous me connaissez, si j&#8217;ai choisi de vous parler de cette histoire, c&#8217;est parce que \u00e7a me permet de parler de moi et de vous. <strong>La g\u00e9n\u00e9rosit\u00e9 est une valeur motrice<\/strong>, source de nombreuses \u00e9motions. Il est difficile de passer \u00e0 c\u00f4t\u00e9 de ce genre de motivation dans un programme d&#8217;auto-coaching. Mais ce n&#8217;est pas tout : je m&#8217;interroge aussi sur ma grille de lecture des faits. En interpr\u00e9tant les gestes et les sourire de cette fa\u00e7on ne serais-je pas trop sentimental ?&#8230;<\/p>\n<p>Apr\u00e8s tout, il est tout \u00e0 fait possible qu&#8217;Emilie ait eu un chagrin d&#8217;amour pendant plusieurs mois, puis qu&#8217;elle ait retrouv\u00e9 un prince charmant. Le fait que l&#8217;\u00e9v\u00e8nement co\u00efncide avec le changement de propri\u00e9taire de la boulangerie n&#8217;est qu&#8217;un pur hasard, et je me fais balader par ma propension \u00e0 la g\u00e9n\u00e9rosit\u00e9.<\/p>\n<p>Comment ? C&#8217;est encore trop sentimental cette histoire de prince charmant ??? Bon d&#8217;accord&#8230; Voici une version sp\u00e9ciale \u00ablecteur cradouille\u00bb : la nouvelle Direction a lanc\u00e9 un concours du meilleur sourire, avec 100\u20ac de prime \u00e0 la clef. Emilie est comme une \u00abenfant affam\u00e9e\u00bb. Elle ne r\u00e9siste pas \u00e0 la tentation de simuler des sourires pour repartir avec un billet vert&#8230; Ouf ! Voil\u00e0 qui sauve l&#8217;honneur de la petite working-girl ! Bein oui, on ne va pas se laisser attendrir par une image d&#8217;\u00e9pinal. Des vendeurs qui plient le genou pour se mettre \u00e0 hauteur de leurs clients&#8230; Ouarf ! Elle est bien bonne !<\/p>\n<p>Si vous pr\u00e9f\u00e9rez construire cette vision de la r\u00e9alit\u00e9, arr\u00eatez votre lecture et contactez-moi en priv\u00e9 ! Je vous donnerai les coordonn\u00e9es d&#8217;une \u00e9quipe de coachs qui fera votre Bonheur. Rassurez-vous ils ont plein de trucs gratuits \u00e0 vous proposer eux aussi. Concr\u00e8tement parlant, il y a tr\u00e8s peu de diff\u00e9rence entre mes pratiques et les leurs. C&#8217;est \u00e0 s&#8217;y tromper&#8230;<\/p>\n<p>Toujours l\u00e0 ? Revenons \u00e0 la version chouquette :<\/p>\n<p>Je pense \u00e0 cet article depuis plusieurs mois, et si je le publie aujourd&#8217;hui, c&#8217;est pour faire un parall\u00e8le avec mon activit\u00e9. Je suis ravi, enchant\u00e9, enthousiaste, \u00e9mu&#8230; en voyant cro\u00eetre le nombre de participants \u00e0 mes webinaires. Je suis aussi tr\u00e8s touch\u00e9 par les encouragements que je re\u00e7ois par mail. Les webinaires gratuits et autres activit\u00e9s sont mes chouquettes \u00e0 moi, et face \u00e0 ce changement, j&#8217;ai les m\u00eames p\u00e9pites dans les yeux qu&#8217;Emilie.<\/p>\n<p>Eh oui : je suis tant\u00f4t Emilie, tant\u00f4t sa patronne&#8230; Vous vous \u00eates peut-\u00eatre interrog\u00e9 sur cette ambivalence :<\/p>\n<ul>\n<li>Suis-je g\u00e9n\u00e9reux par strat\u00e9gie ? Je sais qu&#8217;en vous offrant une chouquette r\u00e9guli\u00e8rement, vous y prendrez go\u00fbt.<\/li>\n<\/ul>\n<p>ou<\/p>\n<ul>\n<li>Suis-je g\u00e9n\u00e9reux par nature ? Dans ce cas, j&#8217;offre mes chouquettes par pur plaisir.<\/li>\n<\/ul>\n<h2>Vers une \u00e9quation sans complexes !<\/h2>\n<p>Pour celles et ceux qui me lisent \u00e9pisodiquement et qui ne me connaissent pas assez, je voudrais rappeler que l&#8217;une de mes techniques pr\u00e9f\u00e9r\u00e9es consiste \u00e0 concilier ce qui est souvent mis dos \u00e0 dos. La propension naturelle voudrait nous faire dire que l&#8217;attitude commerciale se confronte \u00e0 l&#8217;attitude g\u00e9n\u00e9reuse. Mais est-ce vraiment opposable ? Pourquoi cr\u00e9er un conflit entre deux intentions qui se compl\u00e8tent ?<\/p>\n<p><b>Lorsque vous confrontez deux intentions qui d\u00e9fendent la m\u00eame valeur, vous perdez la conscience de votre valeur. A l&#8217;inverse, si vous associez les intentions, vous gagnez en valeur.<\/b><\/p>\n<p>Si vous avez une activit\u00e9 commerciale, votre m\u00e9tier vous permet de maintenir un lieu o\u00f9 vous pouvez exprimer votre g\u00e9n\u00e9rosit\u00e9. D\u00e9nigrer les pratiques commerciales, c&#8217;est mettre ce lieu en danger.<\/p>\n<p>Autorisez-vous \u00e0 faire les DEUX ! Remplacez tant que possible le OU par le ET :<\/p>\n<ul>\n<li>La g\u00e9n\u00e9rosit\u00e9 strat\u00e9gique augmente votre chiffre d&#8217;affaires. C&#8217;est bon pour le commerce et \u00e7a vous fait sourire !<\/li>\n<\/ul>\n<p><u><strong>ET<\/strong><\/u><\/p>\n<ul>\n<li>Votre nature g\u00e9n\u00e9reuse est combl\u00e9e par votre capacit\u00e9 d&#8217;offrir, \u00e7a vous fait sourire, et c&#8217;est bon pour le commerce !<\/li>\n<\/ul>\n<p>Dans les deux cas, vous \u00eates d&#8217;un commerce agr\u00e9able, ce qui assure la p\u00e9rennit\u00e9 de l\u2019activit\u00e9.<\/p>\n<p>J\u2019ai une question \u00e0 vous poser :<\/p>\n<p><em>&#8211; Est-ce que je peux vous offrir une chouquette ?<\/em><\/p>\n<p align=\"center\"><a class=\"buttonize blue\" href=\"http:\/\/webinarjam.net\/webinar\/go\/14014\/bcd796b5f5\" target=\"_blank\" rel=\"noopener\">Si oui, cliquez ici<\/a><\/p>\n<p>A++<\/p>\n<p><b>St\u00e9phane SOLOMON<\/b><\/p>\n<!--themify_builder_content-->\n<div id=\"themify_builder_content-2062\" data-postid=\"2062\" class=\"themify_builder_content themify_builder_content-2062 themify_builder tf_clear\">\n    <\/div>\n<!--\/themify_builder_content-->\n","protected":false},"excerpt":{"rendered":"<p>Il y a environ 18 mois, la boulangerie du coin a embauch\u00e9 une vendeuse d&#8217;une vingtaine d&#8217;ann\u00e9es. Emilie souriait beaucoup les premiers jours, mais apr\u00e8s deux semaines, son sourire c\u00e9da la place \u00e0 une certaine morosit\u00e9. Elle \u00e9coutait la demande, servait, annon\u00e7ait le prix \u00e0 sa coll\u00e8gue qui s&#8217;occupait de la caisse, et disait merci [&hellip;]<\/p>\n","protected":false},"author":1,"featured_media":0,"parent":0,"menu_order":0,"comment_status":"open","ping_status":"open","template":"","meta":[],"builder_content":"","_links":{"self":[{"href":"https:\/\/auto-coaching.fr\/index.php\/wp-json\/wp\/v2\/pages\/2062"}],"collection":[{"href":"https:\/\/auto-coaching.fr\/index.php\/wp-json\/wp\/v2\/pages"}],"about":[{"href":"https:\/\/auto-coaching.fr\/index.php\/wp-json\/wp\/v2\/types\/page"}],"author":[{"embeddable":true,"href":"https:\/\/auto-coaching.fr\/index.php\/wp-json\/wp\/v2\/users\/1"}],"replies":[{"embeddable":true,"href":"https:\/\/auto-coaching.fr\/index.php\/wp-json\/wp\/v2\/comments?post=2062"}],"version-history":[{"count":12,"href":"https:\/\/auto-coaching.fr\/index.php\/wp-json\/wp\/v2\/pages\/2062\/revisions"}],"predecessor-version":[{"id":3659,"href":"https:\/\/auto-coaching.fr\/index.php\/wp-json\/wp\/v2\/pages\/2062\/revisions\/3659"}],"wp:attachment":[{"href":"https:\/\/auto-coaching.fr\/index.php\/wp-json\/wp\/v2\/media?parent=2062"}],"curies":[{"name":"wp","href":"https:\/\/api.w.org\/{rel}","templated":true}]}}