{"id":2231,"date":"2015-04-14T16:16:55","date_gmt":"2015-04-14T14:16:55","guid":{"rendered":"http:\/\/www.auto-coaching.fr\/?page_id=2231"},"modified":"2015-04-15T09:26:22","modified_gmt":"2015-04-15T07:26:22","slug":"ah-les-hommes","status":"publish","type":"page","link":"https:\/\/auto-coaching.fr\/index.php\/ah-les-hommes\/","title":{"rendered":"Ah les hommes !"},"content":{"rendered":"<p>Je vous ai d\u00e9j\u00e0 parl\u00e9 de l&#8217;attraction des moustiques, mais je n&#8217;ai pas encore abord\u00e9 l&#8217;Attraction hommes\/femmes. Pourtant, c&#8217;est un domaine o\u00f9 la Loi de l&#8217;Attraction est si indiscutable que vous pouvez tenir une discussion pendant des heures en utilisant le mot Attraction,\u00a0et m\u00eame le groupe de mots \u00abLoi de l&#8217;Attraction\u00bb, sans que personne ne vous traite de mystique ou vous dise \u00abmoi, l&#8217;Attraction, j&#8217;y crois pas !\u00bb.<\/p>\n<p>C&#8217;est encore et toujours le m\u00eame th\u00e8me :<\/p>\n<p>Mesdames, je suppose que vous le savez, si vous vous promenez avec ce type de v\u00eatement\u00a0:<\/p>\n<p><a href=\"http:\/\/www.auto-coaching.fr\/wp-content\/uploads\/2015\/04\/tee-shirt.jpg\"><img decoding=\"async\" loading=\"lazy\" class=\" wp-image-2226\" src=\"http:\/\/www.auto-coaching.fr\/wp-content\/uploads\/2015\/04\/tee-shirt-717x1024.jpg\" alt=\"tee-shirt sexy !\" width=\"458\" height=\"649\" \/><\/a><\/p>\n<p>Vous n\u2019attirerez pas les m\u00eames hommes que si vous portiez celui-ci\u00a0:<\/p>\n<p><a href=\"http:\/\/www.auto-coaching.fr\/wp-content\/uploads\/2015\/04\/col-roule.jpg\"><img decoding=\"async\" loading=\"lazy\" class=\"alignnone size-full wp-image-2225\" src=\"http:\/\/www.auto-coaching.fr\/wp-content\/uploads\/2015\/04\/col-roule.jpg\" alt=\"col-roule\" width=\"460\" height=\"660\" srcset=\"https:\/\/auto-coaching.fr\/wp-content\/uploads\/2015\/04\/col-roule.jpg 460w, https:\/\/auto-coaching.fr\/wp-content\/uploads\/2015\/04\/col-roule-209x300.jpg 209w\" sizes=\"(max-width: 460px) 100vw, 460px\" \/><\/a><\/p>\n<p>Lorsqu\u2019une femme se plaint \u00e0 son coach s\u00e9duction, en lui disant que les hommes sont tous des \u00abmachos\u00bb, des \u00abdragueurs inv\u00e9t\u00e9r\u00e9s\u00bb, des \u00abaventuriers sans lendemain\u00bb, etc. il lui propose un relooking\u00a0!<\/p>\n<p>Ca \u00e9tonne souvent ! En quoi son relooking va changer les hommes ? Mais une fois l\u2019exp\u00e9rience v\u00e9cue, il est clair que dans le domaine de la s\u00e9duction, la tenue vestimentaire, la coiffure, le maquillage, etc. <strong>ATTIRE un certain type d\u2019hommes<\/strong>, et si ceux qui tournent autour de cette femme\u00a0ne sont pas \u00e0 son\u00a0go\u00fbt, \u00e7a n\u2019a rien \u00e0 voir avec les hommes, mais avec son\u00a0Attraction !<\/p>\n<blockquote><p>Son relooking, c&#8217;est \u00e0 dire une d\u00e9marche de changement personnel, ne changera pas LE\u00a0monde, \u00e7a changera SON\u00a0monde !<\/p><\/blockquote>\n<p>Bien s\u00fbr, ce que je viens de dire \u00e0 propos des hommes est valable pour les femmes.<\/p>\n<p>Ah les femmes !<\/p>\n<h2>Notre petit monde<\/h2>\n<p>Ce que je viens de dire concernant la tenue vestimentaire est valable pour beaucoup d&#8217;autres choses et dans bien d&#8217;autres contextes que le contexte de s\u00e9ductions. Votre posture, votre vocabulaire, le choix de vos partages sur Facebook, la musique que vous \u00e9coutez, la fa\u00e7on dont vous vous comportez avec les enfants agit sur votre univers.<\/p>\n<p>Nous avons une bonne vision du monde en ce qui concerne\u00a0notre sph\u00e8re, et parfois l\u00e9g\u00e8rement au-del\u00e0. Mais nous ne pouvons pas avoir une vision globale du monde dans son int\u00e9gralit\u00e9. Ca d\u00e9passe l&#8217;entendement humain. Nous voyons le monde directement disponible, sacr\u00e9ment filtr\u00e9, et nous avons l&#8217;impression que c&#8217;est LE monde.<\/p>\n<p>C&#8217;est pourquoi on dit qu&#8217;avant de changer LE monde, pensez d&#8217;abord \u00e0 changer VOTRE monde. Lorsque vous changez quelque chose dans votre vie, vous modifiez votre Attraction. Certaines personnes disparaissent de votre univers (vous ne les attirez plus), d&#8217;autres apparaissent (vous les attirez). Il n&#8217;y a pas mort d&#8217;homme, et le monde change avec vous et gr\u00e2ce \u00e0 vous.<\/p>\n<p>Attraction++ est un programme sur les changements que vous pouvez op\u00e9rer en vous. Vous d&#8217;abord ! C&#8217;est un programme non-intrusif, ce qui signifie que je ne vais pas vous obliger \u00e0 changer les choses dans le sens qui\u00a0me convient. C&#8217;est plut\u00f4t un programme adaptatif que vous pouvez transformer pour cr\u00e9er un monde conforme \u00e0 votre vision.\u00a0Votre avenir est entre vos mains, et c&#8217;est en grande partie, une question d&#8217;Attraction.<\/p>\n<p>A++<\/p>\n<p><strong>St\u00e9phane SOLOMON<\/strong><\/p>\n<p>&nbsp;<\/p>\n<!--themify_builder_content-->\n<div id=\"themify_builder_content-2231\" data-postid=\"2231\" class=\"themify_builder_content themify_builder_content-2231 themify_builder tf_clear\">\n    <\/div>\n<!--\/themify_builder_content-->\n","protected":false},"excerpt":{"rendered":"<p>Je vous ai d\u00e9j\u00e0 parl\u00e9 de l&#8217;attraction des moustiques, mais je n&#8217;ai pas encore abord\u00e9 l&#8217;Attraction hommes\/femmes. Pourtant, c&#8217;est un domaine o\u00f9 la Loi de l&#8217;Attraction est si indiscutable que vous pouvez tenir une discussion pendant des heures en utilisant le mot Attraction,\u00a0et m\u00eame le groupe de mots \u00abLoi de l&#8217;Attraction\u00bb, sans que personne ne [&hellip;]<\/p>\n","protected":false},"author":1,"featured_media":0,"parent":0,"menu_order":0,"comment_status":"open","ping_status":"open","template":"","meta":[],"builder_content":"","_links":{"self":[{"href":"https:\/\/auto-coaching.fr\/index.php\/wp-json\/wp\/v2\/pages\/2231"}],"collection":[{"href":"https:\/\/auto-coaching.fr\/index.php\/wp-json\/wp\/v2\/pages"}],"about":[{"href":"https:\/\/auto-coaching.fr\/index.php\/wp-json\/wp\/v2\/types\/page"}],"author":[{"embeddable":true,"href":"https:\/\/auto-coaching.fr\/index.php\/wp-json\/wp\/v2\/users\/1"}],"replies":[{"embeddable":true,"href":"https:\/\/auto-coaching.fr\/index.php\/wp-json\/wp\/v2\/comments?post=2231"}],"version-history":[{"count":6,"href":"https:\/\/auto-coaching.fr\/index.php\/wp-json\/wp\/v2\/pages\/2231\/revisions"}],"predecessor-version":[{"id":2237,"href":"https:\/\/auto-coaching.fr\/index.php\/wp-json\/wp\/v2\/pages\/2231\/revisions\/2237"}],"wp:attachment":[{"href":"https:\/\/auto-coaching.fr\/index.php\/wp-json\/wp\/v2\/media?parent=2231"}],"curies":[{"name":"wp","href":"https:\/\/api.w.org\/{rel}","templated":true}]}}