{"id":2276,"date":"2015-04-22T01:12:08","date_gmt":"2015-04-21T23:12:08","guid":{"rendered":"http:\/\/www.auto-coaching.fr\/?page_id=2276"},"modified":"2015-04-22T21:01:31","modified_gmt":"2015-04-22T19:01:31","slug":"auto-coaching-premiere-nouveaute","status":"publish","type":"page","link":"https:\/\/auto-coaching.fr\/index.php\/auto-coaching-premiere-nouveaute\/","title":{"rendered":"Auto-Coaching : premi&egrave;re nouveaut&eacute;"},"content":{"rendered":"<p>Il y a 3 semaines, je vous ai annonc\u00e9 la fin de<br \/>TIME-COACH et le d\u00e9but d&#8217;une nouvelle aventure.  <\/p>\n<p>J\u2019ai le plaisir de vous faire part de votre r\u00e9inscription automatique dans le programme<br \/>AUTO-COACHING.FR. Aucune action de votre part n\u2019est requise. Votre parcours dans TIME-COACH vous a propuls\u00e9 auto-coach.  <\/p>\n<p>Voici les 3 raisons possibles pour cette r\u00e9inscription sans condition :  <\/p>\n<ol>\n<li>Vous avez particip\u00e9 \u00e0 au moins deux programmes d\u2019auto-coaching (en plus de TIME-COACH)\n<li>Vous avez particip\u00e9 au \u00abPay What You Want\u00bb (Payez ce que vous voulez)\n<li>Vous participez actuellement au programme Attraction++<\/li>\n<\/ol>\n<p>Seuls 541 lecteurs ont ainsi \u00e9t\u00e9 s\u00e9lectionn\u00e9s sans condition (sur plus de 4.000). Ce nouveau programme n\u2019est pas ferm\u00e9 aux autres lecteurs, mais ils devront se r\u00e9inscrire volontairement, en montrant leur motivation.  <\/p>\n<h2>Du nouveau !<\/h2>\n<p>Vous allez accompagner de nombreuses nouveaut\u00e9s. Je vous les ferai d\u00e9couvrir progressivement. Vous avez pu constater depuis quelques semaines, que je me suis \u00e9quip\u00e9 pour animer des webinaires. Apr\u00e8s un temps de prise en mains, je suis d\u2019attaque pour vous proposer des prestations gratuites et payantes en direct. Nous allons les valider ensemble.  <\/p>\n<p>La premi\u00e8re grande nouveaut\u00e9 que je souhaite vous pr\u00e9senter est gratuite. Je l\u2019ai appel\u00e9e <strong>\u00abl\u2019Auto-coach du mois\u00bb<\/strong>. L\u2019id\u00e9e est de co-animer un webinaire avec un lecteur (peut-\u00eatre avec vous) qui souhaite partager ses connaissance, ses comp\u00e9tences, ses exp\u00e9riences, ses techniques ou ses outils orient\u00e9s D\u00e9veloppement Personnel. Si vous souhaitez proposer votre candidature, car vous sentez que vous avez quelque chose \u00e0 partager, contactez-moi en solo (en r\u00e9pondant \u00e0 ce courrier).  <\/p>\n<h2>L\u2019auto-coach du mois<\/h2>\n<p>La premi\u00e8re nouveaut\u00e9 que je souhaite vous pr\u00e9senter est gratuite. Je l\u2019ai baptis\u00e9e \u00abl\u2019Auto-coach du mois\u00bb. L\u2019id\u00e9e est de co-animer un webinaire avec un lecteur ou une lectrice qui souhaite partager ses connaissance, ses comp\u00e9tences, ses exp\u00e9riences, ses techniques ou ses outils orient\u00e9s D\u00e9veloppement Personnel. J\u2019ai d\u00e9j\u00e0 en vue 4 personnes (qui ne sont pas toutes au courant). Si vous souhaitez proposer votre candidature, car vous sentez que vous avez quelque chose d\u2019utile \u00e0 partager, contactez-moi en solo (en r\u00e9pondant \u00e0 ce courrier). Si vous voulez savoir comment \u00e7a se passe, vous n\u2019avez qu\u2019\u00e0 vous inscrire \u00e0 la premi\u00e8re prestation qui se d\u00e9roulera <strong>le mardi 28 avril \u00e0 20h30<\/strong> :  <\/p>\n<p style=\"text-align: center; margin: 12px auto 36px\"><a class=\"buttonize blue\" href=\"http:\/\/webinarjam.net\/webinar\/go\/14014\/4f80e40cc2\" target=\"_blank\">Inscrivez-vous !<\/a><\/p>\n<h2>Val\u00e9rie, l\u2019auto-coach du mois d\u2019Avril<\/h2>\n<p>Pour commencer, je voudrais vous pr\u00e9senter <strong>Val\u00e9rie Fernande-Ortega<\/strong>. Si vous avez d\u00e9j\u00e0 suivi l\u2019un de mes webinaires, vous l\u2019avez certainement aper\u00e7ue, car elle \u00e9tait souvent pr\u00e9sente en mode cam\u00e9ra, si bien que certains spectateurs ont cru qu\u2019elle \u00e9tait ma collaboratrice. Je dois avouer que parfois j\u2019y croyais moi-m\u00eame, tant ses questions \u00e9taient pertinentes, et ses t\u00e9moignages inbt\u00e9ressants.<\/p>\n<p>J\u2019en arrivais m\u00eame \u00e0 me demander qui \u00e9tait le coach <img decoding=\"async\" class=\"wlEmoticon wlEmoticon-winkingsmile\" style=\"border-top-style: none; border-bottom-style: none; border-right-style: none; border-left-style: none\" alt=\"Clignement d'&oelig;il\" src=\"http:\/\/www.auto-coaching.fr\/wp-content\/uploads\/2015\/04\/wlEmoticon-winkingsmile1.png\">.<\/p>\n<p>Val\u00e9rie n\u2019est pas mon assistante. Elle est une lectrice, comme vous. Elle a sa propre entreprise, et elle exerce le m\u00e9tier de CARTONNISTE. Pour ceux qui ne savent pas ce que \u00e7a veut dire (c\u2019\u00e9tait encore mon cas il y a quelques mois), essayez de r\u00e9pondre \u00e0 cette question :<\/p>\n<p><strong>Qu\u2019est-ce qu\u2019un cartonniste ?<\/strong><\/p>\n<ol>\n<li>Une personne qui fabrique des boites \u00e0 pizza\n<li>Un joueur de carte dans le vieux port de Marseille\n<li>Un collectionneur de cartons ramass\u00e9s dans les clubs de tir\n<li>Un artisan qui utilise le carton comme mati\u00e8re premi\u00e8re pour cr\u00e9er des meubles et des objets utiles et agr\u00e9ables.<\/li>\n<\/ol>\n<p>Bon, je vais vous aider&#8230; Voici ce que fait Val\u00e9rie :<\/p>\n<p><a href=\"http:\/\/www.auto-coaching.fr\/wp-content\/uploads\/2015\/04\/cadre_thumb2.png\"><img decoding=\"async\" loading=\"lazy\" title=\"cadre_thumb2\" style=\"border-left-width: 0px; border-right-width: 0px; background-image: none; border-bottom-width: 0px; padding-top: 0px; padding-left: 0px; display: inline; padding-right: 0px; border-top-width: 0px\" border=\"0\" alt=\"cadre_thumb2\" src=\"http:\/\/www.auto-coaching.fr\/wp-content\/uploads\/2015\/04\/cadre_thumb2_thumb.png\" width=\"276\" height=\"367\"><\/a>&nbsp;&nbsp;&nbsp;&nbsp; <a href=\"http:\/\/www.auto-coaching.fr\/wp-content\/uploads\/2015\/04\/mobilier_thumb4.jpg\"><img decoding=\"async\" loading=\"lazy\" title=\"mobilier_thumb4\" style=\"border-left-width: 0px; border-right-width: 0px; background-image: none; border-bottom-width: 0px; padding-top: 0px; padding-left: 0px; display: inline; padding-right: 0px; border-top-width: 0px\" border=\"0\" alt=\"mobilier_thumb4\" src=\"http:\/\/www.auto-coaching.fr\/wp-content\/uploads\/2015\/04\/mobilier_thumb4_thumb.jpg\" width=\"278\" height=\"367\"><\/a><\/p>\n<p>Donc c\u2019est la r\u00e9ponse 4 ! Bravo !!!<\/p>\n<p>Oui, oui, ce que vous voyez, c\u2019est du carton ! Il ne s\u2019agit pas de cartons sp\u00e9ciaux, mais d\u2019emballages r\u00e9cup\u00e9r\u00e9s. Ca vous impressionne ? Moi, \u00e7a m\u2019a sci\u00e9 !<\/p>\n<p>Comme vous pouvez le constater, Val\u00e9rie est une pointure !<\/p>\n<p>Je marque une petite pause pour mes lecteurs \u00e9trangers : la phrase qui pr\u00e9c\u00e8de ne signifie pas que Val\u00e9rie fait des chaussures en carton, mais qu\u2019elles est d\u2019une grande valeur dans son domaine. Et pour en arriver-l\u00e0, il faut avoir <strong>conscience de sa valeur<\/strong>. C\u2019est un travail long et p\u00e9rilleux, sem\u00e9 d\u2019embuches \u00e0 \u00e9viter, contourner ou ignorer&#8230; Val\u00e9rie vous donnera quelques techniques. C\u2019est l\u2019auto-coach du mois !<\/p>\n<p style=\"text-align: center; margin: 12px auto 36px\"><a class=\"buttonize blue\" href=\"http:\/\/webinarjam.net\/webinar\/go\/14014\/4f80e40cc2\" target=\"_blank\">Inscrivez-vous !<\/a><\/p>\n<h2>Le D\u00e9veloppement Personnel avant tout !<\/h2>\n<p>Saviez-vous qu\u2019avant d\u2019obtenir un OUI pour financer son parc, Walt DISNEY a d\u00fb faire face \u00e0 702 NON durant 6 ans ? Et il ne s\u2019agissait pas de simples NON, la plupart du temps, le refus \u00e9tait accompagn\u00e9 de critiques ou de pr\u00e9dictions du type \u00abCa ne marchera jamais !\u00bb. Ah ! Si Walt DISNEY faisait partie des lecteurs de ce programme, j\u2019en ferais bien l\u2019auto-coach du mois !<\/p>\n<p>Mais faut-il s\u2019appeler Disney, Edison, Jobs, Ford, Gates ou Branson pour inspirer ses semblables ? Je ne le pense pas. Val\u00e9rie a beaucoup de choses \u00e0 vous raconter sur la pers\u00e9v\u00e9rance qui pr\u00e9c\u00e8de la r\u00e9ussite. Quelle r\u00e9ussite ? Elle n\u2019a pas cr\u00e9\u00e9 une multinationale milliardaire, mais elle a choisi son m\u00e9tier, et elle en vit. Le projet \u00e9tait ambitieux et ce n\u2019\u00e9tait pas gagn\u00e9 d\u2019avance. Ce qu\u2019elle vous racontera sera tr\u00e8s inspirant.<\/p>\n<p>&#8211; Mais je ne veux pas devenir cartonniste, me direz-vous !<\/p>\n<p>Ce n\u2019est pas le but de ce webinaire&#8230; En fait, ce serait la derni\u00e8re raison pour laquelle vous devriez y participer. Par contre, si vous \u00eates artiste et souhaitez vivre de votre art, Cette rencontre est incontournable, m\u00eame s\u2019il y a Mentaliste \u00e0 la t\u00e9l\u00e9&#8230;<\/p>\n<p style=\"text-align: center; margin: 12px auto 36px\"><a class=\"buttonize blue\" href=\"http:\/\/webinarjam.net\/webinar\/go\/14014\/4f80e40cc2\" target=\"_blank\">Inscrivez-vous !<\/a><\/p>\n<p>&#8211; Mais je ne suis pas artiste non plus !<\/p>\n<ul>\n<li>Alors peut-\u00eatre \u00eates vous entrepreneur(e)\n<li>Peut-\u00eatre \u00eates-vous m\u00e8re c\u00e9libataire d\u2019une famille nombreuse\n<li>Peut-\u00eatre \u00eates-vous entour\u00e9(e) d\u2019adultes bienveillants qui vous aiment et qui vous disent r\u00e9guli\u00e8rement avec compassion \u00abTu devrais te trouver un vrai m\u00e9tier !\u00bb\n<li>Peut-\u00eatre avez-vous un r\u00eave \u00e0 r\u00e9aliser, et vous savez que plus vous fr\u00e9quenterez de personnes qui ont r\u00e9alis\u00e9 leurs r\u00eaves, plus vous augmenterez vos chances de r\u00e9aliser le v\u00f4tre&#8230;<\/li>\n<\/ul>\n<p>Pour toutes ces raisons et bien d\u2019autres, Val\u00e9rie gagne \u00e0 \u00eatre connue.<\/p>\n<p>Je suis s\u00fbr que si Val\u00e9rie devait trouver un financement pour cr\u00e9er le premier parc d\u2019Attraction en carton, elle essuierait au moins 703 refus ! Sa pers\u00e9v\u00e9rance n\u2019est pas le seul point commun avec Disney. Elle est cr\u00e9ative, g\u00e9n\u00e9reuse, communicante, \u00e9nergique&#8230; Si vous voulez \u00eatre coach\u00e9, il vous suffit de l\u2019\u00e9couter parler !  <\/p>\n<p>Je vous donne rendez-vous avec Val\u00e9rie, <strong>mardi prochain \u00e0 20h30<\/strong>. Elle vous retracera son parcours sous le prisme du D\u00e9veloppement Personnel. Ensuite vous pourrez lui poser des questions.<\/p>\n<p style=\"text-align: center; margin: 12px auto 36px\"><a class=\"buttonize blue\" href=\"http:\/\/webinarjam.net\/webinar\/go\/14014\/4f80e40cc2\" target=\"_blank\">Inscrivez-vous !<\/a><\/p>\n<p>Si vous n\u2019avez pas de questions, j\u2019en ai plein ! Par exemple, je lui demanderai quels d\u00e9clencheurs et quels acc\u00e9l\u00e9rateurs ont marqu\u00e9 sa vie ? Elle doit avoir des anecdotes int\u00e9ressantes \u00e0 raconter. O\u00f9 trouve-elle ses clients ? Ca ne court pas les rues les clients de cartonnistes ! Je lui demanderai aussi o\u00f9 elle puise ses id\u00e9es cr\u00e9atives et commerciales ? Si elle a d\u2019autres projets ? Quelle \u00e9volution de carri\u00e8re elle envisage dans les ann\u00e9e \u00e0 venir ? Et enfin, si sa chanson pr\u00e9f\u00e9r\u00e9e est \u00abLe g\u00e9ant de papier\u00bb.<\/p>\n<p>Bref\u2026 C\u2019est une soir\u00e9e \u00e0 r\u00e9server !<\/p>\n<p style=\"text-align: center; margin: 12px auto 36px\"><a class=\"buttonize blue\" href=\"http:\/\/webinarjam.net\/webinar\/go\/14014\/4f80e40cc2\" target=\"_blank\">Inscrivez-vous !<\/a><\/p>\n<p>A++<\/p>\n<p><strong>St\u00e9phane SOLOMON<\/strong><\/p>\n<!--themify_builder_content-->\n<div id=\"themify_builder_content-2276\" data-postid=\"2276\" class=\"themify_builder_content themify_builder_content-2276 themify_builder tf_clear\">\n    <\/div>\n<!--\/themify_builder_content-->\n","protected":false},"excerpt":{"rendered":"<p>Il y a 3 semaines, je vous ai annonc\u00e9 la fin deTIME-COACH et le d\u00e9but d&#8217;une nouvelle aventure. J\u2019ai le plaisir de vous faire part de votre r\u00e9inscription automatique dans le programmeAUTO-COACHING.FR. Aucune action de votre part n\u2019est requise. Votre parcours dans TIME-COACH vous a propuls\u00e9 auto-coach. Voici les 3 raisons possibles pour cette r\u00e9inscription [&hellip;]<\/p>\n","protected":false},"author":1,"featured_media":0,"parent":0,"menu_order":0,"comment_status":"open","ping_status":"open","template":"","meta":[],"builder_content":"","_links":{"self":[{"href":"https:\/\/auto-coaching.fr\/index.php\/wp-json\/wp\/v2\/pages\/2276"}],"collection":[{"href":"https:\/\/auto-coaching.fr\/index.php\/wp-json\/wp\/v2\/pages"}],"about":[{"href":"https:\/\/auto-coaching.fr\/index.php\/wp-json\/wp\/v2\/types\/page"}],"author":[{"embeddable":true,"href":"https:\/\/auto-coaching.fr\/index.php\/wp-json\/wp\/v2\/users\/1"}],"replies":[{"embeddable":true,"href":"https:\/\/auto-coaching.fr\/index.php\/wp-json\/wp\/v2\/comments?post=2276"}],"version-history":[{"count":12,"href":"https:\/\/auto-coaching.fr\/index.php\/wp-json\/wp\/v2\/pages\/2276\/revisions"}],"predecessor-version":[{"id":2288,"href":"https:\/\/auto-coaching.fr\/index.php\/wp-json\/wp\/v2\/pages\/2276\/revisions\/2288"}],"wp:attachment":[{"href":"https:\/\/auto-coaching.fr\/index.php\/wp-json\/wp\/v2\/media?parent=2276"}],"curies":[{"name":"wp","href":"https:\/\/api.w.org\/{rel}","templated":true}]}}