{"id":2481,"date":"2015-07-20T06:47:57","date_gmt":"2015-07-20T04:47:57","guid":{"rendered":"http:\/\/www.auto-coaching.fr\/?page_id=2481"},"modified":"2015-07-20T07:07:09","modified_gmt":"2015-07-20T05:07:09","slug":"memory-coach","status":"publish","type":"page","link":"https:\/\/auto-coaching.fr\/index.php\/memory-coach\/","title":{"rendered":"Le programme MEMORY-COACH"},"content":{"rendered":"<p>Aujourd\u2019hui, je voudrais vous parler de MEMORY-COACH. Et pour rester align\u00e9 sur mes deux pr\u00e9c\u00e9dents articles, j\u2019aimerais commencer par \u00e9voquer le nom de ce programme.<\/p>\n<p>Il serait ingrat de dire que ce nom est mal choisi, car MEMORY-COACH est ma meilleure vente. Mais malgr\u00e9 tout, je pense que l\u2019\u00e9tiquette a pu avoir un effet r\u00e9pulsif sur certains lecteurs\u00a0: pour beaucoup de personnes, coacher sa m\u00e9moire, c\u2019est subir une batterie d\u2019exercices \u00e0 difficult\u00e9 croissante, dans des domaines vari\u00e9s (noms, chiffres, symboles, illustrations&#8230;). Si je suis d\u2019accord avec ce type d\u2019entrainement en ce qui concerne les personnes qui aspirent \u00e0 devenir des champions dans ce domaine, je rappelle que ce que je propose est du domaine du quotidien. C\u2019est un confort de plus \u00e0 ajouter \u00e0 votre vie.<\/p>\n<p>MEMORY-COACH est \u00e0 votre m\u00e9moire, ce que la t\u00e9l\u00e9commande est \u00e0 la t\u00e9l\u00e9. Le petit boitier ne change pas le programme et il est toujours possible de contr\u00f4ler le poste manuellement, que ce soit pour changer le niveau sonore ou pour l\u2019\u00e9teindre. Donc la t\u00e9l\u00e9commande n\u2019a rien d\u2019essentiel&#8230; Mais c\u2019est plus confortable\u00a0: c\u2019est mieux avec\u00a0!<\/p>\n<p>Je me souviens que lors du lancement de ce programme, on me posait des questions du genre \u00abest-ce que \u00e7a permet de lutter contre la maladie d\u2019Alzheimer\u00bb ou encore \u00abje dois apprendre un texte en anglais pour un discours de transfert de comp\u00e9tences, est-ce que \u00e7a peut m\u2019aider, sachant que mon niveau scolaire est tr\u00e8s mauvais\u00a0?\u00bb, etc. Ma r\u00e9ponse est TOUJOURS non\u00a0! D\u2019ailleurs, c\u2019est une r\u00e9ponse que je g\u00e9n\u00e9ralise \u00e0 tous mes programmes\u00a0: ils ne sont pas faits pour soigner des maladies, ni pour sauver in-extr\u00e9mis des situations p\u00e9rilleuses. Ils sont faits pour ajouter de l\u00e9gers conforts \u00e0 votre vie. Ce sont des \u00abpetits riens\u00bb, mais lorsque vous les ma\u00eetrisez, ils vous permettent de prendre l\u2019avantage dans bien des situations.<\/p>\n<p>Si vous surestimez ce programme en vous disant qu\u2019il faut attendre le bon moment, en termes de disponibilit\u00e9, vous faites fausse route\u00a0: le simple fait que vous lisiez ces lignes d\u00e9montre que vous avez la disponibilit\u00e9 n\u00e9cessaire. MEMORY-COACH ne vous demandera pas plus de temps de lecture que les articles gratuits d\u2019AUTO-COACHING.FR.<\/p>\n<p>Mais il ne s\u2019agit pas non plus de sous-estimer les choses simples. Tous les chercheurs vous le diront\u00a0: il ne faut pas passer \u00e0 c\u00f4t\u00e9\u00a0! Et si vous vous adressez \u00e0 des personnes qui ont b\u00e2ti des entreprises p\u00e9rennes, ils vous diront qu\u2019ils sont partis d\u2019une simple id\u00e9e. Ca ne veut pas dire qu\u2019il faut refuser de faire des choses complexes. Mais ignorer la simplicit\u00e9 est une erreur fondamentale de D\u00e9veloppement Personnel.<\/p>\n<p>Il y a deux fa\u00e7ons de refuser les choses simples\u00a0:<\/p>\n<ul>\n<li>La premi\u00e8re consiste \u00e0 se dire\u00a0: \u00abc\u2019est trop facile\u00a0! \u00c7a ne changera rien \u00e0 ma vie\u00a0!\u00bb. Donc vous rejetez l\u2019id\u00e9e, parce que pour vous, il faut du lourd\u00a0!<\/li>\n<li>La deuxi\u00e8me fa\u00e7on est bien plus sournoise\u00a0: elle consiste \u00e0 compliquer la chose simple\u00a0: on vous propose de lire un texte en 5 minutes, et vous en faites un commentaire compos\u00e9 en 4 heures\u00a0!<\/li>\n<\/ul>\n<p>Si \u00e7a vous fait sourire, tant mieux\u00a0! \u00c7a veut dire que \u00e7a vous rappelle quelque chose ou quelqu\u2019un&#8230; Ramener des concepts \u00e0 votre v\u00e9cu, voil\u00e0 qui est simple, et qui peut vous aider \u00e0 faire d\u2019immenses progr\u00e8s dans tous les domaines qui vous tiennent \u00e0 c\u0153ur.<\/p>\n<p>MEMORY-COACH n\u2019est pas uniquement un programme qui vous permet de red\u00e9couvrir la fa\u00e7on dont vous m\u00e9morisez, et de jouer avec ce processus naturel. C\u2019est \u00e9galement un programme qui vous aide \u00e0 am\u00e9liorer votre concentration et votre cr\u00e9ativit\u00e9. J\u2019utilise certains des exercices propos\u00e9s dans mes formations sur l\u2019innovation. Ce que les cr\u00e9atifs font avec quelques petits trucs est ph\u00e9nom\u00e9nal\u00a0! C\u2019est pareil avec les enfants\u00a0: si vous \u00eates en vacances, profitez-en pour leur transmettre la m\u00e9thode, une fois acquise.<\/p>\n<p>Enfin, il y a l\u2019en-de\u00e7\u00e0\u00a0: j\u2019insiste, car beaucoup de gens ont tendance \u00e0 sous-estimer l\u2019incroyable puissance de leur cerveau.<\/p>\n<p>Seriez-vous capable de m\u00e9moriser une liste de 10 mots (dans l\u2019ordre) avec vos connaissances et vos techniques actuelles\u00a0? Si vous avez d\u00e9j\u00e0 une bonne m\u00e9moire, disons 20 mots, voire 30&#8230; Alors\u00a0? Est-ce possible pour vous\u00a0?<\/p>\n<p>Beaucoup de gens croient que c\u2019est impossible pour eux, et qu\u2019il faudrait des mois de surentrainement pour y parvenir. Alors quelle sera votre surprise si vendredi, non seulement vous pourrez relever ce d\u00e9fi, mais il vous para\u00eetra facile\u00a0! Quel impact ce genre d\u2019exp\u00e9rience pourrait avoir dans d\u2019autres domaines de votre vie\u00a0? Quel regard allez-vous porter sur toutes ces choses qui vous paraissent impossibles\u00a0?<\/p>\n<p>Ainsi, m\u00eame en supposant que MEMORY-COACH ne vous apporte qu\u2019une faible am\u00e9lioration en ce qui concerne la m\u00e9moire, il est possible qu\u2019il soit le d\u00e9clencheur d\u2019autres choses li\u00e9es \u00e0 vos projets en cours.<\/p>\n<p>Une nouvelle session commence aujourd\u2019hui. MEMORY-COACH est au prix de 10\u20ac seulement. 10\u20ac pour une technique que vous garderez \u00e0 vie, et que vous pourrez transmettre \u00e0 vos enfants. En ce moment, j\u2019y joue avec ma fille (6 ans) lorsque nous nous promenons dans la rue. Pour elle c\u2019est un jeu, et pour moi aussi lorsque je m\u2019amuse avec elle. Avec ma grande fille (9 ans), c\u2019est plus studieux\u00a0: nous allons jusqu\u2019\u00e0 30 mots. Je ne saurais vous dire si son bulletin scolaire (dont je suis tr\u00e8s fier) est la cons\u00e9quence de ces petits conforts d\u2019apprentissage que je lui enseigne \u00e0 chaque fois que je d\u00e9couvre une astuce \u00e0 sa port\u00e9e, mais si c\u2019\u00e9tait le cas, ce serait un bel en-de\u00e7\u00e0, car ces techniques de D\u00e9veloppement Personnel n\u2019ont rien \u00e0 vois avec ce qu\u2019on apprend \u00e0 l\u2019\u00e9cole.<\/p>\n<p>J\u2019invite toutes les personnes qui ont des questions \u00e0 poser sur ce programme (ou sur les modalit\u00e9s d\u2019inscription) \u00e0 m\u2019interroger, et je propose \u00e9galement \u00e0 celles et ceux qui ont d\u00e9j\u00e0 suivi ce programme de t\u00e9moigner de la simplicit\u00e9 de la m\u00e9thode, et si vous avez constat\u00e9 une am\u00e9lioration dans d\u2019autres domaines, de partager cet en-de\u00e7\u00e0 avec nous.<\/p>\n<div style=\"text-align: center;\">\n<table style=\"width: 80%; margin: auto;\">\n<tbody>\n<tr>\n<td style=\"text-align:center\"><a href=\"http:\/\/www.memory-coach.fr\" target=\"_blank\">Fiche produit<\/a><\/td>\n<td style=\"text-align:center\"><a href=\"http:\/\/www.inscription-minute.fr\/solution.aspx?code=ME34YC60&amp;origine=MC\" target=\"_blank\">Inscription<\/a><\/td>\n<\/tr>\n<\/tbody>\n<\/table>\n<\/div>\n<p>A++<\/p>\n<p>St\u00e9phane SOLOMON<\/p>\n<!--themify_builder_content-->\n<div id=\"themify_builder_content-2481\" data-postid=\"2481\" class=\"themify_builder_content themify_builder_content-2481 themify_builder tf_clear\">\n    <\/div>\n<!--\/themify_builder_content-->\n","protected":false},"excerpt":{"rendered":"<p>Aujourd\u2019hui, je voudrais vous parler de MEMORY-COACH. Et pour rester align\u00e9 sur mes deux pr\u00e9c\u00e9dents articles, j\u2019aimerais commencer par \u00e9voquer le nom de ce programme. Il serait ingrat de dire que ce nom est mal choisi, car MEMORY-COACH est ma meilleure vente. Mais malgr\u00e9 tout, je pense que l\u2019\u00e9tiquette a pu avoir un effet r\u00e9pulsif [&hellip;]<\/p>\n","protected":false},"author":1,"featured_media":0,"parent":0,"menu_order":0,"comment_status":"open","ping_status":"open","template":"","meta":[],"builder_content":"","_links":{"self":[{"href":"https:\/\/auto-coaching.fr\/index.php\/wp-json\/wp\/v2\/pages\/2481"}],"collection":[{"href":"https:\/\/auto-coaching.fr\/index.php\/wp-json\/wp\/v2\/pages"}],"about":[{"href":"https:\/\/auto-coaching.fr\/index.php\/wp-json\/wp\/v2\/types\/page"}],"author":[{"embeddable":true,"href":"https:\/\/auto-coaching.fr\/index.php\/wp-json\/wp\/v2\/users\/1"}],"replies":[{"embeddable":true,"href":"https:\/\/auto-coaching.fr\/index.php\/wp-json\/wp\/v2\/comments?post=2481"}],"version-history":[{"count":4,"href":"https:\/\/auto-coaching.fr\/index.php\/wp-json\/wp\/v2\/pages\/2481\/revisions"}],"predecessor-version":[{"id":2485,"href":"https:\/\/auto-coaching.fr\/index.php\/wp-json\/wp\/v2\/pages\/2481\/revisions\/2485"}],"wp:attachment":[{"href":"https:\/\/auto-coaching.fr\/index.php\/wp-json\/wp\/v2\/media?parent=2481"}],"curies":[{"name":"wp","href":"https:\/\/api.w.org\/{rel}","templated":true}]}}