{"id":2613,"date":"2015-09-09T19:29:18","date_gmt":"2015-09-09T17:29:18","guid":{"rendered":"http:\/\/www.auto-coaching.fr\/?page_id=2613"},"modified":"2015-09-24T12:04:57","modified_gmt":"2015-09-24T10:04:57","slug":"une-rentree-avec-ou-sans","status":"publish","type":"page","link":"https:\/\/auto-coaching.fr\/index.php\/une-rentree-avec-ou-sans\/","title":{"rendered":"Une rentr\u00e9e avec ou sans"},"content":{"rendered":"<p>Dans un\u00a0pr\u00e9c\u00e9dent article, j&#8217;ai \u00e9voqu\u00e9 une \u00abrentr\u00e9e difficile\u00bb. J&#8217;ai re\u00e7u quelques messages empathiques ainsi que des encouragements, et on m&#8217;a \u00e9galement demand\u00e9 si ma rentr\u00e9e \u00e9tait si difficile que \u00e7a&#8230; Voici donc un auto-recadrage de mon pessimisme apparent :<\/p>\n<ul>\n<li>Ma relation avec ma compagne est au beau fixe.<\/li>\n<li>Ma \u00a0petite derni\u00e8re vient de rentrer en CP avec une sacr\u00e9e p\u00eache !<\/li>\n<li>Pour mes 3 autres enfants scolaris\u00e9s, l&#8217;ann\u00e9e commence bien.<\/li>\n<li>Mon fils a\u00een\u00e9\u00a0(28 ans) va s&#8217;acheter un appartement\u00a0dans les semaines qui suivent.<\/li>\n<li>Comme ma fille a\u00een\u00e9e (10 ans) aime chanter, je lui ai propos\u00e9 d&#8217;enregistrer au moins 4 chansons par mois en studio. <a href=\"http:\/\/www.auto-coaching.fr\/index.php\/une-rentree-en-chanson\/\" target=\"_blank\">Vous avez d\u00e9couvert la premi\u00e8re r\u00e9cemment<\/a>\u00a0et nous avons d&#8217;autres rendez-vous programm\u00e9s.<\/li>\n<li>Cet \u00e9t\u00e9 je suis intervenu (en tant que conf\u00e9rencier) dans une conf\u00e9rence <strong>TEDx Salon<\/strong>. C&#8217;est l&#8217;\u00e9tape qui pr\u00e9c\u00e8de le grand \u00e9v\u00e9nement TEDx. M\u00eame si j&#8217;interviens souvent en public dans diff\u00e9rents lieux, le TEDx est un v\u00e9ritable r\u00eave r\u00e9alis\u00e9 !<\/li>\n<li>Mon activit\u00e9 de coaching a progress\u00e9\u00a0de 70% par rapport \u00e0 l&#8217;ann\u00e9e derni\u00e8re.<\/li>\n<li>Je viens de co-louer une salle de formation aux Buttes-Chaumont : c&#8217;est un bon d\u00e9but pour fonder mon \u00e9cole d&#8217;auto-coaching ; je pourrai \u00e9galement y animer des webinaires top niveau (la fibre optique y est install\u00e9e, et le cadre est tr\u00e8s agr\u00e9able).<\/li>\n<li>Un \u00e9diteur de livres sur le D\u00e9veloppement Personnel est tr\u00e8s int\u00e9ress\u00e9 par \u00abLa peau de banane\u00bb. Il est question de faire para\u00eetre un opuscule cette ann\u00e9e.<\/li>\n<li>Ce m\u00eame \u00e9diteur voudrait\u00a0que je pr\u00e9sente en vid\u00e9o sa s\u00e9lection \u00able livre du mois\u00bb, car il trouve que j&#8217;ai toutes les qualit\u00e9s requises pour \u00e7a. Je vous rappelle qu&#8217;il y a encore 6 mois, j&#8217;avais peur de la cam\u00e9ra&#8230;<\/li>\n<\/ul>\n<p>Veuillez excuser mon pessimisme apparent du premier septembre, mais tout va bien ! Je n&#8217;ai aucune raison de me plaindre. En fait si&#8230; Je peux trouver quelque chose&#8230; Par exemple, je suis toujours diab\u00e9tique insulinod\u00e9pendant !\u00a0Mais \u00e7a fait 34 ans, je vais finir par vivre avec !<\/p>\n<h2>La technique<\/h2>\n<p>Bon&#8230; Comme je sais que vous \u00eates tr\u00e8s empathique, je vais arr\u00eater de parler de moi quelques minutes, pour mettre en lumi\u00e8re la technique de cet article :<\/p>\n<p>Si vous cherchez\u00a0un sujet qui vous plongera dans la victimisation ou dans la plainte, vous trouverez facilement : nous sommes sur-\u00e9duqu\u00e9s pour afficher nos \u00abPEU\u00bb et nos \u00abSANS\u00bb.\u00a0Cependant, en vous autorisant un moment privil\u00e9gi\u00e9, vous pourrez lister une profusion\u00a0de choses qui vous mettent dans l&#8217;enthousiasme. Faites-le vraiment ! Ne le faites pas tout de suite, car vous me lisez entre deux rush n&#8217;est-ce pas ? Mais planifiez ce moment de <strong>Recherche &amp;\u00a0D\u00e9veloppement<\/strong> : prenez rendez-vous avec vous-m\u00eame, que ce soit un soir de cette semaine ou de la semaine prochaine, et listez !<\/p>\n<p>S&#8217;il le faut, annulez une activit\u00e9 habituelle (le JT de 20h, par exemple), et planifiez-vous 30 \u00e0 45 minutes pour lister vos \u00abAVEC\u00bb de la rentr\u00e9e : toutes ces activit\u00e9s dans lesquelles vous avez (ou avez eu) un r\u00f4le \u00e0 jouer, et qui vous satisfont\u00a0aujourd&#8217;hui.\u00a0Ces choses, petites et grandes, qui d\u00e9montrent que vous avez bien fait d&#8217;\u00eatre l\u00e0, d&#8217;agir, de pers\u00e9v\u00e9rer&#8230;<\/p>\n<h2>La liste contrepoids<\/h2>\n<p>Gr\u00e2ce \u00e0 ma\u00a0liste, force est de constater que j&#8217;ai pass\u00e9 un tr\u00e8s bon \u00e9t\u00e9 et que la rentr\u00e9e est prometteuse. Cet optimisme me permet de faire face \u00e0 une\u00a0d\u00e9ception qui me p\u00e8se et qui appara\u00eet machinalement lorsque je me laisse aller&#8230; Car il y a une frustration qui ne me l\u00e2che pas : mon programme d&#8217;auto-coaching est en d\u00e9confiture ! Une dizaine de commentaires pour l&#8217;histoire \u00abLe sacrifice\u00bb contre 128 commentaire il y a deux ans pour \u00abLe Bonheur de Neige\u00bb&#8230; 18 inscriptions pour le programme \u00abHistoires Inspirantes\u00bb, contre 150 inscriptions en moyenne par programme il y a trois ans&#8230;<\/p>\n<p>En p\u00e9riode de vacances, je veux bien diviser mes r\u00e9sultats par deux ou par trois&#8230; Mais par 10 ?!!!\u00a0Avec de tels r\u00e9sultats, il est hors de question de lancer un nouveau programme, m\u00eame si j&#8217;en ai tr\u00e8s envie. \u00abLa Client\u00e8le\u00bb ne le validera pas \u00e0 coup s\u00fbr ! Je vous ai \u00e9crit tout un chapitre sur le fait qu&#8217;elle ne voulait pas de mes histoires, et si je m&#8217;enfonce dans mes pens\u00e9es n\u00e9gatives ma r\u00e9alit\u00e9 est encore plus dure : tous mes programmes sont boud\u00e9s ! Je pourrais en d\u00e9duire qu&#8217;elle ne veut plus rien venant de moi ! L&#8217;article \u00abUne rentr\u00e9e sans histoires\u00bb aurait tr\u00e8s bien pu s&#8217;intituler \u00abUne rentr\u00e9e sans techniques\u00bb ou \u00abUne rentr\u00e9e sans outils\u00bb ou encore \u00abUne rentr\u00e9e sans auto-coaching\u00bb&#8230; Bref, une rentr\u00e9e sans moi !<\/p>\n<p>Pour faire face \u00e0 certaines d\u00e9faites, il faut\u00a0<strong>\u00a0toute une liste de r\u00e9ussites pour faire contrepoids<\/strong>. Elle\u00a0a fait son effet ! En l&#8217;espace d&#8217;une semaine,\u00a0j&#8217;ai troqu\u00e9 \u00abune rentr\u00e9e sans histoires\u00bb contre \u00abune rentr\u00e9e en chansons\u00bb.<\/p>\n<p>Qu&#8217;est-ce qu&#8217;une chanson ?\u00a0C&#8217;est une histoire racont\u00e9e en musique ! Serais-je une girouette pour changer d&#8217;avis en si peu de temps ? Vous avez le droit de l&#8217;interpr\u00e9ter ainsi. Mais me connaissant, vous pouvez aussi vous autoriser \u00e0 m\u00e9diter sur\u00a0<strong>cette m\u00e9taphore de la rentr\u00e9e<\/strong>, afin de mettre en pratique ma proposition :<\/p>\n<h1 style=\"text-align: center; font-size: 20pt;\">Faites-en plus !<\/h1>\n<p>En observant ma liste optimiste, une chose me saute aux yeux :\u00a0<strong>je r\u00e9ussis l\u00e0 o\u00f9 je m&#8217;implique \u00e0 fond !<\/strong> L\u00e0 o\u00f9 j&#8217;en donne TOUJOURS PLUS ! C&#8217;est du bon sens, mais on a souvent tendance \u00e0 l&#8217;oublier, tant on a envie que les choses coulent de source&#8230; Je ne fais pas exception \u00e0 la r\u00e8gle du moindre effort : si on se r\u00e9f\u00e8re \u00e0 mon dernier programme, on ne peut pas vraiment dire que je me sois d\u00e9pass\u00e9.<\/p>\n<p>Je ne parle pas de l&#8217;id\u00e9e (elle reste bonne), mais de ma fa\u00e7on de la vendre : pensant que je m&#8217;adressais \u00e0 des acheteurs, je n&#8217;ai pas cherch\u00e9 \u00e0 convaincre. J&#8217;ai cru que \u00e7a allait se faire tout seul\u00a0:\u00a0un acheteur, \u00e7a ach\u00e8te ! C&#8217;est comme si je consid\u00e9rais que ma compagne est d\u00e9finitivement\u00a0acquise, et que je n&#8217;ai plus rien \u00e0 faire pour entretenir notre Amour. Une amoureuse, \u00e7a aime ! C&#8217;est comme si je d\u00e9l\u00e9guais l&#8217;\u00e9ducation int\u00e9grale de mes enfants \u00e0 l&#8217;Ecole, me disant que je paye assez d&#8217;imp\u00f4ts pour \u00e7a. Des enseignants, \u00e7a enseigne !<\/p>\n<p>En d\u00e9couvrant le talent de ma fille, j&#8217;aurais pu me dire \u00abtous les parents trouvent que leurs enfants sont extraordinaires, ne te laisse pas impressionner !\u00bb&#8230; Et lorsque mon \u00e9diteur \u00e9tait de passage \u00e0 Paris et m&#8217;a propos\u00e9 un rendez-vous, j&#8217;aurais pu lui r\u00e9pondre \u00absi vous \u00eates vraiment motiv\u00e9 par mon ouvrage, c&#8217;est \u00e0 moi de fixer le jour et l&#8217;heure du rendez-vous !\u00bb.<\/p>\n<p>S&#8217;il y un point commun \u00e0 relever dans toutes les r\u00e9ussites que j&#8217;ai cit\u00e9es, c&#8217;est l&#8217;IMPORTANCE que j&#8217;ai donn\u00e9e \u00e0 chacune d&#8217;elles. Importance li\u00e9e \u00e0 des valeurs telles que l&#8217;Amour, l&#8217;Education, le Partage, le Respect&#8230; Je constate que depuis deux ans, je donne de moins en moins d&#8217;importance \u00e0 mes programmes en ligne. C&#8217;est probablement d\u00fb au fait que d&#8217;autres activit\u00e9s me payent\u00a0et que je n&#8217;aie pas r\u00e9ellement BESOIN de vendre ces programmes. Au d\u00e9but j&#8217;avais un v\u00e9ritable d\u00e9fi \u00e0 relever, car je voulais prouver leur efficacit\u00e9. Mais une fois que la preuve \u00e9tait faite, j&#8217;ai opt\u00e9 pour un entretien minimum&#8230;<\/p>\n<p>Mais que se passerait-il si c&#8217;\u00e9tait mon activit\u00e9 principale, voire ma seule activit\u00e9 ? J&#8217;aurais probablement la gnaque : j&#8217;en ferais plus ! Et de plus en plus pour satisfaire une client\u00e8le de longue date. Si elle ne suffisait pas, je ferais entrer de nouveaux lecteurs, et si elle ne venait pas aussi facilement qu&#8217;au d\u00e9but, j&#8217;int\u00e9grerais des innovations pour m&#8217;aligner sur les attentes du public. Attentes que mes concurrents n&#8217;ont pas n\u00e9glig\u00e9es.<\/p>\n<p>Aussi pertinente que soit mon analogie entre \u00abLa Client\u00e8le\u00bb et un organisme certificateur, approbateur, mod\u00e9rateur ou censeur, il est important de se rappeler qu&#8217;\u00e0 l&#8217;inverse d&#8217;un Conseil de l&#8217;Ordre, d&#8217;un Syndicat ou d&#8217;un Tribunal quelconque, <strong>c&#8217;est le professionnel qui constitue La Client\u00e8le<\/strong>. Il l&#8217;attire et il la repousse gr\u00e2ce \u00e0 divers outils de Communication, et c&#8217;est \u00e9galement lui qui d\u00e9termine\u00a0(consciemment ou pas) le\u00a0nombre de personnes qu&#8217;il souhaite toucher.<\/p>\n<p>Si le professionnel en veut PLUS, c&#8217;est \u00e0 lui d&#8217;en faire PLUS !<\/p>\n<p>Pour moi, \u00e7a commence aujourd&#8217;hui ! Et pour vous ?<\/p>\n<p>A++<\/p>\n<p><strong>St\u00e9phane SOLOMON<\/strong><\/p>\n<p>&nbsp;<\/p>\n<!--themify_builder_content-->\n<div id=\"themify_builder_content-2613\" data-postid=\"2613\" class=\"themify_builder_content themify_builder_content-2613 themify_builder tf_clear\">\n    <\/div>\n<!--\/themify_builder_content-->\n","protected":false},"excerpt":{"rendered":"<p>Dans un\u00a0pr\u00e9c\u00e9dent article, j&#8217;ai \u00e9voqu\u00e9 une \u00abrentr\u00e9e difficile\u00bb. J&#8217;ai re\u00e7u quelques messages empathiques ainsi que des encouragements, et on m&#8217;a \u00e9galement demand\u00e9 si ma rentr\u00e9e \u00e9tait si difficile que \u00e7a&#8230; Voici donc un auto-recadrage de mon pessimisme apparent : Ma relation avec ma compagne est au beau fixe. Ma \u00a0petite derni\u00e8re vient de rentrer en [&hellip;]<\/p>\n","protected":false},"author":1,"featured_media":0,"parent":0,"menu_order":0,"comment_status":"open","ping_status":"open","template":"","meta":[],"builder_content":"","_links":{"self":[{"href":"https:\/\/auto-coaching.fr\/index.php\/wp-json\/wp\/v2\/pages\/2613"}],"collection":[{"href":"https:\/\/auto-coaching.fr\/index.php\/wp-json\/wp\/v2\/pages"}],"about":[{"href":"https:\/\/auto-coaching.fr\/index.php\/wp-json\/wp\/v2\/types\/page"}],"author":[{"embeddable":true,"href":"https:\/\/auto-coaching.fr\/index.php\/wp-json\/wp\/v2\/users\/1"}],"replies":[{"embeddable":true,"href":"https:\/\/auto-coaching.fr\/index.php\/wp-json\/wp\/v2\/comments?post=2613"}],"version-history":[{"count":29,"href":"https:\/\/auto-coaching.fr\/index.php\/wp-json\/wp\/v2\/pages\/2613\/revisions"}],"predecessor-version":[{"id":2652,"href":"https:\/\/auto-coaching.fr\/index.php\/wp-json\/wp\/v2\/pages\/2613\/revisions\/2652"}],"wp:attachment":[{"href":"https:\/\/auto-coaching.fr\/index.php\/wp-json\/wp\/v2\/media?parent=2613"}],"curies":[{"name":"wp","href":"https:\/\/api.w.org\/{rel}","templated":true}]}}