{"id":2760,"date":"2015-12-07T16:50:55","date_gmt":"2015-12-07T14:50:55","guid":{"rendered":"http:\/\/www.auto-coaching.fr\/?page_id=2760"},"modified":"2015-12-07T17:51:59","modified_gmt":"2015-12-07T15:51:59","slug":"rien-ne-se-perd-tout-se-transforme","status":"publish","type":"page","link":"https:\/\/auto-coaching.fr\/index.php\/rien-ne-se-perd-tout-se-transforme\/","title":{"rendered":"Rien ne se perd tout se transforme"},"content":{"rendered":"<p>Aujourd\u2019hui, je voudrais m\u2019adresser aux lecteurs qui n\u2019ont pas cliqu\u00e9 sur le bouton d\u2019inscription et qui ont tenu \u00e0 r\u00e9pondre \u00e0 mes interrogations, me donnant ainsi deux excellents arguments :  <\/p>\n<ol>\n<li><strong>Il pr\u00e9f\u00e8rent lire !<\/strong> La vid\u00e9o (que ce soit en direct ou en diff\u00e9r\u00e9) est ennuyeuse pour eux.\n<li><strong>Une vid\u00e9o de 90 minutes, c\u2019est trop long !<\/strong> Des petites capsules vid\u00e9o de 5 \u00e0 10 minutes \u00e7a passe. 20 minutes \u00e0 la rigueur, si c\u2019est passionnant. Mais 90 minutes d\u2019affil\u00e9e, c\u2019est hors de question !<\/li>\n<\/ol>\n<p>Tout ceci est normal et j\u2019aurais d\u00fb y penser : il y a 2 ans, j\u2019avais une forte demande pour la vid\u00e9o et l\u2019audio. C\u2019\u00e9tait l\u2019une des raisons pour lesquelles les gens n\u2019achetaient pas mes programmes : ils n\u2019aimaient pas lire ! Comme je ne me sentais pas pr\u00eat pour faire des vid\u00e9os, j\u2019ai procrastin\u00e9, et ces clients potentiels sont all\u00e9s voir ailleurs : l\u00e0 o\u00f9 il y avait de l\u2019audiovisuel\u2026  <\/p>\n<p>Conclusion : ma <strong>client\u00e8le<\/strong> d\u2019aujourd\u2019hui est constitu\u00e9e principalement <strong>de lecteurs<\/strong> ! S\u2019ils aimaient les vid\u00e9os, ils seraient partis comme les autres. Du coup, ma proposition est boud\u00e9e malgr\u00e9 l\u2019importance du sujet abord\u00e9 : <strong>ce n\u2019est pas le bon format<\/strong>. Si je veux qu\u2019un maximum de personnes s\u2019int\u00e9ressent \u00e0 mon programme, il va falloir que je me constitue une nouvelle client\u00e8le : celle qui aime les vid\u00e9os.  <\/p>\n<h2>A moins que\u2026<\/h2>\n<p>A moins que je tienne compte de la deuxi\u00e8me raison \u00e9voqu\u00e9e : la dur\u00e9e ! Ca, \u00e7a a toujours \u00e9t\u00e9 un probl\u00e8me ! M\u00eame en mode lecture, d\u00e8s que je d\u00e9passais les 3 ou 4 pages, je voyais une chute d\u2019int\u00e9r\u00eat.  <\/p>\n<h1>J\u2019ai deux super bonnes nouvelles :<\/h1>\n<ul>\n<li>Vous aimez lire et j\u2019aime \u00e9crire ! alors je vous propose \u00abPositivez le n\u00e9gatif\u00bb en version \u00e9crite ! <strong>10 articles courts<\/strong> sur le sujet. Moins de 3 pages \u00e0 chaque fois. Ca r\u00e9pond bien \u00e0 la demande actuelle.<\/li>\n<\/ul>\n<p>ET<\/p>\n<ul>\n<li>Oubliez le Replay de 90 minutes ! Je vous propose <strong>10 vid\u00e9os courtes<\/strong> : moins de 10 minutes chacune !<\/li>\n<\/ul>\n<p>Afin de revenir vers un format connu (un format hom\u00e9opathique qui a fait le succ\u00e8s des premiers programmes), vous recevrez un courrier \u00e9lectronique chaque matin, contenant un lien vers l\u2019article du jour OU vers la vid\u00e9o du jour. Voil\u00e0 qui nous fait un programme sur 4 semaines : 10 modules sous forme d\u2019articles courts + 10 modules sous forme de vid\u00e9os courtes. En alternance\u2026<\/p>\n<p>Vous devez vous en douter, les vid\u00e9os seront issues du webinaire. Mais vous ne le vivrez pas du tout de la m\u00eame fa\u00e7on. Pour am\u00e9liorer la digestion, chaque petite capsule vid\u00e9o fera l\u2019objet d\u2019un montage, selon le sch\u00e9ma suivant :  <\/p>\n<ol>\n<li>Un g\u00e9n\u00e9rique de d\u00e9but\n<li>Une explication dynamique sur le th\u00e8me du jour\n<li>L\u2019extrait du webinaire pour \u00e9tayer le sujet\n<li>Une conclusion r\u00e9capitulative de ce qui a \u00e9t\u00e9 dit\n<li>Un g\u00e9n\u00e9rique de fin<\/li>\n<\/ol>\n<p>Le prix de ce nouveau programme ? Eh bien comme vous devez vous en douter, forc\u00e9ment \u00e7a co\u00fbte ! Alors le prix va augmenter encore de 10\u20ac. Ce qui nous fait un programme \u00e0 40\u20ac (10\u20ac par semaine).<\/p>\n<h2>Offre de lancement !<\/h2>\n<p>Rassurez-vous ! Je ne vais pas augmenter le prix tout de suite. Si vous adh\u00e9rez avant demain midi, vous pourrez b\u00e9n\u00e9ficier du prix actuellement en ligne, c\u2019est \u00e0 dire 30\u20ac.  <\/p>\n<p>Attention !&nbsp; Le temps passe vite :  <\/p>\n<p align=\"center\"><a class=\"buttonize blue\" href=\"http:\/\/www.inscription-minute.fr\/solution.aspx?code=F7OM64ER\" target=\"_blank\">Inscrivez-vous maintenant pour 30\u20ac seulement<\/a><\/p>\n<h2>La perle du jour<\/h2>\n<p>Pour tout probl\u00e8me, il y a une solution, et vous voyez que je me donne \u00e0 fond ! Je pose des questions, je suis \u00e0 l\u2019\u00e9coute, je prends conscience de \u00abce qui ne va pas\u00bb, puis j\u2019investis, je transforme et j\u2019innove pour vous proposer quelque chose de plus agr\u00e9able, plus costaud, plus accessible. Si m\u00eame cette offre ne vous convient pas, <strong>continuez \u00e0 me donner de bonnes raisons de ne pas y adh\u00e9rer !<\/strong> Je trouverai une solution pour vous satisfaire.  <\/p>\n<p>Si je ne vous \u00e9coutais pas, vous qui me suivez depuis des ann\u00e9es, qui \u00e9couterais-je ?  <\/p>\n<h2>Et vous ?<\/h2>\n<p>Je vous invite \u00e0 en faire autant : \u00e9coutez vos clients ! Eh oui ! Rappelez-vous que nous sommes dans un programme d\u2019auto-coaching et que mon projet, au-del\u00e0 de sa r\u00e9alit\u00e9 propre et de sa sp\u00e9cificit\u00e9, peut vous servir de m\u00e9taphore pour vos propres produits. <strong>Rien ne se perd, tout se transforme !<\/strong> Saviez-vous que Thomas EDISON a d\u00e9pos\u00e9 plus de 400 brevets gr\u00e2ce \u00e0 la lampe \u00e9lectrique ? A chaque fois qu\u2019une exp\u00e9rience \u00e9chouait, il notait ce qui lui paraissait bizarre (sifflements, couleurs particuli\u00e8res, explosions, interf\u00e9rences\u2026), et tout en gardant le cap sur son objectif (la lampe), il faisait de nouvelles d\u00e9couvertes utiles, dignes d\u2019un brevet. J\u2019en ai d\u00e9j\u00e0 parl\u00e9 : c\u2019est la fameuse \u00abs\u00e9rendipit\u00e9\u00bb qui n\u2019apparait jamais dans l\u2019imagination, mais toujours apr\u00e8s un passage \u00e0 l\u2019action.  <\/p>\n<h2>Important !<\/h2>\n<p>Je tiens \u00e0 pr\u00e9ciser une chose importante pour mes lecteurs les plus actifs : si vous avez particip\u00e9 \u00e0 l\u2019une des offres pr\u00e9c\u00e9dentes vous n\u2019avez rien \u00e0 payer. Vous b\u00e9n\u00e9ficierez automatiquement de ce programme, m\u00eame si vous n\u2019avez pay\u00e9 que 20\u20ac. La raison est simple : <strong>ce produit existe gr\u00e2ce \u00e0 vous !<\/strong> Vous y avez contribu\u00e9 en r\u00e9pondant \u00abpr\u00e9sent\u00bb, et en le finan\u00e7ant avec vos adh\u00e9sions.  <\/p>\n<p>Avant m\u00eame que la premi\u00e8re minute soit film\u00e9e, avant de savoir ce que ce \u00abreplay\u00bb allait devenir, vous avez pay\u00e9 20\u20ac pour y souscrire. M\u00eame mon banquier n\u2019aurait pas investi l\u00e0-dedans sans garantie ! Ca m\u00e9rite bien un cadeau. Alors si vous avez particip\u00e9 \u00e0 l\u2019un des deux webinaires ou si vous avez souscrit au replay ce week-end ou ce matin, n\u2019en rajoutez pas. Le compte est bon !  <\/p>\n<p>Allez ! Pour les autres, je pense avoir r\u00e9gl\u00e9 beaucoup de \u00abbonnes raisons de ne pas acheter\u00bb. Pour 10\u20ac de plus que la semaine derni\u00e8re, vous pouvez profiter de ce nouveau programme qui n\u2019a plus rien \u00e0 voir avec celui que vous boudiez. N\u2019attendez pas l\u2019augmentation \u00e0 40\u20ac. Plus vous attendez impassible, plus vous vous \u00e9loignez de cette richesse. Plus vous agissez, que ce soit en adh\u00e9rant ou en communiquant, plus vous enrichissez ce syst\u00e8me, dont la vocation principale est de vous servir au mieux.  <\/p>\n<p align=\"center\"><a class=\"buttonize blue\" href=\"http:\/\/www.inscription-minute.fr\/solution.aspx?code=F7OM64ER\" target=\"_blank\">Profitez-en vite !<\/a> <\/p>\n<p>A++  <\/p>\n<p><strong>St\u00e9phane SOLOMON<\/strong><\/p>\n<!--themify_builder_content-->\n<div id=\"themify_builder_content-2760\" data-postid=\"2760\" class=\"themify_builder_content themify_builder_content-2760 themify_builder tf_clear\">\n    <\/div>\n<!--\/themify_builder_content-->\n","protected":false},"excerpt":{"rendered":"<p>Aujourd\u2019hui, je voudrais m\u2019adresser aux lecteurs qui n\u2019ont pas cliqu\u00e9 sur le bouton d\u2019inscription et qui ont tenu \u00e0 r\u00e9pondre \u00e0 mes interrogations, me donnant ainsi deux excellents arguments : Il pr\u00e9f\u00e8rent lire ! La vid\u00e9o (que ce soit en direct ou en diff\u00e9r\u00e9) est ennuyeuse pour eux. Une vid\u00e9o de 90 minutes, c\u2019est trop [&hellip;]<\/p>\n","protected":false},"author":1,"featured_media":0,"parent":0,"menu_order":0,"comment_status":"open","ping_status":"open","template":"","meta":[],"builder_content":"","_links":{"self":[{"href":"https:\/\/auto-coaching.fr\/index.php\/wp-json\/wp\/v2\/pages\/2760"}],"collection":[{"href":"https:\/\/auto-coaching.fr\/index.php\/wp-json\/wp\/v2\/pages"}],"about":[{"href":"https:\/\/auto-coaching.fr\/index.php\/wp-json\/wp\/v2\/types\/page"}],"author":[{"embeddable":true,"href":"https:\/\/auto-coaching.fr\/index.php\/wp-json\/wp\/v2\/users\/1"}],"replies":[{"embeddable":true,"href":"https:\/\/auto-coaching.fr\/index.php\/wp-json\/wp\/v2\/comments?post=2760"}],"version-history":[{"count":7,"href":"https:\/\/auto-coaching.fr\/index.php\/wp-json\/wp\/v2\/pages\/2760\/revisions"}],"predecessor-version":[{"id":2767,"href":"https:\/\/auto-coaching.fr\/index.php\/wp-json\/wp\/v2\/pages\/2760\/revisions\/2767"}],"wp:attachment":[{"href":"https:\/\/auto-coaching.fr\/index.php\/wp-json\/wp\/v2\/media?parent=2760"}],"curies":[{"name":"wp","href":"https:\/\/api.w.org\/{rel}","templated":true}]}}