{"id":2785,"date":"2015-12-22T17:10:09","date_gmt":"2015-12-22T15:10:09","guid":{"rendered":"http:\/\/www.auto-coaching.fr\/?page_id=2785"},"modified":"2015-12-22T19:17:29","modified_gmt":"2015-12-22T17:17:29","slug":"la-valeur-de-notre-relation","status":"publish","type":"page","link":"https:\/\/auto-coaching.fr\/index.php\/la-valeur-de-notre-relation\/","title":{"rendered":"La valeur de notre relation"},"content":{"rendered":"<p>L&#8217;article d&#8217;aujourd&#8217;hui est la suite de la technique que je vous ai pr\u00e9sent\u00e9e mardi dernier. Vous vous en souvenez ? L&#8217;article s\u2019intitulait \u00ab<a href=\"http:\/\/www.auto-coaching.fr\/index.php\/technique-ce-n-est-pas-possible\/\">Ce n\u2019est pas possible !<\/a>\u00bb. <\/p>\n<p>Si vous l\u2019avez rat\u00e9, pensez \u00e0 le lire avant celui-ci (il se lit tr\u00e8s vite). J\u2019en profite pour remercier les 6 personnes qui l\u2019ont comment\u00e9, avec une mention sp\u00e9ciale pour Christophe, qui a donn\u00e9 \u00e0 cet article ses Lettres de Noblesse en y ajoutant du sien. <\/p>\n<p>Pour nous remettre dans le bain, un petit r\u00e9sum\u00e9 : dans l\u2019\u00e9pisode pr\u00e9c\u00e9dent, j\u2019ai expliqu\u00e9 que si je vous envoyais un courrier injurieux, notre relation pourrait en souffrir, sauf si vous vous dites : <\/p>\n<p align=\"center\"><strong>&#8211; Ce n\u2019est pas possible !<\/strong> <\/p>\n<p>J\u2019ai livr\u00e9 un sc\u00e9nario qui vous donnerait raison de pousser ce cri (la vengeance venant d\u2019une personne qui disposerait de mes codes d\u2019acc\u00e8s). M\u00eame si la probabilit\u00e9 est inf\u00e9rieure \u00e0 10%, elle est nettement sup\u00e9rieure \u00e0 celle qui laisserait entendre que j\u2019ai d\u00e9cid\u00e9 de vous insulter \u00e0 travers cette Newsletter. Pour que vous puissiez appliquer cette technique, il est important d\u2019avoir conscience de la <b>Valeur de notre Relation<\/b>. Car si elle n\u2019a aucune valeur pour vous, la probabilit\u00e9 que ces insultes viennent de moi surclasse la \u00abth\u00e9orie du stagiaire\u00bb. <\/p>\n<p>Comme d\u2019accoutum\u00e9e, je vous rappelle que notre relation n\u2019est qu\u2019un cas parmi d\u2019autres que je me permets d\u2019analyser, d\u2019affiner, de pratiquer parce que je la connais. Si nous \u00e9tions dans un coaching individuel, je pourrais faire ce travail avec d\u2019autres relations que vous souhaitez valoriser. J\u2019aurais pu \u00e9galement vous raconter une histoire d\u2019inspiration, mais puisqu\u2019il est possible de parler de quelque chose de vrai, de vivant, d\u2019actuel, autant s\u2019en servir : mod\u00e9lisez la technique abord\u00e9e pour valoriser vos autres relations personnelles et professionnelles. Par exemple, si on vous raconte que l\u2019un de vos partenaires en affaires essaye de d\u00e9tourner votre client\u00e8le, votre premi\u00e8re r\u00e9action devrait \u00eatre \u00abCe n\u2019est pas possible ! Pas lui ! Nous avons une relation de valeur !\u00bb. La question qui s\u2019en suit est \u00abqui essaye de ternir cette relation ? Et dans quel but ?\u00bb. <\/p>\n<blockquote>\n<p>Le doute profite souvent \u00e0 celui qui le s\u00e8me&#8230;<\/p>\n<\/blockquote>\n<h2>Le pire ennemi d\u2019une relation<\/h2>\n<p>Comme nous l\u2019avons vu pr\u00e9c\u00e9demment, la col\u00e8re d\u2019un stagiaire pourrait fragiliser, voire d\u00e9truire notre relation si celle-ci n\u2019est pas assez solide pour que vous vous disiez \u00abce n\u2019est pas possible !\u00bb. Mais les col\u00e9reux, les jaloux, les pervers, les toxiques, les l\u00e2ches, les ind\u00e9licats, les superficiels, etc. ne sont pas les pires ennemis d\u2019une relation. L\u2019ennemi le plus redoutable est au-dessus de tous soup\u00e7ons, et il faut que je vous en parle, car <b>la probabilit\u00e9 qu\u2019il s\u2019attaque \u00e0 vos relations r\u00e9guli\u00e8rement est de 100%<\/b>. Le petit stagiaire est ridicule \u00e0 c\u00f4t\u00e9 de ce monstre ! <\/p>\n<p>J\u2019ai failli arr\u00eater mon article ici pour vous proposer de le commenter, et vous laisser d\u00e9voiler progressivement ce myst\u00e8re. Mais d\u2019une mani\u00e8re g\u00e9n\u00e9rale, il y a \u00e0 peine trois pel\u00e9s et un tondu qui participent \u00e0 mes animations. Seule l\u2019annonce d\u2019une <em>\u00absituation critique\u00bb<\/em> \u00e9veille l\u2019auditoire, provoquant un int\u00e9r\u00eat aussi soudain qu\u2019\u00e9ph\u00e9m\u00e8re&#8230; De plus, ces animations gratuites me prennent un temps fou, et le temps c\u2019est de l\u2019argent ! Cette derni\u00e8re ann\u00e9e vous avez \u00e9t\u00e9 si avares de votre temps et de votre argent, que je ne peux plus donner&#8230; J\u2019\u00e9tais fort g\u00e9n\u00e9reux au d\u00e9but parce qu\u2019il y avait plus de 200 inscriptions \u00e0 chaque programme que je lan\u00e7ais, mais cette \u00e9poque est r\u00e9volue : vous avez tellement abus\u00e9 de la gratuit\u00e9 que vous m\u2019avez ruin\u00e9. Je vais fermer boutique \u00e0 cause de vous ! On me l\u2019avait pourtant dit : le monde est divis\u00e9 en deux, ceux qui savent investir en eux, et ceux qui auront toujours un pr\u00e9texte d\u2019avance pour ne pas le faire. J\u2019ai essay\u00e9 de prouver qu\u2019en rendant la chose accessible on pouvait change la tendance. J\u2019ai \u00e9chou\u00e9 lamentablement ! Merci pour cette le\u00e7on de vie que vous m\u2019avez donn\u00e9e&#8230; Je m\u2019en souviendrai ! <\/p>\n<p><strong>Alors, vous voyez de quel ennemi je veux parler ?<\/strong> <\/p>\n<p>La r\u00e9ponse est dans ce que vous venez de ressentir en lisant ma tirade plaintive : de quel droit je vous parle sur ce ton ? Ce n\u2019est pas possible ! Il y a un \u00abstagiaire\u00bb l\u00e0 dessous&#8230; <\/p>\n<p>En effet, ce n\u2019est pas possible ! Je ne vous ai jamais \u00e9crit ce genre de choses, et je n\u2019ai aucune raison de le faire (hors cadre p\u00e9dagogique). Seulement voil\u00e0 : <b>pour certains lecteurs<\/b>, d\u00e8s que j\u2019\u00e9voque les Valeurs propres \u00e0 notre relation (du moins \u00e0 la relation que je souhaite entretenir), mes mots r\u00e9sonnent sur ce ton accusateur ! <\/p>\n<ul>\n<li>Lorsque j\u2019\u00e9cris <i>\u00abJe carbure au <b>Sentiment d\u2019Utilit\u00e9<\/b> : j\u2019ai besoin de votre \u00e9cho pour nourrir ce sentiment\u00bb<\/i>, ils entendent <i>\u00abLe fait que vous ne commentiez pas mes articles me fait perdre ma motivation. Si vous continuez ainsi, je vais arr\u00eater d\u2019\u00e9crire et ce sera de votre faute !\u00bb<\/i>.<\/li>\n<li>Lorsque j\u2019\u00e9cris <i>\u00abCe nouveau programme, je l\u2019ai \u00e9crit pour vous : mes lecteurs <b>fid\u00e8les<\/b>. Je ne prospecte pas en dehors de cette Newsletter. Inscrivez-vous !\u00bb<\/i>, ils entendent <i>\u00abVous \u00eates ma seule source de revenus, si vous continuez \u00e0 profiter de moi sans contrepartie, je vais faire faillite. D\u00e9p\u00eachez-vous !\u00bb<\/i><\/li>\n<li>Lorsque j\u2019\u00e9cris <i>\u00abVous avez \u00e9t\u00e9 300 \u00e0 cliquer sur le lien d\u2019inscription et pr\u00e8s de 270 \u00e0 faire demi-tour. <b>En quoi puis-je vous aider ?<\/b>\u00bb<\/i> ils lisent <i>\u00abJe flique chacun de vos mouvements, et vous avez vraiment des comportements d\u00e9biles !\u00bb<\/i><\/li>\n<li>Lorsque j\u2019\u00e9cris <i>\u00abJ\u2019aime le <b>Commerce<\/b> ! Je trouve que c\u2019est une fa\u00e7on magnifique d\u2019<b>Echanger<\/b>, de <b>Partager<\/b>, d\u2019<b>Innover<\/b>, et je n\u2019ai jamais cach\u00e9 l\u2019aspect commercial de <b>notre relation<\/b>\u00bb, <\/i>ils lisent <i>\u00abDepuis le d\u00e9but je vous ballade avec des histoires \u00e0 dormir debout, mais la seule chose qui m\u2019int\u00e9resse, c\u2019est votre pognon !\u00bb<\/i><\/li>\n<li>Lorsque je raconte une exp\u00e9rience personnelle que j\u2019ai r\u00e9solue <b>gr\u00e2ce \u00e0 mon Attitude<\/b>, et non gr\u00e2ce \u00e0 mes connaissances, mon exp\u00e9rience ou mes relations, ils lisent un \u00e9panchement sur ma vie priv\u00e9e&#8230; Et pour peu que je mette en valeur le processus pour les <b>Inspirer<\/b>, ils y voient une certaine vanit\u00e9&#8230;<\/li>\n<li>Etc.<\/li>\n<\/ul>\n<p>STOP !!! Je parle de <strong>Sentiment d\u2019Utilit\u00e9<\/strong>, de <strong>Fid\u00e9lit\u00e9<\/strong>, d\u2019<strong>Aide<\/strong>, d\u2019<strong>Echange<\/strong>, de <strong>Partage<\/strong>, de <strong>Commerce<\/strong>, d\u2019<strong>Innovation<\/strong>, d\u2019<strong>Attitude<\/strong>, d\u2019<strong>Inspiration<\/strong>&#8230; Ce sont les <b>Valeurs Fondatrices<\/b> de cette Newsletter. Si vous lisez de la plainte, de la culpabilisation, des insultes, une arnaque ou une tentative de subordination&#8230; dites-vous que : <\/p>\n<p align=\"center\"><b>Ce n\u2019est pas possible !<\/b> <\/p>\n<p>Le <em>\u00abStagiaire Int\u00e9rieur\u00bb<\/em> est bien plus redoutable que le stagiaire pr\u00e9sent\u00e9 lors de mon pr\u00e9c\u00e9dent article. Mais peu importe son origine ! D\u2019une fa\u00e7on ou d\u2019une autre, il faut m\u2019avertir, car nous ne pouvons pas le laisser ternir notre relation. <\/p>\n<p>En ce sens, lorsque Jean-Louis qualifie l\u2019article \u00ab<a href=\"http:\/\/www.auto-coaching.fr\/index.php\/situation-critique\/\" target=\"_blank\">Situation Critique<\/a>\u00bb de \u00abtentative de culpabilisation\u00bb, il fait ce que j\u2019attends de lui : il me crie <strong><em>\u00abCe n\u2019est pas possible ! Vous ne pouvez pas faire \u00e7a St\u00e9phane ! Pas vous !!!\u00bb<\/em><\/strong>. Dans ma r\u00e9ponse, je lui confirme qu\u2019effectivement, il y a quelque chose dans mon message qui n\u2019est pas pass\u00e9 comme je l\u2019esp\u00e9rais. Ce genre de situation arrive dans toute relation. L\u2019un des interlocuteurs n\u2019est pas toujours clair, l\u2019autre n\u2019a pas toujours la bonne paire de lunettes : la vision est floue&#8230; Est-ce une raison pour rompre ou prendre ses distances ? <\/p>\n<p>Jean-Louis avait la possibilit\u00e9 de se retirer sans dire un mot. Il a pr\u00e9f\u00e9r\u00e9 me dire \u00e0 sa fa\u00e7on que <b>ce n\u2019\u00e9tait pas possible<\/b>, et il a eu bien raison ! Son intervention m\u2019a permis de lui rappeler (et de rappeler \u00e0 tous les lecteurs), qu\u2019avant d\u2019aborder certaines activit\u00e9s, il y a une posture pr\u00e9alable. Vous ne pouvez pas lire un article orient\u00e9 D\u00e9veloppement Personnel comme on lirait la critique d\u2019un film, un programme politique ou l\u2019interview d\u2019un sportif apr\u00e8s un match. Quel que soit le style utilis\u00e9 par l\u2019auteur, autorisez-vous \u00e0 porter les bonnes lunettes.  <\/p>\n<p>Vous pourriez me r\u00e9pondre que moi aussi, je devrais veiller \u00e0 utiliser la bonne plume&#8230; Je suis d\u2019accord ! Toutefois, je vous invite \u00e0 une r\u00e9flexion : j\u2019ai pris 12 heures de mon temps pour \u00e9crire mes deux derniers articles. Combien de temps avez-vous pris pour les lire ? <\/p>\n<p>Rassurez-vous ! Je ne suis pas en train de vous dire que vous devriez \u00e9tudier mes textes pendant 12 heures, d\u2019autant que vous n\u2019avez pas acc\u00e8s aux 20 pages que j\u2019ai \u00e9crites avant de les r\u00e9sumer. De plus, je peaufine mes textes pendant plusieurs heures, justement parce que je souhaite que vous les lisiez de fa\u00e7on fluide. Ce n\u2019est pas votre job de clarifier tout \u00e7a, c\u2019est le mien. Mais comprenez simplement que je prends grand soin de ma plume pour vous livrer des <b>articles utiles.<\/b> Si vous lisez mes textes comme des \u00abbillets d\u2019humeur\u00bb, vous oubliez le sens profond de notre relation. Sa valeur se d\u00e9t\u00e9riore alors, et peut se perdre. <\/p>\n<p align=\"left\"><b>Il en va de m\u00eame pour toute relation.<\/b> <\/p>\n<p>J\u2019ai d\u00e9cid\u00e9 de mettre fin \u00e0 cette Newsletter, car son mod\u00e8le \u00e9conomique n\u2019est plus viable. Or ce flux d\u2019articles entretient notre relation depuis au moins 4 ans (7 ans pour les pionniers). Si je suis pr\u00eat \u00e0 l\u00e2cher l\u2019outil, je tiens \u00e0 garder la relation avec celles et ceux qui le souhaitent. Nous allons donc fermer ensemble ce programme en douceur&#8230; Je vous \u00e9crirai encore 3 ou 4 articles, avant de fermer d\u00e9finitivement ce flux.<\/p>\n<p>Il est tr\u00e8s important pour moi que vous portiez les bonnes lunettes pour lire ces derniers articles, car si nous n\u2019y prenons pas garde, l\u2019essentiel de ma Communication risque d\u2019\u00eatre interpr\u00e9t\u00e9 comme un ensemble de reproches qui justifient la rupture. <\/p>\n<p><strong>Ce n\u2019est pas possible !<\/strong> <\/p>\n<p>Dans mes prochains articles il ne sera nullement question de rupture. Au contraire, j\u2019essayerai de relever le niveau de notre Relation pour que l\u2019aventure continue. Mon activit\u00e9 ne se limite pas \u00e0 cette Newsletter, et notre Relation peut \u00e9galement franchir cette limite. <\/p>\n<p>A++ <\/p>\n<p><b>St\u00e9phane SOLOMON<\/b><\/p>\n<!--themify_builder_content-->\n<div id=\"themify_builder_content-2785\" data-postid=\"2785\" class=\"themify_builder_content themify_builder_content-2785 themify_builder tf_clear\">\n    <\/div>\n<!--\/themify_builder_content-->\n","protected":false},"excerpt":{"rendered":"<p>L&#8217;article d&#8217;aujourd&#8217;hui est la suite de la technique que je vous ai pr\u00e9sent\u00e9e mardi dernier. Vous vous en souvenez ? L&#8217;article s\u2019intitulait \u00abCe n\u2019est pas possible !\u00bb. Si vous l\u2019avez rat\u00e9, pensez \u00e0 le lire avant celui-ci (il se lit tr\u00e8s vite). J\u2019en profite pour remercier les 6 personnes qui l\u2019ont comment\u00e9, avec une mention [&hellip;]<\/p>\n","protected":false},"author":1,"featured_media":0,"parent":0,"menu_order":0,"comment_status":"open","ping_status":"open","template":"","meta":[],"builder_content":"","_links":{"self":[{"href":"https:\/\/auto-coaching.fr\/index.php\/wp-json\/wp\/v2\/pages\/2785"}],"collection":[{"href":"https:\/\/auto-coaching.fr\/index.php\/wp-json\/wp\/v2\/pages"}],"about":[{"href":"https:\/\/auto-coaching.fr\/index.php\/wp-json\/wp\/v2\/types\/page"}],"author":[{"embeddable":true,"href":"https:\/\/auto-coaching.fr\/index.php\/wp-json\/wp\/v2\/users\/1"}],"replies":[{"embeddable":true,"href":"https:\/\/auto-coaching.fr\/index.php\/wp-json\/wp\/v2\/comments?post=2785"}],"version-history":[{"count":6,"href":"https:\/\/auto-coaching.fr\/index.php\/wp-json\/wp\/v2\/pages\/2785\/revisions"}],"predecessor-version":[{"id":2791,"href":"https:\/\/auto-coaching.fr\/index.php\/wp-json\/wp\/v2\/pages\/2785\/revisions\/2791"}],"wp:attachment":[{"href":"https:\/\/auto-coaching.fr\/index.php\/wp-json\/wp\/v2\/media?parent=2785"}],"curies":[{"name":"wp","href":"https:\/\/api.w.org\/{rel}","templated":true}]}}