{"id":2864,"date":"2016-05-20T18:02:56","date_gmt":"2016-05-20T16:02:56","guid":{"rendered":"http:\/\/www.auto-coaching.fr\/?p=2864"},"modified":"2016-05-20T21:11:05","modified_gmt":"2016-05-20T19:11:05","slug":"la-posture-de-lecture","status":"publish","type":"page","link":"https:\/\/auto-coaching.fr\/index.php\/la-posture-de-lecture\/","title":{"rendered":"La posture de lecture"},"content":{"rendered":"<p>Il y a 2 jours, je vous ai invit\u00e9 \u00e0 l\u2019\u00e9mission \u00ab! Duo de Coachs\u00a0!\u00bb dont le th\u00e8me \u00e9tait \u00abLes 5 langages de l\u2019Amour\u00bb. Il semble, d\u2019apr\u00e8s les messages que j\u2019ai re\u00e7us, que la plupart des lecteurs n\u2019aient pas compris le sens de cette \u00e9mission.<\/p>\n<p>Je m\u2019explique : <strong>la pratique des 5 langages<\/strong> ne concerne pas que la relation de couple. Elle sert de mod\u00e8le \u00e0 beaucoup d\u2019autres types de relations\u00a0:<\/p>\n<ul>\n<li>Employeur et employ\u00e9<\/li>\n<li>Professeur et \u00e9l\u00e8ve<\/li>\n<li>Equipier et co-\u00e9quipier<\/li>\n<li>Client et fournisseur<\/li>\n<li>Associ\u00e9s<\/li>\n<li>etc.<\/li>\n<\/ul>\n<p>\u00abLes 5 langages de l\u2019Amour\u00bb sont une m\u00e9taphore, une entr\u00e9e en mati\u00e8re vers un sujet beaucoup plus vaste que nous pourrions appeler <strong>\u00abLes Relations de Qualit\u00e9\u00bb<\/strong>.<\/p>\n<p>Caroline, ma co-animatrice, avait attir\u00e9 mon attention sur une lecture au \u00abpremier degr\u00e9\u00bb\u00a0:<\/p>\n<ul>\n<li>St\u00e9phane, il est possible que beaucoup de gens ne comprennent pas le v\u00e9ritable objet de cette \u00e9mission. Ils vont croire que nous allons parler exclusivement de la relation amoureuse, alors que nous nous adressons \u00e0 des professionnels.<\/li>\n<\/ul>\n<p>Je dois avouer que je n\u2019imaginais pas que ce soit possible. Mon lectorat sait tr\u00e8s bien o\u00f9 il a mis les pieds. A part quelques \u00aboriginaux\u00bb personne ne pourrait imaginer que notre \u00e9mission voulait concurrencer celle Brigitte Lahaye. Les lecteurs de TIME-COACH connaissent le cadre de mon travail, et ils vont d\u00e9duire d\u2019eux-m\u00eames qu\u2019il y un PLUS-PLUS derri\u00e8re ce titre.<\/p>\n<p>Force est de constater que Caroline avait raison\u00a0! L\u2019audimat le prouve\u00a0: c\u2019est l\u2019\u00e9mission qui a enregistr\u00e9 le plus faible taux d\u2019inscription et de participation (70 inscrits, 20 participants). Apparemment le titre n\u2019\u00e9tait vraiment pas clair&#8230; En tout cas, l\u2019\u00e9mission ciblait plus large\u00a0!<\/p>\n<p>Ca me rappelle un livre intitul\u00e9 \u00abComment dire \u00e0 un coll\u00e8gue qu&#8217;il sent mauvais sous les bras\u00bb (d\u2019Alexandre Dubarry). Dans mon entourage, peu de gens avaient compris qu\u2019il s\u2019agissait d\u2019un livre sur la Communication interprofessionnelle (l\u2019un des meilleurs que j\u2019ai lus)&#8230; Tout le monde \u00e9tait focalis\u00e9 sur le titre qui n\u2019\u00e9tait qu\u2019une image m\u00e9taphorique. Le livre aurait pu s\u2019intituler \u00abcomment aborder des sujets sensibles en entreprise, avec des personnes susceptibles\u00bb. Mais avouez que c\u2019est beaucoup moins dr\u00f4le&#8230;<\/p>\n<h2>La posture de lecture<\/h2>\n<p>Je serai plus prudent dor\u00e9navant dans le choix de mes titres, mais j\u2019aimerais que de votre c\u00f4t\u00e9, vous fassiez \u00e9galement un effort concernant ce qu\u2019on appelle \u00abla posture de lecture\u00bb : on ne lit pas un article d\u2019Auto-Coaching comme on lit un journal people. On ne lit pas une anecdote de D\u00e9veloppement Personnel comme on lit une histoire dr\u00f4le dans un livre de 1.001 blagues. Lorsque vous recevez un courrier de ma part, m\u00eame si je vous raconte un \u00abconte de No\u00ebl\u00bb, rappelez-vous du contexte dans lequel nous \u00e9voluons vous et moi\u00a0:<\/p>\n<p>Toutes mes publications, qu\u2019elles soient \u00e9crites, vocales ou visuelles, contiennent des p\u00e9pites de D\u00e9veloppement Personnel. M\u00eame si je vous raconte ma derni\u00e8re embrouille avec ma femme, ne cherchez pas \u00e0 savoir qui a raison, mais lisez plut\u00f4t COMMENT, et surtout au nom de QUOI nous avons retrouv\u00e9 une relation harmonieuse. Si vous avez l\u2019impression que je raconte ma vie, vous avez certainement raison en partie, mais revenez vers le SENS de votre inscription\u00a0: relisez-moi avec une posture d\u2019auto-coach, et vous verrez \u00e0 quel point la deuxi\u00e8me lecture est diff\u00e9rente de la premi\u00e8re. Elle sera plus efficace, plus conforme \u00e0 notre travail commun, et donc plus applicable.<\/p>\n<h2>La prochaine action<\/h2>\n<p>Bien&#8230; A pr\u00e9sent que c\u2019est dit, j\u2019ai une proposition \u00e0 vous faire concernant l\u2019\u00e9mission \u00abL\u2019Auto-Coach du mois\u00bb qui se d\u00e9roulera jeudi prochain \u00e0 20h30. Si je vous y invite, c\u2019est parce que je consid\u00e8re que \u00e7a vous concerne.<\/p>\n<p style=\"text-align: center;\"><a class=\"buttonize blue\" href=\"http:\/\/app.webinarjam.net\/register\/2214\/473cebce9a\" target=\"_blank\">Inscrivez-vous<\/a><\/p>\n<p style=\"text-align: center;\">(C&#8217;est gratuit)<\/p>\n<p>Il est possible qu\u2019en lisant l\u2019accroche de mon invitation, vous vous disiez <em>\u00abBof\u00a0! Je n\u2019ai pas vu la premi\u00e8re prestation de cette Val\u00e9rie, je ne vais rien comprendre \u00e0 cette suite&#8230;\u00bb<\/em>. Dommage, car il ne s\u2019agit pas d\u2019une suite. Si j\u2019\u00e9voque le fait que Val\u00e9rie a d\u00e9j\u00e0 particip\u00e9 \u00e0 l\u2019\u00e9mission, c\u2019est parce que je sais que c\u2019est un argument de poids pour ceux qui ont vu la premi\u00e8re. Mais vous pouvez passer outre l\u2019info qui n\u2019est pas pertinente.<\/p>\n<p>Il est possible que vous vous disiez <em>\u00abBof\u00a0! Encore une jeune arriviste qui mise tout sur sa carri\u00e8re et qui ne sait pas ce que c\u2019est que d\u2019avoir des enfants\u00bb<\/em>. Eh bien d\u00e9trompez-vous, s\u2019il est vrai que Val\u00e9rie g\u00e8re 3 activit\u00e9s professionnelles, elle sait aussi g\u00e9rer son temps pour s\u2019occuper de ses 4 enfants.<\/p>\n<p>Il est possible que vous vous disiez <em>\u00abBof\u00a0! Le charisme, j\u2019y ai jamais rien compris\u00a0! C\u2019est un truc de naissance. Elle a de la chance&#8230; Tant-mieux pour elle\u00a0!\u00bb<\/em>. Je vous r\u00e9pondrais que Val\u00e9rie n\u2019avait rien d\u2019une charismatique-n\u00e9e, et que depuis 18 mois que je la connais, je peux t\u00e9moigner de ses progr\u00e8s fulgurants dans ce domaine. Elle vous l\u2019expliquera mieux que moi durant l\u2019\u00e9mission.<\/p>\n<p>Bref. Val\u00e9rie gagne \u00e0 \u00eatre connue, et toutes les raisons que vous pourriez \u00e9voquer pour ne pas assister \u00e0 cette \u00e9mission ne peuvent venir que d\u2019une posture de lecture inadapt\u00e9e\u00a0: cette \u00e9mission est dans la continuit\u00e9 de votre inscription et correspond aux promesses initiales.<\/p>\n<p style=\"text-align: center;\"><a class=\"buttonize blue\" href=\"http:\/\/app.webinarjam.net\/register\/2214\/473cebce9a\" target=\"_blank\">Inscrivez-vous<\/a><\/p>\n<p>Je vous remercie pour votre lecture, je vous promets que d\u00e9sormais je serai bien plus clair dans mes propositions et mes offres, et j\u2019esp\u00e8re qu\u2019en cas de faille d\u2019\u00e9criture, c\u2019est votre posture qui donnera \u00e0 cette communication toute sa valeur. Nous sommes deux acteurs mus par de bonnes intentions.<\/p>\n<p>A++<\/p>\n<p><strong>St\u00e9phane SOLOMON<\/strong><\/p>\n<!--themify_builder_content-->\n<div id=\"themify_builder_content-2864\" data-postid=\"2864\" class=\"themify_builder_content themify_builder_content-2864 themify_builder tf_clear\">\n    <\/div>\n<!--\/themify_builder_content-->\n","protected":false},"excerpt":{"rendered":"<p>Il y a 2 jours, je vous ai invit\u00e9 \u00e0 l\u2019\u00e9mission \u00ab! Duo de Coachs\u00a0!\u00bb dont le th\u00e8me \u00e9tait \u00abLes 5 langages de l\u2019Amour\u00bb. Il semble, d\u2019apr\u00e8s les messages que j\u2019ai re\u00e7us, que la plupart des lecteurs n\u2019aient pas compris le sens de cette \u00e9mission. Je m\u2019explique : la pratique des 5 langages ne concerne [&hellip;]<\/p>\n","protected":false},"author":1,"featured_media":0,"parent":0,"menu_order":0,"comment_status":"open","ping_status":"closed","template":"","meta":[],"builder_content":"","_links":{"self":[{"href":"https:\/\/auto-coaching.fr\/index.php\/wp-json\/wp\/v2\/pages\/2864"}],"collection":[{"href":"https:\/\/auto-coaching.fr\/index.php\/wp-json\/wp\/v2\/pages"}],"about":[{"href":"https:\/\/auto-coaching.fr\/index.php\/wp-json\/wp\/v2\/types\/page"}],"author":[{"embeddable":true,"href":"https:\/\/auto-coaching.fr\/index.php\/wp-json\/wp\/v2\/users\/1"}],"replies":[{"embeddable":true,"href":"https:\/\/auto-coaching.fr\/index.php\/wp-json\/wp\/v2\/comments?post=2864"}],"version-history":[{"count":8,"href":"https:\/\/auto-coaching.fr\/index.php\/wp-json\/wp\/v2\/pages\/2864\/revisions"}],"predecessor-version":[{"id":2872,"href":"https:\/\/auto-coaching.fr\/index.php\/wp-json\/wp\/v2\/pages\/2864\/revisions\/2872"}],"wp:attachment":[{"href":"https:\/\/auto-coaching.fr\/index.php\/wp-json\/wp\/v2\/media?parent=2864"}],"curies":[{"name":"wp","href":"https:\/\/api.w.org\/{rel}","templated":true}]}}