{"id":3220,"date":"2017-06-14T20:56:07","date_gmt":"2017-06-14T18:56:07","guid":{"rendered":"http:\/\/www.auto-coaching.fr\/?page_id=3220"},"modified":"2017-06-14T20:58:39","modified_gmt":"2017-06-14T18:58:39","slug":"10-ans-deja","status":"publish","type":"page","link":"https:\/\/auto-coaching.fr\/index.php\/10-ans-deja\/","title":{"rendered":"10 ans d\u00e9j\u00e0&#8230;"},"content":{"rendered":"<p>Aujourd&#8217;hui, j&#8217;ai comm\u00e9mor\u00e9 l&#8217;anniversaire du d\u00e9c\u00e8s de mon p\u00e8re. 10 ans d\u00e9j\u00e0&#8230; Je voudrais partager avec vous, un po\u00e8me que j&#8217;ai \u00e9crit dans la p\u00e9riode des 30 jours qui ont suivi son enterrement :<\/p>\n<h2>Mon p\u00e8re&#8230;<\/h2>\n<p>Mon P\u00e8re n\u2019\u00e9tait pas de ceux qui c\u00e2linaient,<span class=\"text_exposed_show\"><br \/>\nSon travail lui prenait tout son temps, toute sa vie.<br \/>\nC\u2019\u00e9tait son \u00e9vidence, comme une destin\u00e9e.<br \/>\nPlus fort que son plaisir, plus fort que ses envies.<\/span><\/p>\n<div class=\"text_exposed_show\">\n<p>Mais lorsque mon p\u00e8re s\u2019arr\u00eatait quelquefois,<br \/>\nEt que sa main habile me caressait la joue,<br \/>\nIl \u00e9tait le Soleil, et il brillait pour moi\u2026<br \/>\nTout devenait lumi\u00e8re, le bien r\u00e9gnait sur tout,<br \/>\nLe ciel avait un sens, les anges fr\u00e9missaient.<br \/>\nUne caresse de mon P\u00e8re, et tout apparaissait !<\/p>\n<p>Mon p\u00e8re n\u2019\u00e9tait pas de ceux qui se terraient,<br \/>\nC\u2019\u00e9tait un homme d\u2019action d\u2019une \u00e9nergie rebelle.<br \/>\nIl savait les mots durs, il savait les mots vrais :<br \/>\nUne \u00e2me irr\u00e9ductible, un esprit immortel&#8230;<\/p>\n<p>Mais lorsque mon P\u00e8re s\u2019isolait quelquefois,<br \/>\nPour devenir auteur, inventeur ou po\u00e8te,<br \/>\nSa sensibilit\u00e9 tremblait, comme sa voix,<br \/>\nEt ses mots raisonnaient comme ceux des proph\u00e8tes ;<br \/>\nTout devenait possible, tout devenait parfait<br \/>\nUn po\u00e8me de mon P\u00e8re, et on touchait la Paix !<\/p>\n<p>Mon P\u00e8re n\u2019\u00e9tait pas de ceux qui suppliaient,<br \/>\nLes oraisons c\u00e9lestes lui \u00e9taient inconnues.<br \/>\nIl aimait la nature, celui qui l\u2019a cr\u00e9\u00e9e,<br \/>\nEt c\u2019est dans sa conscience qu\u2019il trouvait son salut.<\/p>\n<p>Mais lorsque mon P\u00e8re priait quelquefois,<br \/>\nUn silence magique envo\u00fbtait sa maison.<br \/>\nPri\u00e8re apr\u00e8s Pri\u00e8re, son \u00e9tincelle de foi<br \/>\nSe m\u00e9tamorphosait en un buisson ardent ;<br \/>\nDe ses yeux qui brillaient, chaque enfant se rappelle<br \/>\nLorsque mon P\u00e8re priait, sa voix montait au Ciel\u2026<br \/>\n&#8212;&#8212;&#8212;&#8212;&#8212;&#8212;&#8211;<br \/>\nA la m\u00e9moire de Micka\u00ebl SOLOMON<br \/>\n1927 \u2011 2007<\/p>\n<\/div>\n<p>&nbsp;<\/p>\n<p>J&#8217;ai publi\u00e9 ce po\u00e8me sur Facebook ce matin, et une personne qui me suit r\u00e9guli\u00e8rement m&#8217;a laiss\u00e9 un commentaire dont voici un extrait :<\/p>\n<p><em>&#8212;&#8212;&#8212;&#8211;<br \/>\nJe suis tellement \u00e9mue&#8230; Ces larmes qui coulent \u00e0 cause de la souffrance que vous laisse cet \u00eatre cher qu&#8217;est un p\u00e8re, un mari, un papy, par son absence &#8230; Des larmes de joie que vous ayez eu la chance de l&#8217;avoir eu dans vos vies et ces putains de larmes de rage de ne jamais avoir connu un tel amour de la part du mien&#8230; <strong>Mais il me reste l&#8217;option que je suis moi-m\u00eame une m\u00e8re et je ferais tout pour qu&#8217;un jour un de mes enfants \u00e9crive un tel hommage en mon honneur.<br \/>\n<\/strong>&#8212;&#8212;&#8212;&#8211;<strong><br \/>\n<\/strong><\/em><\/p>\n<p>La partie \u00e9crite en gras r\u00e9sume en quelques mots le Sens de mon action.<\/p>\n<p>Belle soir\u00e9e \u00e0 vous et aux v\u00f4tres,<\/p>\n<p><strong>St\u00e9phane SOLOMON<\/strong><\/p>\n<!--themify_builder_content-->\n<div id=\"themify_builder_content-3220\" data-postid=\"3220\" class=\"themify_builder_content themify_builder_content-3220 themify_builder tf_clear\">\n    <\/div>\n<!--\/themify_builder_content-->\n","protected":false},"excerpt":{"rendered":"<p>Aujourd&#8217;hui, j&#8217;ai comm\u00e9mor\u00e9 l&#8217;anniversaire du d\u00e9c\u00e8s de mon p\u00e8re. 10 ans d\u00e9j\u00e0&#8230; Je voudrais partager avec vous, un po\u00e8me que j&#8217;ai \u00e9crit dans la p\u00e9riode des 30 jours qui ont suivi son enterrement : Mon p\u00e8re&#8230; Mon P\u00e8re n\u2019\u00e9tait pas de ceux qui c\u00e2linaient, Son travail lui prenait tout son temps, toute sa vie. C\u2019\u00e9tait [&hellip;]<\/p>\n","protected":false},"author":1,"featured_media":0,"parent":0,"menu_order":0,"comment_status":"open","ping_status":"closed","template":"","meta":[],"builder_content":"","_links":{"self":[{"href":"https:\/\/auto-coaching.fr\/index.php\/wp-json\/wp\/v2\/pages\/3220"}],"collection":[{"href":"https:\/\/auto-coaching.fr\/index.php\/wp-json\/wp\/v2\/pages"}],"about":[{"href":"https:\/\/auto-coaching.fr\/index.php\/wp-json\/wp\/v2\/types\/page"}],"author":[{"embeddable":true,"href":"https:\/\/auto-coaching.fr\/index.php\/wp-json\/wp\/v2\/users\/1"}],"replies":[{"embeddable":true,"href":"https:\/\/auto-coaching.fr\/index.php\/wp-json\/wp\/v2\/comments?post=3220"}],"version-history":[{"count":2,"href":"https:\/\/auto-coaching.fr\/index.php\/wp-json\/wp\/v2\/pages\/3220\/revisions"}],"predecessor-version":[{"id":3222,"href":"https:\/\/auto-coaching.fr\/index.php\/wp-json\/wp\/v2\/pages\/3220\/revisions\/3222"}],"wp:attachment":[{"href":"https:\/\/auto-coaching.fr\/index.php\/wp-json\/wp\/v2\/media?parent=3220"}],"curies":[{"name":"wp","href":"https:\/\/api.w.org\/{rel}","templated":true}]}}