{"id":357,"date":"2013-01-20T22:23:07","date_gmt":"2013-01-20T22:23:07","guid":{"rendered":"http:\/\/www.auto-coaching.fr\/?page_id=357"},"modified":"2013-01-30T07:55:13","modified_gmt":"2013-01-30T07:55:13","slug":"savoir-me-lire","status":"publish","type":"page","link":"https:\/\/auto-coaching.fr\/index.php\/savoir-me-lire\/","title":{"rendered":"Savoir me lire&#8230;"},"content":{"rendered":"<p>Ma petite derni\u00e8re (3 ans et demi) me donne de plus en plus d&#8217;id\u00e9es d&#8217;\u00e9criture en ce moment. A cet \u00e2ge on apprend tellement vite, qu&#8217;on rayonne ! L&#8217;autre jour elle est venue vers moi avec un livre. Elle a point\u00e9 du doigt un mot, puis elle m\u2019a demand\u00e9 :<\/p>\n<blockquote>\n<p>\u00ab Dis papa, qu\u2019est-ce que \u00e7a veut dire quand je sera grande ? \u00bb<\/p>\n<\/blockquote>\n<p>Pour ceux qui n\u2019ont pas d\u2019enfants en bas \u00e2ge (ou qui ont oubli\u00e9 cette p\u00e9riode), je traduis :<\/p>\n<blockquote>\n<p>\u00ab Dis papa, que signifiera ce mot lorsque je serai grande et que je saurai le lire ? \u00bb<\/p>\n<\/blockquote>\n<p>Ce qui m\u2019a fascin\u00e9 dans sa question, c\u2019est justement l\u2019atemporalit\u00e9 de la formule : elle sait, aujourd\u2019hui, qu\u2019un jour ce mot signifiera quelque chose pour elle aussi&#8230; Il y a dans cette question une confiance int\u00e9rieure (confiance en soi), et une confiance ext\u00e9rieure (confiance dans le monde des adultes, qui est \u00e0 son service lorsque les choses sont inatteignables). Ces deux confiances, qui n\u2019en forment qu\u2019une en r\u00e9alit\u00e9, lui permettent de g\u00e9rer son impatience et de profiter de la vie.<\/p>\n<p>Comme par synchronicit\u00e9, le m\u00eame jour, un des lecteurs assidus de TIME-COACH m\u2019a fait part de son inqui\u00e9tude concernant mes derniers messages. Il ne comprenait pas tr\u00e8s bien o\u00f9 je voulais en venir. Je lui ai donc racont\u00e9 l\u2019histoire de ma petite fille. C\u2019\u00e9tait risqu\u00e9, mais je savais qu\u2019il allait bien le prendre. Il m\u2019a donc r\u00e9pondu :<\/p>\n<blockquote>\n<p>\u00abJe comprendra quand je sera grand !\u00bb<\/p>\n<\/blockquote>\n<p>Apr\u00e8s quelques \u00e9changes, j\u2019ai compris son probl\u00e8me : il partait du principe que d\u00e8s que j\u2019\u00e9crivais quelque chose, c\u2019\u00e9tait pour vendre un nouveau programme (ou un ancien) ! Il a donc \u00e9t\u00e9 d\u00e9\u00e7u par mes derniers articles, car il me lisait avec l\u2019attente f\u00e9brile de s\u2019inscrire \u00e0 un nouveau programme (sur la communication, l\u2019affirmation de soi, le B2C, il ne savait pas trop\u2026 mais il avait sa Carte Bleue en main).<\/p>\n<h4>Je ne suis pas boulang\u00e8re<\/h4>\n<p>Sous mon article sur <a href=\"http:\/\/www.auto-coaching.fr\/index.php\/le-sentiment-d-utilite-suite\/\" target=\"_blank\">le principe des 80\/20<\/a>, vous pourrez lire la r\u00e9action de Genevi\u00e8ve. Dans son interrogation, elle avoue \u00eatre intrigu\u00e9e, voire inspir\u00e9e par le principe, mais dans l\u2019incapacit\u00e9 de l\u2019appliquer dans le cadre de son travail.<\/p>\n<p>Elle m\u2019a m\u2019a donc lanc\u00e9 (se r\u00e9f\u00e9rant \u00e0 l\u2019exemple que j\u2019ai choisi pour illustrer le concept) :<\/p>\n<blockquote>\n<p>\u00ab Je ne suis pas boulang\u00e8re ! \u00bb<\/p>\n<\/blockquote>\n<p>Ce type de retour, je le remarque r\u00e9guli\u00e8rement&#8230; Il sonne parfois comme un reproche : \u00ab soyez plus concret, moins bavard, plus pro, structurez vos propos, ne racontez pas votre vie, donnez-nous des exemples applicables, cessez de citer des g\u00e9nies, nous sommes de simples mortels, etc. \u00bb<\/p>\n<p>Je crois que le principal probl\u00e8me, face \u00e0 ces \u00abincompr\u00e9hensions\u00bb, vient du fait que ces lecteurs s\u2019attendent \u00e0 lire autre chose que ce que j\u2019\u00e9cris&#8230;<\/p>\n<p>Par exemple, beaucoup de lecteur qualifient mes modules de \u00abFORMATIONS\u00bb. C\u2019est parce qu\u2019ils s\u2019attendent \u00e0 apprendre des choses. Ils veulent des cours, des conseils, des techniques \u00e0 suivre \u00e0 la lettre, des fiches-synth\u00e9tiques&#8230; et sont parfois \u00e9tonn\u00e9s de l\u2019absence d\u2019exercices\u2026 comme \u00e0 l\u2019\u00e9cole !<\/p>\n<p>Ils n\u2019ont pas compris l\u2019int\u00e9r\u00eat des articles orient\u00e9s <strong>Epanouissement Personnel<\/strong> et de l\u2019Energie que je souhaite d\u00e9livrer.<\/p>\n<p>Je vous le dis franchement : si vous avez lu les 20 premiers message de TIME-COACH, vous avez acquis l\u2019essentiel de la gestion du temps. Je n\u2019ai plus rien \u00e0 vous apprendre dans un programme d\u00e9couverte. <strong>Vous savez tout !<\/strong><\/p>\n<p>Mais comme je vous l\u2019ai souvent dit : le fait de savoir des choses ne garantit la mise en pratique\u2026 Le passage \u00e0 l\u2019action.<\/p>\n<p>C\u2019est l\u00e0 qu\u2019intervient le coaching :<\/p>\n<ul>\n<li>La FORMATION a pour objectif de vous transmettre un SAVOIR ou un SAVOIR-FAIRE.\n<li>Le COACHING a pour vocation de vous AIDER \u00e0&nbsp; <strong>mettre en pratique<\/strong> des choses que vous savez d\u00e9j\u00e0 et que vous consid\u00e9rez \u00e0 tort comme difficiles, inappropri\u00e9es, immorales, anodines, etc. <\/li>\n<\/ul>\n<p>Tout le monde sait faire des listes : un papier et un crayon suffisent. Mais moins de 10% de la population utilise vraiment les listes pour d\u2019autres applications que \u00abfaire ses courses\u00bb. Il y a donc plus de 90% qui savent faire, et qui ne font pas.<\/p>\n<p>Une Ni\u00e8me formation ne servirait \u00e0 rien !<\/p>\n<h2>Vers une lecture plus accessible<\/h2>\n<p>Si vous pensez FORMATION lorsqu\u2019on vous propose du COACHING, vous n\u2019\u00eates pas au diapason avec l\u2019offre. De ce fait, vous lisez mal&#8230; Et vous ne comprenez pas ce que vous lisez.<\/p>\n<p>Le processus de coaching est tr\u00e8s diff\u00e9rent d\u2019une formation. Tous ceux qui vivent un coaching (avec un professionnel qui les accompagne) le ressentent d\u00e8s la premi\u00e8re s\u00e9ance. Ils n\u2019ont rien appris de nouveau, mais ils d\u00e9bordent d\u2019Energies.<\/p>\n<p>Mon but, avec les programmes comme TIME-COACH, <a href=\"http:\/\/www.inscription-minute.fr\/solution.aspx?code=CC30CR91&amp;amp;origine=SavoirLire\">CONFIANCE-COACH<\/a>, <a href=\"http:\/\/www.inscription-minute.fr\/solution.aspx?code=MC6TU6I9&amp;amp;origine=SavoirLire\">MEMORY-COACH<\/a>, <a href=\"http:\/\/www.inscription-minute.fr\/solution.aspx?code=PP20INS7&amp;amp;origine=SavoirLire\">PENSEE++<\/a>, <a href=\"http:\/\/www.inscription-minute.fr\/solution.aspx?code=RA20IN07&amp;amp;origine=SavoirLire\">RICHE-ATTITUDE<\/a> ou encore <a href=\"http:\/\/www.inscription-minute.fr\/solution.aspx?code=ZC07RI91&amp;amp;origine=SavoirLire\">ZEN-COACH<\/a>, est de vous aider \u00e0 aller chercher ces Energies en solo. Ca ne remplace pas un accompagnement, mais c\u2019est plus accessible pour beaucoup de gens, c\u00f4t\u00e9 Temps, Argent et Confiance.<\/p>\n<h2>Alors comment me lire ?<\/h2>\n<p>Au moment o\u00f9 vous d\u00e9cidez de vous pencher sur mes articles, abandonnez l\u2019id\u00e9e d\u2019apprendre quelque chose&#8230; Ca va parasiter votre lecture, et \u00e9touffer vos Energies&#8230; Ne vous dites pas non plus que je vous \u00e9cris pour vous vendre absolument quelque chose qui pourrit dans mon stock&#8230; Vous allez r\u00e9duire votre r\u00e9ceptivit\u00e9 et votre cr\u00e9ativit\u00e9.<\/p>\n<p>Si mon seul but \u00e9tait de vendre, je m\u2019arr\u00eaterais au bout de 3 mois, 6 mois ou un an de gratuit\u00e9, et je continuerai \u00e0 communiquer uniquement avec ceux qui ach\u00e8tent.<\/p>\n<p>Lib\u00e9rez-vous&#8230; Vous n\u2019\u00eates pas \u00e0 l\u2019\u00e9cole, et vous n\u2019\u00eates pas dans un souk.<\/p>\n<p>Si je parle de mes enfants, de mon dernier po\u00e8me ou du d\u00e9but de ma carri\u00e8re, ce n\u2019est pas parce que je m\u2019ennuie devant mon BLOG. C\u2019est parce que je sais que par identification, \u00e7a peut aider mes lecteurs.<\/p>\n<p>Si je vous parle de spiritualit\u00e9, ce n\u2019est pas pour vous convertir \u00e0 ma religion ou \u00e0 une id\u00e9ologie. C\u2019est parce que je sais que les \u00e9vocations spirituelles touchent les \u00e9motions et d\u00e9veloppent les Energies Humaines. Si \u00e7a ne marche pas sur vous, vous pouvez ignorer le message. Il y en aura d\u2019autres, plus conformes \u00e0 vos attentes.<\/p>\n<p>Soyez en qu\u00eate d\u2019Energies, et vous me lirez mieux. Vous serez en coh\u00e9rence avec ma raison d\u2019\u00e9crire. Mes messages sur la strat\u00e9gie commerciale d\u2019un boulanger ne concernent pas que les boulangers&#8230; Ils concernent toutes les professions.<\/p>\n<p>Agissez en auto-coach : adaptez-les ! R\u00e9\u00e9crivez-les s&#8217;il le faut&#8230;  <\/p>\n<p>Et si vous ne lisez pas mes articles pour des raisons professionnelles, ce m\u00eame message peut \u00eatre lu sous l\u2019angle du <strong>choix de vos fr\u00e9quentations<\/strong>. Parmi vos amis et vos proches, il y a aussi 20% de personnes qui vous apporteront ce dont vous avez besoin pour atteindre vos objectifs, avec enthousiasme. Attirez-les, accueillez-les, chouchoutez-les, gratifiez-les&#8230; sans d\u00e9nigrer les autres. Car vous le savez : les autres sont forc\u00e9ment excellents dans d\u2019autres domaines. Il suffit de fixer de nouveaux objectifs, pour r\u00e9am\u00e9nager votre cinqui\u00e8me d\u2019excellence, et les accueillir dans votre univers.<\/p>\n<p>A++<\/p>\n<p><strong>St\u00e9phane SOLOMON<\/strong><\/p>\n<!--themify_builder_content-->\n<div id=\"themify_builder_content-357\" data-postid=\"357\" class=\"themify_builder_content themify_builder_content-357 themify_builder tf_clear\">\n    <\/div>\n<!--\/themify_builder_content-->\n","protected":false},"excerpt":{"rendered":"<p>Ma petite derni\u00e8re (3 ans et demi) me donne de plus en plus d&#8217;id\u00e9es d&#8217;\u00e9criture en ce moment. A cet \u00e2ge on apprend tellement vite, qu&#8217;on rayonne ! L&#8217;autre jour elle est venue vers moi avec un livre. Elle a point\u00e9 du doigt un mot, puis elle m\u2019a demand\u00e9 : \u00ab Dis papa, qu\u2019est-ce que [&hellip;]<\/p>\n","protected":false},"author":1,"featured_media":0,"parent":0,"menu_order":0,"comment_status":"open","ping_status":"open","template":"","meta":[],"builder_content":"","_links":{"self":[{"href":"https:\/\/auto-coaching.fr\/index.php\/wp-json\/wp\/v2\/pages\/357"}],"collection":[{"href":"https:\/\/auto-coaching.fr\/index.php\/wp-json\/wp\/v2\/pages"}],"about":[{"href":"https:\/\/auto-coaching.fr\/index.php\/wp-json\/wp\/v2\/types\/page"}],"author":[{"embeddable":true,"href":"https:\/\/auto-coaching.fr\/index.php\/wp-json\/wp\/v2\/users\/1"}],"replies":[{"embeddable":true,"href":"https:\/\/auto-coaching.fr\/index.php\/wp-json\/wp\/v2\/comments?post=357"}],"version-history":[{"count":6,"href":"https:\/\/auto-coaching.fr\/index.php\/wp-json\/wp\/v2\/pages\/357\/revisions"}],"predecessor-version":[{"id":367,"href":"https:\/\/auto-coaching.fr\/index.php\/wp-json\/wp\/v2\/pages\/357\/revisions\/367"}],"wp:attachment":[{"href":"https:\/\/auto-coaching.fr\/index.php\/wp-json\/wp\/v2\/media?parent=357"}],"curies":[{"name":"wp","href":"https:\/\/api.w.org\/{rel}","templated":true}]}}