{"id":395,"date":"2013-02-14T13:56:49","date_gmt":"2013-02-14T13:56:49","guid":{"rendered":"http:\/\/www.auto-coaching.fr\/?page_id=395"},"modified":"2013-10-20T12:00:38","modified_gmt":"2013-10-20T10:00:38","slug":"bousculade","status":"publish","type":"page","link":"https:\/\/auto-coaching.fr\/index.php\/bousculade\/","title":{"rendered":"Bousculade"},"content":{"rendered":"<p>[userinfo field=&#8221;first_name&#8221;],[\/userinfo]<\/p>\n<p>Lorsque j\u2019ai lu les commentaires sous <a href=\"http:\/\/www.auto-coaching.fr\/index.php\/le-bonheur-de-neige\/\">le billet de lundi<\/a>, j\u2019ai eu peur !<\/p>\n<p>J\u2019ai cru que j\u2019\u00e9tais mort, et que chacun disait quelques mots gentils avant l\u2019inhumation. C\u2019est en lisant la rubrique n\u00e9crologique de ma ville que j\u2019ai pu constater que j\u2019y \u00e9tais absent, et que le sentiment d\u2019\u00eatre vivant n\u2019\u00e9tait pas uniquement int\u00e9rieur.<\/p>\n<p>Que d\u2019\u00e9loges&#8230;<\/p>\n<p>Je serai malhonn\u00eate de vous dire que ce r\u00e9sultat est innocent. Mais je serai encore plus malhonn\u00eate de bomber le torse en disant que tout est sous contr\u00f4le. J\u2019ai obtenu bien plus que ce que j\u2019esp\u00e9rais. Je m\u2019attendais \u00e0 cet \u00e9lan d\u2019Energies, parce que j\u2019ai volontairement commut\u00e9 les interrupteurs, mais j\u2019\u00e9tais loin d\u2019imaginer une telle intensit\u00e9.<\/p>\n<p>Encore merci&#8230;<\/p>\n<h2>Le th\u00e8me principal<\/h2>\n<p>R\u00e9sumons la situation :<\/p>\n<ul>\n<li>Le premier article est un fait-divers qui vous invite \u00e0 vous \u00e9merveiller. Ce fut un plaisir de vous livrer cette tranche de vie. Plaisir visiblement partag\u00e9.\n<li>Le lendemain, nous avons un peu discut\u00e9 du feed-back \u00e9motionnel, ce \u00ab retour d\u2019information \u00bb particulier, qui s\u2019installe rapidement lors d\u2019une communication, et je vous ai invit\u00e9 \u00e0 vous diriger vers des actions concr\u00e8tes, car l&#8217;\u00e9motion est l&#8217;Energie de l&#8217;action. <\/li>\n<\/ul>\n<p>Aujourd\u2019hui, apr\u00e8s 2 jours de pause, de lecture de commentaires et de prise de notes, j\u2019ai d\u00e9cid\u00e9 de vous bousculer un peu ! Je sais ce qui bloque les bienveillants, en g\u00e9n\u00e9ral. Vous le savez aussi : c\u2019est la timidit\u00e9, le manque de motivation, la peur du ridicule, le peur d&#8217;\u00eatre jug\u00e9, la peur d&#8217;\u00e9chouer, la peur de r\u00e9ussir&#8230; Bref, le manque de confiance en soi.<\/p>\n<p>Pour vous aider \u00e0 vous lib\u00e9rer je vais red\u00e9finir un mot que vous avez appris \u00e0 d\u00e9tester et \u00e0 d\u00e9nigrer. Pourtant, d\u2019un point de vue linguistique, ce mot est plein de douceur po\u00e9tique&#8230; Il glisse sous la langue :<\/p>\n<h2>Manipulation&#8230;<\/h2>\n<p>Rien \u00e0 voir avec \u00ab Procrastination ! \u00bb qui agresse la gorge \u00e0 chaque fois qu\u2019on le prononce&#8230; Et pourtant, en ce moment, vous \u00eates des centaines de lecteurs \u00e0 pr\u00e9f\u00e9rer procrastiner que manipuler&#8230; Le sujet est sensible, mais on va essayer de changer \u00e7a :<\/p>\n<p><strong>Question<\/strong> : Qu\u2019ai-je fait \u00e0 Mamie un dimanche enneig\u00e9 de janvier, tandis qu\u2019elle se lamentait ?<\/p>\n<p><strong>R\u00e9ponse<\/strong> : J\u2019ai mis de la joie dans son c\u0153ur et dans sa t\u00eate, j\u2019ai mont\u00e9 un spectacle vivant devant la fen\u00eatre par laquelle elle observait le monde, j\u2019ai chang\u00e9 sa perception du jour&#8230;<\/p>\n<p>Je suis donc un manipulateur. De quel droit me suis-je immisc\u00e9 dans son \u00e9tat mental ? Au nom de quelle loi ? Pourquoi ne l\u2019ai-je pas laiss\u00e9e se complaire dans sa tristesse ? D\u2019autant qu\u2019elle ne m\u2019a rien demand\u00e9&#8230; En plus j\u2019ai utilis\u00e9 l\u2019Energie de mes enfants. J\u2019ai vraiment manipul\u00e9 mon monde !<\/p>\n<h2>C\u2019est mal n\u2019est-ce pas ?<\/h2>\n<p><strong>Question<\/strong> : que fait une maman lorsqu\u2019elle chante une chanson douce, c\u0153ur contre c\u0153ur, \u00e0 son b\u00e9b\u00e9 en pleurs parce qu\u2019il est envahi de coliques ?<\/p>\n<p><strong>R\u00e9ponse<\/strong> : elle le manipule ! Elle change son \u00e9tat mental. Elle canalise ses pens\u00e9es en attendant que le sommeil l\u2019emporte sur la douleur.<\/p>\n<p>De quel droit ? Indignons-nous contre cette \u00e9ducation ! Si b\u00e9b\u00e9 veut pleurer, qu\u2019il pleure librement !<\/p>\n<p><strong>Question<\/strong> : que fait le b\u00e9b\u00e9 le lendemain, s\u2019il a envie d\u2019entendre une chanson douce ?<\/p>\n<p><strong>R\u00e9ponse<\/strong> : il pleure ! Ne sachant pas communiquer en adulte responsable, il utilise le protocole de communication qui a donn\u00e9 des r\u00e9sultats la veille. M\u00eame s\u2019il n\u2019a plus mal, il donne de la voix pour d\u00e9clencher celle de sa maman, automatiquement&#8230;<\/p>\n<p>Petit manipulateur ! T\u2019as pas honte ?&#8230;<\/p>\n<h2>Est-ce vraiment mal ?<\/h2>\n<p><strong>Question<\/strong> : que sont les pr\u00e9liminaires amoureux ?<\/p>\n<p><strong>R\u00e9ponse<\/strong> : une manipulation physique et mentale, gagnant\/gagnant !<\/p>\n<p>&#8211; Ca existe une manipulation gagnant\/gagnant ?<\/p>\n<p>&#8211; Bien s\u00fbr que \u00e7a existe ! Essayez de faire l\u2019Amour sans quelques manipulations pr\u00e9alables&#8230; Sauvage !<\/p>\n<p>J\u2019ai une r\u00e9v\u00e9lation \u00e0 vous faire. C\u2019est l\u2019un des piliers du programme CONFIANCE-COACH : la plupart des gens qui ont un manque de confiance en soi, se mettent en retrait parce qu\u2019ils ont peur de manipuler les autres. Ils ne veulent pas changer le monde. M\u00eame pas leur petit monde&#8230;<\/p>\n<p>Les personnes reconnues pour leur confiance int\u00e9rieure ont un comportement inverse.<\/p>\n<blockquote>\n<p>Ce qui signifie que l\u2019une des clefs de la confiance en soi, est de s\u2019autoriser \u00e0 manipuler ! Une autre clef est d\u2019accepter de se laisser manipuler&#8230; Vous \u00eates une personne de CONFIANCE et vous attirez des personnes de CONFIANCE !<\/p>\n<\/blockquote>\n<h2>D\u00e9ni et incomp\u00e9tence inconsciente<\/h2>\n<p>La plupart du temps, on me r\u00e9pond que je ne peux pas qualifier une bonne action, de manipulation, puisqu\u2019il n\u2019y a pas de victime, et que je n\u2019en tire aucun profit. Si vous pensez \u00e7a, vous nagez dans les eaux troubles de l\u2019<strong>incomp\u00e9tence inconsciente<\/strong>. Ca vous emp\u00eache d\u2019avancer \u00e0 bien des niveaux.<\/p>\n<p>J\u2019affirme avec force que je l\u2019ai balad\u00e9e, Mamie&#8230; Comme une d\u00e9butante. Elle \u00e9tait triste et vuln\u00e9rable, et j\u2019en ai fait ma chose ! Connaissant ses points faibles, je ne lui ai laiss\u00e9 aucune chance de poursuivre son dimanche avec son \u00e9tat mental d\u2019origine !<\/p>\n<p>Quant au b\u00e9n\u00e9fice, il y en a un qu\u2019on appelle l\u2019estime de soi. Ca vaut de l\u2019or ! En plus, je publie l\u2019histoire, et je re\u00e7ois plus de 100 Waouw ! Certains Waouw me disent que je suis un magicien, d\u2019autres que je suis un mod\u00e8le, d\u2019autres encore, m\u2019ont \u00e9crit \u00abpas besoin de cadeau, c\u2019est vous le cadeau !\u00bb.<\/p>\n<p>Si pour vous un b\u00e9n\u00e9fice se calcule en euros, je vous confirme que \u00e7a m\u2019a rapport\u00e9 des inscriptions \u00e0 des programmes payants, et que \u00e7a m\u2019en rapportera encore !<\/p>\n<p>Si vous pensez que ce n\u2019est pas tr\u00e8s joli-joli de profiter des effets secondaires d\u2019une bonne action, vous vous enfoncez dans le d\u00e9ni&#8230; Vous refusez les cadeaux de l\u2019Univers.<\/p>\n<p>Lorsque vous faites du bien \u00e0 quelqu\u2019un, attendez-vous \u00e0 ce que cette <strong>manipulation<\/strong> change l\u2019\u00e9tat de votre monde. Vous aurez beau chercher d\u2019autres mots pour qualifier le processus, il n\u2019y en a pas. Acceptez la dualit\u00e9 de ce terme : son c\u00f4t\u00e9 positif <strong>et<\/strong> son c\u00f4t\u00e9 n\u00e9gatif, et vous vous autoriserez \u00e0 <strong>manipuler<\/strong> pour faire du bien autour de vous (et en vous). Vous cesserez de cracher sur les livres qui portent le titre \u00abL\u2019art de la manipulation\u00bb, et vous serez m\u00eame avide de l\u2019enseignement qu\u2019on y prodigue. Vous saurez filtrer ce que vous voulez garder et ce que vous voulez jeter en fonction de vos <strong>valeurs morales<\/strong>. Et si quelqu\u2019un vous surprend \u00e0 lire ce genre de livres, vous lui direz tout le bien que vous pensez de la <strong>manipulation<\/strong> <strong>gagnant\/gagnant<\/strong>, et vous tenterez de l\u2019aider \u00e0 se lib\u00e9rer de son d\u00e9ni !<\/p>\n<p>Commercialement, au lieu de traiter de manipulateur toute personne qui essaye de vous vendre quelque chose, vous jouerez le jeu en acceptant le r\u00f4le du manipul\u00e9 (toujours gagnant). Vous vous laisserez emporter par l\u2019Energie des gens passionn\u00e9s par leur m\u00e9tier, leurs produits, leurs \u00e9v\u00e8nements&#8230; Ils vous apprendront \u00e9norm\u00e9ment de choses sur le <strong>sens de la vie<\/strong>. Toute une \u00e9cole&#8230;<\/p>\n<p>Si vous pensez qu\u2019un manipulateur est forc\u00e9ment un sale type, ce d\u00e9nigrement a plusieurs effets n\u00e9fastes :<\/p>\n<ul>\n<li>Vous attirez vers vous davantage de manipulateurs toxiques, car contrairement aux doux manipulateurs, ils ne l\u00e2chent jamais prise.\n<li>Vous vous privez des effet des manipulations bienveillantes : aussi bien celles qui sont faites \u00e0 votre \u00e9gard, que celles que vous pourriez utiliser sur les personnes qui en ont besoin.\n<li>Vous passez \u00e0 c\u00f4t\u00e9 de l\u2019une des clefs du bonheur : l\u2019auto-manipulation. <\/li>\n<\/ul>\n<p>Les <strong>manipulateurs conscients<\/strong> sont comparables \u00e0 des magiciens : ils font quelques tours de passe-passe volontaires et dynamiques, pour changer la fr\u00e9quence diffus\u00e9e dans leur environnement. Ils se fixent souvent comme mission de changer la tristesse en bonheur, la confrontation en d\u00e9bat, la col\u00e8re en r\u00e9volte utile&#8230; en leur \u00e2me et conscience.<\/p>\n<p>On les qualifie de communicants, de leaders, d\u2019artistes, de p\u00e9dagogues, de guides&#8230; Mais finalement, ce qui les caract\u00e9rise tous, c\u2019est <strong>la capacit\u00e9 de changer l\u2019\u00e9tat de leur environnement int\u00e9rieur et ext\u00e9rieur,<\/strong> \u00e0 loisir.<\/p>\n<p>Bons loisirs !<\/p>\n<p>A++<\/p>\n<p><strong>St\u00e9phane SOLOMON<\/strong><\/p>\n<!--themify_builder_content-->\n<div id=\"themify_builder_content-395\" data-postid=\"395\" class=\"themify_builder_content themify_builder_content-395 themify_builder tf_clear\">\n    <\/div>\n<!--\/themify_builder_content-->\n","protected":false},"excerpt":{"rendered":"<p>[userinfo field=&#8221;first_name&#8221;],[\/userinfo] Lorsque j\u2019ai lu les commentaires sous le billet de lundi, j\u2019ai eu peur ! J\u2019ai cru que j\u2019\u00e9tais mort, et que chacun disait quelques mots gentils avant l\u2019inhumation. C\u2019est en lisant la rubrique n\u00e9crologique de ma ville que j\u2019ai pu constater que j\u2019y \u00e9tais absent, et que le sentiment d\u2019\u00eatre vivant n\u2019\u00e9tait pas [&hellip;]<\/p>\n","protected":false},"author":1,"featured_media":0,"parent":0,"menu_order":0,"comment_status":"open","ping_status":"open","template":"","meta":[],"builder_content":"","_links":{"self":[{"href":"https:\/\/auto-coaching.fr\/index.php\/wp-json\/wp\/v2\/pages\/395"}],"collection":[{"href":"https:\/\/auto-coaching.fr\/index.php\/wp-json\/wp\/v2\/pages"}],"about":[{"href":"https:\/\/auto-coaching.fr\/index.php\/wp-json\/wp\/v2\/types\/page"}],"author":[{"embeddable":true,"href":"https:\/\/auto-coaching.fr\/index.php\/wp-json\/wp\/v2\/users\/1"}],"replies":[{"embeddable":true,"href":"https:\/\/auto-coaching.fr\/index.php\/wp-json\/wp\/v2\/comments?post=395"}],"version-history":[{"count":18,"href":"https:\/\/auto-coaching.fr\/index.php\/wp-json\/wp\/v2\/pages\/395\/revisions"}],"predecessor-version":[{"id":938,"href":"https:\/\/auto-coaching.fr\/index.php\/wp-json\/wp\/v2\/pages\/395\/revisions\/938"}],"wp:attachment":[{"href":"https:\/\/auto-coaching.fr\/index.php\/wp-json\/wp\/v2\/media?parent=395"}],"curies":[{"name":"wp","href":"https:\/\/api.w.org\/{rel}","templated":true}]}}