{"id":5365,"date":"2019-05-17T20:27:27","date_gmt":"2019-05-17T18:27:27","guid":{"rendered":"http:\/\/www.auto-coaching.fr\/?page_id=5365"},"modified":"2019-07-05T18:55:59","modified_gmt":"2019-07-05T16:55:59","slug":"articles-du-mois","status":"publish","type":"page","link":"https:\/\/auto-coaching.fr\/index.php\/articles-du-mois\/","title":{"rendered":"Articles du mois"},"content":{"rendered":"<!--themify_builder_content-->\n<div id=\"themify_builder_content-5365\" data-postid=\"5365\" class=\"themify_builder_content themify_builder_content-5365 themify_builder tf_clear\">\n    \t\t\t\t<!-- module_row -->\n\t\t<div  data-lazy=\"1\" class=\"module_row themify_builder_row tb_ubd8548 tb_first tf_w tf_clearfix\">\n\t\t\t\t\t<div class=\"row_inner col_align_top tb_col_count_1 tf_box tf_rel\">\n\t\t\t\t\t<div  data-lazy=\"1\" class=\"module_column tb-column col-full tb_w18e549 first\">\n\t\t\t\t\t\t\t\t\t<div class=\"tb-column-inner tf_box tf_w\">\n\t\t\t\t<!-- module post -->\n<div  class=\"module module-post tb_r1kr919 \">\n        <div  class=\"builder-posts-wrap loops-wrapper list-thumb-image classic tf_clear tf_clearfix\" data-lazy=\"1\">\n\t<article id=\"post-5470\" class=\"post tf_clearfix post-5470 type-post status-publish format-standard has-post-thumbnail hentry category-blog has-post-title has-post-date has-post-category has-post-tag has-post-comment has-post-author \">\n\t    \n\t\t\t\t<figure class=\"post-image tf_clearfix\">\n\t\t\t    \t\t\t\t\t\t\t\t<a href=\"https:\/\/auto-coaching.fr\/index.php\/atterrissage-corse\/\">\n\t\t\t\t\t\t\t\t<img src=\"https:\/\/auto-coaching.fr\/wp-content\/uploads\/2019\/06\/avion.jpg\" class=\"wp-post-image wp-image-5628\" title=\"avion\" alt=\"avion\" srcset=\"https:\/\/auto-coaching.fr\/wp-content\/uploads\/2019\/06\/avion.jpg 800w, https:\/\/auto-coaching.fr\/wp-content\/uploads\/2019\/06\/avion-300x197.jpg 300w, https:\/\/auto-coaching.fr\/wp-content\/uploads\/2019\/06\/avion-768x505.jpg 768w\" sizes=\"(max-width: 800px) 100vw, 800px\" \/>\t\t\t\t\t\t\t\t    \t\t\t\t<\/a>\n\t\t\t\t\t\t\t    \t\t\t<\/figure>\n\t\t\t\t<div class=\"post-content\">\n\t\t<div class=\"post-content-inner\">\n\n\t\t\t\t\t\t\t\t<div class=\"post-date-wrap post-date-inline\">\n\t\t<time class=\"post-date entry-date updated\" datetime=\"2019-06-03\">\n\t\t\t\t\t<span class=\"year\">3 juin 2019<\/span>\n\t\t\t\t<\/time>\n\t<\/div><!-- .post-date-wrap -->\n\t\t\t\t\n\t\t\t<h2 class=\"post-title entry-title\"><a href=\"https:\/\/auto-coaching.fr\/index.php\/atterrissage-corse\/\">Atterrissage cors\u00e9&#8230;<\/a><\/h2>\n\t\t\t\t\t\t\t<p class=\"post-meta entry-meta\">\n\t\t\t\t\t\t\t\t\t\t\t<span class=\"post-author\"><span class=\"author vcard\"><a class=\"url fn n\" href=\"https:\/\/auto-coaching.fr\/index.php\/author\/stephane\/\" rel=\"author\">stephane<\/a><\/span><\/span>\n\t\t\t\t\t\n\t\t\t\t\t<span class=\"post-category\"><a href=\"https:\/\/auto-coaching.fr\/index.php\/category\/blog\/\" rel=\"tag\" class=\"term-blog\">Blog<\/a><\/span>\n\t\t\t\t\t\t\t\t\t\t\t\t\t\t\t\t\n\t\t\t\t\t        <span class=\"post-comment\">\n\t       <a href=\"https:\/\/auto-coaching.fr\/index.php\/atterrissage-corse\/#comments\">45<\/a><svg  class=\"tf_fa tf-fas-comment\" aria-hidden=\"true\"><use href=\"#tf-fas-comment\"><\/use><\/svg>\t    <\/span>\n\t\t\t\t\t\t<\/p>\n\t\t\t\t<!-- \/post-meta -->\n\t\t\t\n\t\t\t\n\t\t\t\t<div class=\"entry-content\">\n\n        \n\t\t<p>Mi-avril, j&#8217;\u00e9tais en Corse. Mais avant d&#8217;arriver \u00e0 bon port, je suis pass\u00e9 par l&#8217;avion. Habituellement, il y a un d\u00e9collage et un atterrissage. Mais cette fois, j&#8217;ai eu droit \u00e0 une double dose de sensations fortes&#8230; Ayant \u00e9t\u00e9 invit\u00e9 (avec toute ma famille), nos billets ont \u00e9t\u00e9 command\u00e9s par nos h\u00f4tes. Mais pour \u00eatre [&hellip;]<\/p>\n\n\t\t\n\t\t    <p><a href=\"https:\/\/auto-coaching.fr\/index.php\/atterrissage-corse\/\" class=\"more-link\">Lire la suite<\/a><\/p>\n\n\t\t\n\t    \n\t<\/div><!-- \/.entry-content -->\n\t\n\t\t<\/div>\n\t\t<!-- \/.post-content-inner -->\n\t<\/div>\n\t<!-- \/.post-content -->\n\t\n<\/article>\n<!-- \/.post -->\n<article id=\"post-5498\" class=\"post tf_clearfix post-5498 type-post status-publish format-standard has-post-thumbnail hentry category-blog has-post-title has-post-date has-post-category has-post-tag has-post-comment has-post-author \">\n\t    \n\t\t\t\t<figure class=\"post-image tf_clearfix\">\n\t\t\t    \t\t\t\t\t\t\t\t<a href=\"https:\/\/auto-coaching.fr\/index.php\/le-mois-de-la-prise-de-decision\/\">\n\t\t\t\t\t\t\t\t<img src=\"https:\/\/auto-coaching.fr\/wp-content\/uploads\/2019\/06\/portes.jpg\" class=\"wp-post-image wp-image-5640\" title=\"portes\" alt=\"portes\" srcset=\"https:\/\/auto-coaching.fr\/wp-content\/uploads\/2019\/06\/portes.jpg 800w, https:\/\/auto-coaching.fr\/wp-content\/uploads\/2019\/06\/portes-300x160.jpg 300w, https:\/\/auto-coaching.fr\/wp-content\/uploads\/2019\/06\/portes-768x410.jpg 768w\" sizes=\"(max-width: 800px) 100vw, 800px\" \/>\t\t\t\t\t\t\t\t    \t\t\t\t<\/a>\n\t\t\t\t\t\t\t    \t\t\t<\/figure>\n\t\t\t\t<div class=\"post-content\">\n\t\t<div class=\"post-content-inner\">\n\n\t\t\t\t\t\t\t\t<div class=\"post-date-wrap post-date-inline\">\n\t\t<time class=\"post-date entry-date updated\" datetime=\"2019-06-07\">\n\t\t\t\t\t<span class=\"year\">7 juin 2019<\/span>\n\t\t\t\t<\/time>\n\t<\/div><!-- .post-date-wrap -->\n\t\t\t\t\n\t\t\t<h2 class=\"post-title entry-title\"><a href=\"https:\/\/auto-coaching.fr\/index.php\/le-mois-de-la-prise-de-decision\/\">Le mois de la prise de d\u00e9cision<\/a><\/h2>\n\t\t\t\t\t\t\t<p class=\"post-meta entry-meta\">\n\t\t\t\t\t\t\t\t\t\t\t<span class=\"post-author\"><span class=\"author vcard\"><a class=\"url fn n\" href=\"https:\/\/auto-coaching.fr\/index.php\/author\/stephane\/\" rel=\"author\">stephane<\/a><\/span><\/span>\n\t\t\t\t\t\n\t\t\t\t\t<span class=\"post-category\"><a href=\"https:\/\/auto-coaching.fr\/index.php\/category\/blog\/\" rel=\"tag\" class=\"term-blog\">Blog<\/a><\/span>\n\t\t\t\t\t\t\t\t\t\t\t\t\t\t\t\t\n\t\t\t\t\t        <span class=\"post-comment\">\n\t       <a href=\"https:\/\/auto-coaching.fr\/index.php\/le-mois-de-la-prise-de-decision\/#comments\">50<\/a><svg  class=\"tf_fa tf-fas-comment\" aria-hidden=\"true\"><use href=\"#tf-fas-comment\"><\/use><\/svg>\t    <\/span>\n\t\t\t\t\t\t<\/p>\n\t\t\t\t<!-- \/post-meta -->\n\t\t\t\n\t\t\t\n\t\t\t\t<div class=\"entry-content\">\n\n        \n\t\t<p>C\u2019est adjug\u00e9 vendu ! Suite \u00e0 vos nombreuses demandes, le mois de juin sera celui de&nbsp;la prise de d\u00e9cision. Nous allons donc traiter de vos choix de vie actuels, de vos futurs choix, des options qui se greffent sur ces choix et qui font que vous avez l\u2019impression de ne pas avoir le choix, etc. [&hellip;]<\/p>\n\n\t\t\n\t\t    <p><a href=\"https:\/\/auto-coaching.fr\/index.php\/le-mois-de-la-prise-de-decision\/\" class=\"more-link\">Lire la suite<\/a><\/p>\n\n\t\t\n\t    \n\t<\/div><!-- \/.entry-content -->\n\t\n\t\t<\/div>\n\t\t<!-- \/.post-content-inner -->\n\t<\/div>\n\t<!-- \/.post-content -->\n\t\n<\/article>\n<!-- \/.post -->\n<article id=\"post-5533\" class=\"post tf_clearfix post-5533 type-post status-publish format-standard has-post-thumbnail hentry category-blog has-post-title has-post-date has-post-category has-post-tag has-post-comment has-post-author \">\n\t    \n\t\t\t\t<figure class=\"post-image tf_clearfix\">\n\t\t\t    \t\t\t\t\t\t\t\t<a href=\"https:\/\/auto-coaching.fr\/index.php\/est-ce-vraiment-vous-qui-decidez\/\">\n\t\t\t\t\t\t\t\t<img src=\"https:\/\/auto-coaching.fr\/wp-content\/uploads\/2019\/06\/rubiks.decision.jpg\" class=\"wp-post-image wp-image-5649\" title=\"rubiks.decision\" alt=\"rubiks.decision\" srcset=\"https:\/\/auto-coaching.fr\/wp-content\/uploads\/2019\/06\/rubiks.decision.jpg 800w, https:\/\/auto-coaching.fr\/wp-content\/uploads\/2019\/06\/rubiks.decision-300x212.jpg 300w, https:\/\/auto-coaching.fr\/wp-content\/uploads\/2019\/06\/rubiks.decision-768x543.jpg 768w\" sizes=\"(max-width: 800px) 100vw, 800px\" \/>\t\t\t\t\t\t\t\t    \t\t\t\t<\/a>\n\t\t\t\t\t\t\t    \t\t\t<\/figure>\n\t\t\t\t<div class=\"post-content\">\n\t\t<div class=\"post-content-inner\">\n\n\t\t\t\t\t\t\t\t<div class=\"post-date-wrap post-date-inline\">\n\t\t<time class=\"post-date entry-date updated\" datetime=\"2019-06-14\">\n\t\t\t\t\t<span class=\"year\">14 juin 2019<\/span>\n\t\t\t\t<\/time>\n\t<\/div><!-- .post-date-wrap -->\n\t\t\t\t\n\t\t\t<h2 class=\"post-title entry-title\"><a href=\"https:\/\/auto-coaching.fr\/index.php\/est-ce-vraiment-vous-qui-decidez\/\">Est-ce vraiment vous qui d\u00e9cidez ?<\/a><\/h2>\n\t\t\t\t\t\t\t<p class=\"post-meta entry-meta\">\n\t\t\t\t\t\t\t\t\t\t\t<span class=\"post-author\"><span class=\"author vcard\"><a class=\"url fn n\" href=\"https:\/\/auto-coaching.fr\/index.php\/author\/stephane\/\" rel=\"author\">stephane<\/a><\/span><\/span>\n\t\t\t\t\t\n\t\t\t\t\t<span class=\"post-category\"><a href=\"https:\/\/auto-coaching.fr\/index.php\/category\/blog\/\" rel=\"tag\" class=\"term-blog\">Blog<\/a><\/span>\n\t\t\t\t\t\t\t\t\t\t\t\t\t\t\t\t\n\t\t\t\t\t        <span class=\"post-comment\">\n\t       <a href=\"https:\/\/auto-coaching.fr\/index.php\/est-ce-vraiment-vous-qui-decidez\/#comments\">10<\/a><svg  class=\"tf_fa tf-fas-comment\" aria-hidden=\"true\"><use href=\"#tf-fas-comment\"><\/use><\/svg>\t    <\/span>\n\t\t\t\t\t\t<\/p>\n\t\t\t\t<!-- \/post-meta -->\n\t\t\t\n\t\t\t\n\t\t\t\t<div class=\"entry-content\">\n\n        \n\t\t<p>Le Docteur Dan Ariely a \u00e9crit un livre fascinant sur la prise de d\u00e9cision et ses diff\u00e9rents biais. Je vous le recommande. il s\u2019intitule : C\u2019est (vraiment&nbsp;?) moi qui d\u00e9cide Le titre original est \u00abPredictably irrational\u00bb, ce qui pourrait se traduire par \u00abIrrationnel, mais tellement pr\u00e9visible\u00bb. Ceci-dit, le titre fran\u00e7ais est vraiment bien trouv\u00e9 si [&hellip;]<\/p>\n\n\t\t\n\t\t    <p><a href=\"https:\/\/auto-coaching.fr\/index.php\/est-ce-vraiment-vous-qui-decidez\/\" class=\"more-link\">Lire la suite<\/a><\/p>\n\n\t\t\n\t    \n\t<\/div><!-- \/.entry-content -->\n\t\n\t\t<\/div>\n\t\t<!-- \/.post-content-inner -->\n\t<\/div>\n\t<!-- \/.post-content -->\n\t\n<\/article>\n<!-- \/.post -->\n<article id=\"post-5548\" class=\"post tf_clearfix post-5548 type-post status-publish format-standard has-post-thumbnail hentry category-blog has-post-title has-post-date has-post-category has-post-tag has-post-comment has-post-author \">\n\t    \n\t\t\t\t<figure class=\"post-image tf_clearfix\">\n\t\t\t    \t\t\t\t\t\t\t\t<a href=\"https:\/\/auto-coaching.fr\/index.php\/faites-des-peres-heureux\/\">\n\t\t\t\t\t\t\t\t<img src=\"https:\/\/auto-coaching.fr\/wp-content\/uploads\/2019\/06\/attrap-reve.jpg\" class=\"wp-post-image wp-image-5551\" title=\"attrap-reve\" alt=\"attrap-reve\" srcset=\"https:\/\/auto-coaching.fr\/wp-content\/uploads\/2019\/06\/attrap-reve.jpg 1080w, https:\/\/auto-coaching.fr\/wp-content\/uploads\/2019\/06\/attrap-reve-300x200.jpg 300w, https:\/\/auto-coaching.fr\/wp-content\/uploads\/2019\/06\/attrap-reve-768x512.jpg 768w, https:\/\/auto-coaching.fr\/wp-content\/uploads\/2019\/06\/attrap-reve-1024x683.jpg 1024w\" sizes=\"(max-width: 1080px) 100vw, 1080px\" \/>\t\t\t\t\t\t\t\t    \t\t\t\t<\/a>\n\t\t\t\t\t\t\t    \t\t\t<\/figure>\n\t\t\t\t<div class=\"post-content\">\n\t\t<div class=\"post-content-inner\">\n\n\t\t\t\t\t\t\t\t<div class=\"post-date-wrap post-date-inline\">\n\t\t<time class=\"post-date entry-date updated\" datetime=\"2019-06-16\">\n\t\t\t\t\t<span class=\"year\">16 juin 2019<\/span>\n\t\t\t\t<\/time>\n\t<\/div><!-- .post-date-wrap -->\n\t\t\t\t\n\t\t\t<h2 class=\"post-title entry-title\"><a href=\"https:\/\/auto-coaching.fr\/index.php\/faites-des-peres-heureux\/\">Faites des p\u00e8res heureux<\/a><\/h2>\n\t\t\t\t\t\t\t<p class=\"post-meta entry-meta\">\n\t\t\t\t\t\t\t\t\t\t\t<span class=\"post-author\"><span class=\"author vcard\"><a class=\"url fn n\" href=\"https:\/\/auto-coaching.fr\/index.php\/author\/stephane\/\" rel=\"author\">stephane<\/a><\/span><\/span>\n\t\t\t\t\t\n\t\t\t\t\t<span class=\"post-category\"><a href=\"https:\/\/auto-coaching.fr\/index.php\/category\/blog\/\" rel=\"tag\" class=\"term-blog\">Blog<\/a><\/span>\n\t\t\t\t\t\t\t\t\t\t\t\t\t\t\t\t\n\t\t\t\t\t        <span class=\"post-comment\">\n\t       <a href=\"https:\/\/auto-coaching.fr\/index.php\/faites-des-peres-heureux\/#comments\">8<\/a><svg  class=\"tf_fa tf-fas-comment\" aria-hidden=\"true\"><use href=\"#tf-fas-comment\"><\/use><\/svg>\t    <\/span>\n\t\t\t\t\t\t<\/p>\n\t\t\t\t<!-- \/post-meta -->\n\t\t\t\n\t\t\t\n\t\t\t\t<div class=\"entry-content\">\n\n        \n\t\t<p>Hier, quelques minutes avant minuit, personnes ne dormait. Les enfants \u00e9taient en effervescence&nbsp;; on se serait cru \u00e0 No\u00ebl&nbsp;! Elina (bient\u00f4t 10 ans) tentait de g\u00e9rer son impatience en ajoutant des paillettes et des petits bouts de ficelle \u00e0 ses paquets cadeau. Il faut dire que depuis le d\u00e9but de la soir\u00e9e, elle me demandait [&hellip;]<\/p>\n\n\t\t\n\t\t    <p><a href=\"https:\/\/auto-coaching.fr\/index.php\/faites-des-peres-heureux\/\" class=\"more-link\">Lire la suite<\/a><\/p>\n\n\t\t\n\t    \n\t<\/div><!-- \/.entry-content -->\n\t\n\t\t<\/div>\n\t\t<!-- \/.post-content-inner -->\n\t<\/div>\n\t<!-- \/.post-content -->\n\t\n<\/article>\n<!-- \/.post -->\n<article id=\"post-5606\" class=\"post tf_clearfix post-5606 type-post status-publish format-standard has-post-thumbnail hentry category-blog has-post-title has-post-date has-post-category has-post-tag has-post-comment has-post-author \">\n\t    \n\t\t\t\t<figure class=\"post-image tf_clearfix\">\n\t\t\t    \t\t\t\t\t\t\t\t<a href=\"https:\/\/auto-coaching.fr\/index.php\/jai-choisi-donc-je-decide\/\">\n\t\t\t\t\t\t\t\t<img src=\"https:\/\/auto-coaching.fr\/wp-content\/uploads\/2019\/06\/choixDecision.jpg\" class=\"wp-post-image wp-image-5622\" title=\"Choix et d\u00e9cisions\" alt=\"Choix et d\u00e9cisions\" srcset=\"https:\/\/auto-coaching.fr\/wp-content\/uploads\/2019\/06\/choixDecision.jpg 1080w, https:\/\/auto-coaching.fr\/wp-content\/uploads\/2019\/06\/choixDecision-300x200.jpg 300w, https:\/\/auto-coaching.fr\/wp-content\/uploads\/2019\/06\/choixDecision-768x512.jpg 768w, https:\/\/auto-coaching.fr\/wp-content\/uploads\/2019\/06\/choixDecision-1024x683.jpg 1024w\" sizes=\"(max-width: 1080px) 100vw, 1080px\" \/>\t\t\t\t\t\t\t\t    \t\t\t\t<\/a>\n\t\t\t\t\t\t\t    \t\t\t<\/figure>\n\t\t\t\t<div class=\"post-content\">\n\t\t<div class=\"post-content-inner\">\n\n\t\t\t\t\t\t\t\t<div class=\"post-date-wrap post-date-inline\">\n\t\t<time class=\"post-date entry-date updated\" datetime=\"2019-06-24\">\n\t\t\t\t\t<span class=\"year\">24 juin 2019<\/span>\n\t\t\t\t<\/time>\n\t<\/div><!-- .post-date-wrap -->\n\t\t\t\t\n\t\t\t<h2 class=\"post-title entry-title\"><a href=\"https:\/\/auto-coaching.fr\/index.php\/jai-choisi-donc-je-decide\/\">J&#8217;ai choisi, donc je d\u00e9cide<\/a><\/h2>\n\t\t\t\t\t\t\t<p class=\"post-meta entry-meta\">\n\t\t\t\t\t\t\t\t\t\t\t<span class=\"post-author\"><span class=\"author vcard\"><a class=\"url fn n\" href=\"https:\/\/auto-coaching.fr\/index.php\/author\/stephane\/\" rel=\"author\">stephane<\/a><\/span><\/span>\n\t\t\t\t\t\n\t\t\t\t\t<span class=\"post-category\"><a href=\"https:\/\/auto-coaching.fr\/index.php\/category\/blog\/\" rel=\"tag\" class=\"term-blog\">Blog<\/a><\/span>\n\t\t\t\t\t\t\t\t\t\t\t\t\t\t\t\t\n\t\t\t\t\t        <span class=\"post-comment\">\n\t       <a href=\"https:\/\/auto-coaching.fr\/index.php\/jai-choisi-donc-je-decide\/#comments\">11<\/a><svg  class=\"tf_fa tf-fas-comment\" aria-hidden=\"true\"><use href=\"#tf-fas-comment\"><\/use><\/svg>\t    <\/span>\n\t\t\t\t\t\t<\/p>\n\t\t\t\t<!-- \/post-meta -->\n\t\t\t\n\t\t\t\n\t\t\t\t<div class=\"entry-content\">\n\n        \n\t\t<p>J\u2019ai besoin d\u2019un peu de temps pour vous \u00e9crire \u00e0 propos du &#8220;grand m\u00e9chant loup&#8221; (imaginaire ou pas) qui rend les d\u00e9cisions si faciles ! Ceci-dit, pendant que mes neurones travaillent comme une p\u00e2te \u00e0 pain qui l\u00e8ve, prenons une petite pause pour distinguer deux mots : CHOIX et D\u00c9CISION&#8230; Avant tout, je voudrais remercier [&hellip;]<\/p>\n\n\t\t\n\t\t    <p><a href=\"https:\/\/auto-coaching.fr\/index.php\/jai-choisi-donc-je-decide\/\" class=\"more-link\">Lire la suite<\/a><\/p>\n\n\t\t\n\t    \n\t<\/div><!-- \/.entry-content -->\n\t\n\t\t<\/div>\n\t\t<!-- \/.post-content-inner -->\n\t<\/div>\n\t<!-- \/.post-content -->\n\t\n<\/article>\n<!-- \/.post -->\n<article id=\"post-5653\" class=\"post tf_clearfix post-5653 type-post status-publish format-standard hentry category-blog has-post-title has-post-date has-post-category has-post-tag has-post-comment has-post-author \">\n\t    \n\t\t<div class=\"post-content\">\n\t\t<div class=\"post-content-inner\">\n\n\t\t\t\t\t\t\t\t<div class=\"post-date-wrap post-date-inline\">\n\t\t<time class=\"post-date entry-date updated\" datetime=\"2019-07-01\">\n\t\t\t\t\t<span class=\"year\">1 juillet 2019<\/span>\n\t\t\t\t<\/time>\n\t<\/div><!-- .post-date-wrap -->\n\t\t\t\t\n\t\t\t<h2 class=\"post-title entry-title\"><a href=\"https:\/\/auto-coaching.fr\/index.php\/le-grand-mechant-loup\/\">Le grand m\u00e9chant loup<\/a><\/h2>\n\t\t\t\t\t\t\t<p class=\"post-meta entry-meta\">\n\t\t\t\t\t\t\t\t\t\t\t<span class=\"post-author\"><span class=\"author vcard\"><a class=\"url fn n\" href=\"https:\/\/auto-coaching.fr\/index.php\/author\/stephane\/\" rel=\"author\">stephane<\/a><\/span><\/span>\n\t\t\t\t\t\n\t\t\t\t\t<span class=\"post-category\"><a href=\"https:\/\/auto-coaching.fr\/index.php\/category\/blog\/\" rel=\"tag\" class=\"term-blog\">Blog<\/a><\/span>\n\t\t\t\t\t\t\t\t\t\t\t\t\t\t\t\t\n\t\t\t\t\t        <span class=\"post-comment\">\n\t       <a href=\"https:\/\/auto-coaching.fr\/index.php\/le-grand-mechant-loup\/#comments\">56<\/a><svg  class=\"tf_fa tf-fas-comment\" aria-hidden=\"true\"><use href=\"#tf-fas-comment\"><\/use><\/svg>\t    <\/span>\n\t\t\t\t\t\t<\/p>\n\t\t\t\t<!-- \/post-meta -->\n\t\t\t\n\t\t\t\n\t\t\t\t<div class=\"entry-content\">\n\n        \n\t\t<p>Vous vous souvenez du premier article du mois (atterrissage cors\u00e9)\u00a0? Nous avons vu que Laurie ne prenait pas les d\u00e9cisions les plus appropri\u00e9es, elle ob\u00e9issait \u00e0 la peur. Lorsque l\u2019avion est calme elle a peur de l\u2019hypnose, alors elle d\u00e9cide de faire face \u00e0 sa peur de l\u2019avion. Puis vient le moment o\u00f9 l\u2019avion est [&hellip;]<\/p>\n\n\t\t\n\t\t    <p><a href=\"https:\/\/auto-coaching.fr\/index.php\/le-grand-mechant-loup\/\" class=\"more-link\">Lire la suite<\/a><\/p>\n\n\t\t\n\t    \n\t<\/div><!-- \/.entry-content -->\n\t\n\t\t<\/div>\n\t\t<!-- \/.post-content-inner -->\n\t<\/div>\n\t<!-- \/.post-content -->\n\t\n<\/article>\n<!-- \/.post -->\n<article id=\"post-5707\" class=\"post tf_clearfix post-5707 type-post status-publish format-standard hentry category-blog has-post-title has-post-date has-post-category has-post-tag has-post-comment has-post-author \">\n\t    \n\t\t<div class=\"post-content\">\n\t\t<div class=\"post-content-inner\">\n\n\t\t\t\t\t\t\t\t<div class=\"post-date-wrap post-date-inline\">\n\t\t<time class=\"post-date entry-date updated\" datetime=\"2019-07-12\">\n\t\t\t\t\t<span class=\"year\">12 juillet 2019<\/span>\n\t\t\t\t<\/time>\n\t<\/div><!-- .post-date-wrap -->\n\t\t\t\t\n\t\t\t<h2 class=\"post-title entry-title\"><a href=\"https:\/\/auto-coaching.fr\/index.php\/cas-de-conscience\/\">Cas de Conscience<\/a><\/h2>\n\t\t\t\t\t\t\t<p class=\"post-meta entry-meta\">\n\t\t\t\t\t\t\t\t\t\t\t<span class=\"post-author\"><span class=\"author vcard\"><a class=\"url fn n\" href=\"https:\/\/auto-coaching.fr\/index.php\/author\/stephane\/\" rel=\"author\">stephane<\/a><\/span><\/span>\n\t\t\t\t\t\n\t\t\t\t\t<span class=\"post-category\"><a href=\"https:\/\/auto-coaching.fr\/index.php\/category\/blog\/\" rel=\"tag\" class=\"term-blog\">Blog<\/a><\/span>\n\t\t\t\t\t\t\t\t\t\t\t\t\t\t\t\t\n\t\t\t\t\t        <span class=\"post-comment\">\n\t       <a href=\"https:\/\/auto-coaching.fr\/index.php\/cas-de-conscience\/#comments\">19<\/a><svg  class=\"tf_fa tf-fas-comment\" aria-hidden=\"true\"><use href=\"#tf-fas-comment\"><\/use><\/svg>\t    <\/span>\n\t\t\t\t\t\t<\/p>\n\t\t\t\t<!-- \/post-meta -->\n\t\t\t\n\t\t\t\n\t\t\t\t<div class=\"entry-content\">\n\n        \n\t\t<p>Kevin m\u2019\u00e9crit&nbsp;: Ne \u00ab perdez \u00bb pas votre temps \u00e0 faire ce teasing, je ne m\u2019inscrirais pas plus avec ou sans le teasing.Merci de votre implication. Cordialement (note&nbsp;: ce mail est bien r\u00e9el, j\u2019ai juste chang\u00e9 le pr\u00e9nom) C\u2019est tr\u00e8s int\u00e9ressant dans le cadre d\u2019un coaching sur la prise de d\u00e9cision&nbsp;! La question qui me [&hellip;]<\/p>\n\n\t\t\n\t\t    <p><a href=\"https:\/\/auto-coaching.fr\/index.php\/cas-de-conscience\/\" class=\"more-link\">Lire la suite<\/a><\/p>\n\n\t\t\n\t    \n\t<\/div><!-- \/.entry-content -->\n\t\n\t\t<\/div>\n\t\t<!-- \/.post-content-inner -->\n\t<\/div>\n\t<!-- \/.post-content -->\n\t\n<\/article>\n<!-- \/.post -->\n<\/div><!-- .builder-posts-wrap -->\n    <\/div>\n    <!-- \/module post -->\n\t\t\t\t<\/div><!-- .tb-column-inner -->\n\t\t\t\t\t\t<\/div><!-- .module_column -->\n\t\t\t\t\t\t<\/div><!-- .row_inner -->\n\t\t<\/div><!-- .module_row -->\n\t\t\t\t<\/div>\n<!--\/themify_builder_content-->","protected":false},"excerpt":{"rendered":"","protected":false},"author":1,"featured_media":0,"parent":0,"menu_order":0,"comment_status":"closed","ping_status":"closed","template":"","meta":[],"builder_content":"","_links":{"self":[{"href":"https:\/\/auto-coaching.fr\/index.php\/wp-json\/wp\/v2\/pages\/5365"}],"collection":[{"href":"https:\/\/auto-coaching.fr\/index.php\/wp-json\/wp\/v2\/pages"}],"about":[{"href":"https:\/\/auto-coaching.fr\/index.php\/wp-json\/wp\/v2\/types\/page"}],"author":[{"embeddable":true,"href":"https:\/\/auto-coaching.fr\/index.php\/wp-json\/wp\/v2\/users\/1"}],"replies":[{"embeddable":true,"href":"https:\/\/auto-coaching.fr\/index.php\/wp-json\/wp\/v2\/comments?post=5365"}],"version-history":[{"count":9,"href":"https:\/\/auto-coaching.fr\/index.php\/wp-json\/wp\/v2\/pages\/5365\/revisions"}],"predecessor-version":[{"id":5676,"href":"https:\/\/auto-coaching.fr\/index.php\/wp-json\/wp\/v2\/pages\/5365\/revisions\/5676"}],"wp:attachment":[{"href":"https:\/\/auto-coaching.fr\/index.php\/wp-json\/wp\/v2\/media?parent=5365"}],"curies":[{"name":"wp","href":"https:\/\/api.w.org\/{rel}","templated":true}]}}