{"id":5575,"date":"2019-06-17T10:31:34","date_gmt":"2019-06-17T08:31:34","guid":{"rendered":"http:\/\/auto-coaching.fr\/?page_id=5575"},"modified":"2019-06-17T10:37:14","modified_gmt":"2019-06-17T08:37:14","slug":"recapitulatif-non","status":"publish","type":"page","link":"https:\/\/auto-coaching.fr\/index.php\/recapitulatif-non\/","title":{"rendered":"D\u00e9sactivation du r\u00e9capitulatif hebdomadaire"},"content":{"rendered":"<!--themify_builder_content-->\n<div id=\"themify_builder_content-5575\" data-postid=\"5575\" class=\"themify_builder_content themify_builder_content-5575 themify_builder tf_clear\">\n    <\/div>\n<!--\/themify_builder_content-->\n\n\n<p>Vous venez de d\u00e9sactiver l&#8217;option du r\u00e9capitulatif hebdomadaire. <strong>Ceci active automatiquement les notifications apr\u00e8s chaque publication<\/strong>.  Vous pourrez ainsi d\u00e9couvrir ces articles ou ces vid\u00e9os aussit\u00f4t publi\u00e9es. Nous vous invitons \u00e0 les commenter afin de participer \u00e0 l&#8217;animation. Vous pourrez \u00e9galement activer un suivi des commentaires et des sous-commentaires afin de participer \u00e0 une discussion qui vous para\u00eet plus pertinente que les autres. <\/p>\n\n\n\n<p>Toutes ces options son r\u00e9versibles<\/p>\n\n\n\n<p>Merci pour votre action, et A++<\/p>\n\n\n\n<p><strong>St\u00e9phane SOLOMON<\/strong><\/p>","protected":false},"excerpt":{"rendered":"<p>Vous venez de d\u00e9sactiver l&#8217;option du r\u00e9capitulatif hebdomadaire. Ceci active automatiquement les notifications apr\u00e8s chaque publication. Vous pourrez ainsi d\u00e9couvrir ces articles ou ces vid\u00e9os aussit\u00f4t publi\u00e9es. Nous vous invitons \u00e0 les commenter afin de participer \u00e0 l&#8217;animation. Vous pourrez \u00e9galement activer un suivi des commentaires et des sous-commentaires afin de participer \u00e0 une discussion [&hellip;]<\/p>\n","protected":false},"author":1,"featured_media":0,"parent":0,"menu_order":0,"comment_status":"closed","ping_status":"closed","template":"","meta":[],"builder_content":"","_links":{"self":[{"href":"https:\/\/auto-coaching.fr\/index.php\/wp-json\/wp\/v2\/pages\/5575"}],"collection":[{"href":"https:\/\/auto-coaching.fr\/index.php\/wp-json\/wp\/v2\/pages"}],"about":[{"href":"https:\/\/auto-coaching.fr\/index.php\/wp-json\/wp\/v2\/types\/page"}],"author":[{"embeddable":true,"href":"https:\/\/auto-coaching.fr\/index.php\/wp-json\/wp\/v2\/users\/1"}],"replies":[{"embeddable":true,"href":"https:\/\/auto-coaching.fr\/index.php\/wp-json\/wp\/v2\/comments?post=5575"}],"version-history":[{"count":6,"href":"https:\/\/auto-coaching.fr\/index.php\/wp-json\/wp\/v2\/pages\/5575\/revisions"}],"predecessor-version":[{"id":5587,"href":"https:\/\/auto-coaching.fr\/index.php\/wp-json\/wp\/v2\/pages\/5575\/revisions\/5587"}],"wp:attachment":[{"href":"https:\/\/auto-coaching.fr\/index.php\/wp-json\/wp\/v2\/media?parent=5575"}],"curies":[{"name":"wp","href":"https:\/\/api.w.org\/{rel}","templated":true}]}}