{"id":5681,"date":"2019-07-07T20:15:14","date_gmt":"2019-07-07T18:15:14","guid":{"rendered":"http:\/\/auto-coaching.fr\/?page_id=5681"},"modified":"2019-07-16T23:09:28","modified_gmt":"2019-07-16T21:09:28","slug":"webinaire-lpdd190716","status":"publish","type":"page","link":"https:\/\/auto-coaching.fr\/index.php\/webinaire-lpdd190716\/","title":{"rendered":"Webinaire : La prise de d\u00e9cision"},"content":{"rendered":"<p> Si vous souhaitez poser des questions ou participer, il est pr\u00e9f\u00e9rable de le faire <strong><a href=\"https:\/\/www.youtube.com\/watch?v=Qqpau_P2enU\">directement sur Youtube<\/a><\/strong>, en vous connectant <strong>avec votre compte gmail<\/strong>. <\/p>\n\n\n\n<figure class=\"wp-block-embed\"><div class=\"wp-block-embed__wrapper\">\n<div class=\"post-video\"><iframe loading=\"lazy\" title=\"Prise  de d\u00e9cision - la suite !\" width=\"1165\" height=\"655\" src=\"https:\/\/www.youtube.com\/embed\/-CF-KEjDYLE?feature=oembed\" frameborder=\"0\" allow=\"accelerometer; autoplay; clipboard-write; encrypted-media; gyroscope; picture-in-picture\" allowfullscreen><\/iframe><\/div>\n<\/div><\/figure>\n\n\n\n<p>\n\nSi vous n&#8217;avez pas de compte gmail, vous pouvez commenter ci-dessous :\n\n<\/p>\n\n<!--themify_builder_content-->\n<div id=\"themify_builder_content-5681\" data-postid=\"5681\" class=\"themify_builder_content themify_builder_content-5681 themify_builder tf_clear\">\n    <\/div>\n<!--\/themify_builder_content-->","protected":false},"excerpt":{"rendered":"<p>Si vous souhaitez poser des questions ou participer, il est pr\u00e9f\u00e9rable de le faire directement sur Youtube, en vous connectant avec votre compte gmail. Si vous n&#8217;avez pas de compte gmail, vous pouvez commenter ci-dessous :<\/p>\n","protected":false},"author":1,"featured_media":0,"parent":0,"menu_order":0,"comment_status":"open","ping_status":"closed","template":"","meta":[],"builder_content":"","_links":{"self":[{"href":"https:\/\/auto-coaching.fr\/index.php\/wp-json\/wp\/v2\/pages\/5681"}],"collection":[{"href":"https:\/\/auto-coaching.fr\/index.php\/wp-json\/wp\/v2\/pages"}],"about":[{"href":"https:\/\/auto-coaching.fr\/index.php\/wp-json\/wp\/v2\/types\/page"}],"author":[{"embeddable":true,"href":"https:\/\/auto-coaching.fr\/index.php\/wp-json\/wp\/v2\/users\/1"}],"replies":[{"embeddable":true,"href":"https:\/\/auto-coaching.fr\/index.php\/wp-json\/wp\/v2\/comments?post=5681"}],"version-history":[{"count":11,"href":"https:\/\/auto-coaching.fr\/index.php\/wp-json\/wp\/v2\/pages\/5681\/revisions"}],"predecessor-version":[{"id":5784,"href":"https:\/\/auto-coaching.fr\/index.php\/wp-json\/wp\/v2\/pages\/5681\/revisions\/5784"}],"wp:attachment":[{"href":"https:\/\/auto-coaching.fr\/index.php\/wp-json\/wp\/v2\/media?parent=5681"}],"curies":[{"name":"wp","href":"https:\/\/api.w.org\/{rel}","templated":true}]}}