{"id":603,"date":"2013-05-07T06:30:28","date_gmt":"2013-05-07T06:30:28","guid":{"rendered":"http:\/\/www.auto-coaching.fr\/?page_id=603"},"modified":"2013-07-07T21:59:47","modified_gmt":"2013-07-07T19:59:48","slug":"breve-j-ai-la-peche","status":"publish","type":"page","link":"https:\/\/auto-coaching.fr\/index.php\/breve-j-ai-la-peche\/","title":{"rendered":"Br&egrave;ve : J&rsquo;ai la p&ecirc;che !"},"content":{"rendered":"<p>La nuit derni\u00e8re, je me suis couch\u00e9 \u00e0 2h00 du matin. J&#8217;ai dormi seulement 4 heures, car j&#8217;avais un document urgent \u00e0 terminer pour le matin m\u00eame. Ensuite j&#8217;ai encha\u00een\u00e9 une demi-journ\u00e9e de travail, puis 8 heures de plus. Et pourtant, le soir, j&#8217;avais la p\u00eache ! J\u2019ai trouv\u00e9 le temps de jouer au Dobble avec mes enfants qui sont en vacances en ce moment, et j\u2019ai pu m\u2019occuper de quelques t\u00e2ches administratives non urgentes, mais importantes&#8230; J\u2019\u00e9tais motiv\u00e9 !<\/p>\n<h2>Pourquoi ?<\/h2>\n<p>En rentrant le soir, j\u2019ai vu que 62 lecteurs de TIME-COACH se sont inscrits \u00e0 <a href=\"http:\/\/www.inscription-minute.fr\/solution.aspx?code=MA29IN07&amp;origine=LaPeche\">MOTIVATION++<\/a>. Je voudrais les remercier de tout c\u0153ur, et surtout les f\u00e9liciter parce qu&#8217;ils ont r\u00e9pondu \u00e0 un style de Communication tr\u00e8s controvers\u00e9. Rappelez-vous du principal argument de vente :<\/p>\n<blockquote><p>Inscrivez-vous parce que j&#8217;en suis l&#8217;auteur,<br \/>\net que vous \u00eates mes fans !<\/p><\/blockquote>\n<p>O\u00f9 ces 62 lecteurs ont-ils trouv\u00e9 la motivation de s&#8217;inscrire ? C&#8217;est la question que je leur ai pos\u00e9e imm\u00e9diatement apr\u00e8s l&#8217;inscription. Ca nous fait une bonne intro sur la motivation et ses leviers. J&#8217;ai obtenu 17 commentaires tr\u00e8s int\u00e9ressants, qui m&#8217;ont tous fait plaisir. Mais il y a une r\u00e9action qui a d\u00e9pass\u00e9 mes attentes, et qui est la source de ce surcroit de motivation. Marie m\u2019a \u00e9crit ceci :<\/p>\n<p><em>Je me suis inscrite imm\u00e9diatement \u00e0 ce nouveau programme, et pourtant je ne me reconnais pas dans le terme de FAN dont l\u2019aspect \u00ab admirateur inconditionnel et fanatique \u00bb me para\u00eet excessif. Mais je ne me suis pas arr\u00eat\u00e9e \u00e0 \u00e7a, car je sais que tous vos programmes, m\u00eame si c\u2019est \u00e0 des degr\u00e9s divers, m\u2019ont toujours apport\u00e9 quelque chose, m\u2019ont permis une prise de conscience et une \u00e9volution positive pour moi. Leur lecture, (et leur relecture de temps en temps) est toujours utile et int\u00e9ressante. Donc, j\u2019assume, et encore une fois, je vous fais confiance !!<\/em><\/p>\n<p>Je viens de relire le t\u00e9moignage de Marie apr\u00e8s mon copier-coller, et je suis encore dans l\u2019\u00e9motion&#8230; Ca me redonne de l\u2019enthousiasme ce matin, et il y a des chances que je le relise encore et encore, car j\u2019aime r\u00e9p\u00e9ter ce qui me r\u00e9ussit :<\/p>\n<p>Dans ce texte, il y a <strong>une phrase qui rayonne<\/strong> et qui donne de l\u2019Energie \u00e0 tout le reste. Elle est pleine de SENS, et vous savez \u00e0 quel point j&#8217;aime \u00e9crire ce mot en majuscules&#8230;<\/p>\n<p style=\"text-align: center; margin: 24px auto 12px; font-size: 16pt;\">Marie, je suis fan de vous !<\/p>\n<p>A++<\/p>\n<p><strong>St\u00e9phane SOLOMON<\/strong><\/p>\n<p>Petit exercice matinal : \u00e0 votre avis, quelle phrase augmente mon dynamisme et ma motivation dans le commentaire de Marie ? Vous pouvez r\u00e9pondre en commentant ci-dessous.<\/p>\n<!--themify_builder_content-->\n<div id=\"themify_builder_content-603\" data-postid=\"603\" class=\"themify_builder_content themify_builder_content-603 themify_builder tf_clear\">\n    <\/div>\n<!--\/themify_builder_content-->\n","protected":false},"excerpt":{"rendered":"<p>La nuit derni\u00e8re, je me suis couch\u00e9 \u00e0 2h00 du matin. J&#8217;ai dormi seulement 4 heures, car j&#8217;avais un document urgent \u00e0 terminer pour le matin m\u00eame. Ensuite j&#8217;ai encha\u00een\u00e9 une demi-journ\u00e9e de travail, puis 8 heures de plus. Et pourtant, le soir, j&#8217;avais la p\u00eache ! J\u2019ai trouv\u00e9 le temps de jouer au Dobble [&hellip;]<\/p>\n","protected":false},"author":1,"featured_media":0,"parent":0,"menu_order":0,"comment_status":"open","ping_status":"open","template":"","meta":[],"builder_content":"","_links":{"self":[{"href":"https:\/\/auto-coaching.fr\/index.php\/wp-json\/wp\/v2\/pages\/603"}],"collection":[{"href":"https:\/\/auto-coaching.fr\/index.php\/wp-json\/wp\/v2\/pages"}],"about":[{"href":"https:\/\/auto-coaching.fr\/index.php\/wp-json\/wp\/v2\/types\/page"}],"author":[{"embeddable":true,"href":"https:\/\/auto-coaching.fr\/index.php\/wp-json\/wp\/v2\/users\/1"}],"replies":[{"embeddable":true,"href":"https:\/\/auto-coaching.fr\/index.php\/wp-json\/wp\/v2\/comments?post=603"}],"version-history":[{"count":7,"href":"https:\/\/auto-coaching.fr\/index.php\/wp-json\/wp\/v2\/pages\/603\/revisions"}],"predecessor-version":[{"id":740,"href":"https:\/\/auto-coaching.fr\/index.php\/wp-json\/wp\/v2\/pages\/603\/revisions\/740"}],"wp:attachment":[{"href":"https:\/\/auto-coaching.fr\/index.php\/wp-json\/wp\/v2\/media?parent=603"}],"curies":[{"name":"wp","href":"https:\/\/api.w.org\/{rel}","templated":true}]}}