{"id":623,"date":"2013-05-14T20:44:01","date_gmt":"2013-05-14T18:44:01","guid":{"rendered":"http:\/\/www.auto-coaching.fr\/?page_id=623"},"modified":"2013-05-14T20:59:40","modified_gmt":"2013-05-14T18:59:40","slug":"motivation-reporte-d-une-semaine","status":"publish","type":"page","link":"https:\/\/auto-coaching.fr\/index.php\/motivation-reporte-d-une-semaine\/","title":{"rendered":"Motivation++ report&eacute; d&rsquo;une semaine"},"content":{"rendered":"<p>Suite \u00e0 un probl\u00e8me de sant\u00e9 (b\u00e9nin, mais il fallait s&#8217;en assurer), je n&#8217;ai pas pu lancer mon atelier sur la motivation comme pr\u00e9vu le lundi 13 mai. J&#8217;ai d\u00e9cid\u00e9 de le reporter d&#8217;une semaine, afin de revenir en force.  <\/p>\n<p>L&#8217;atelier est donc report\u00e9 au 20\/05\/2013.  <\/p>\n<p>Je tiens \u00e0 \u00eatre pr\u00e9sent pendant les deux semaines de l&#8217;atelier, car il y aura des questions, des commentaires, des demandes de pr\u00e9cision, des reformulations, qui n\u00e9cessitent une pr\u00e9sence \u00e9nergique de l&#8217;animateur tout au long du programme. C&#8217;est pourquoi cet atelier n&#8217;est pas propos\u00e9 toutes les semaines.  <\/p>\n<p>Bien s\u00fbr, je m&#8217;interroge sur les raisons pour lesquelles je n&#8217;ai pas pu commencer hier, comme pr\u00e9vu. Pourquoi ce malaise (Vertige paroxystique positionnel b\u00e9nin) est apparu juste le jour du lancement, et m&#8217;a vid\u00e9 des Energies essentielles \u00e0 l&#8217;action ? Un peu comme un orateur qui aurait une extinction de voix le matin de sa conf\u00e9rence.  <\/p>\n<p>Je vais avancer une explication. Mais ce qui pr\u00e9vaut avant tout pour vous, ici et maintenant, c&#8217;est qu&#8217;il vous est encore possible de vous inscrire :  <\/p>\n<p><a href=\"http:\/\/www.inscription-minute.fr\/solution.aspx?code=MA29IN07&amp;origine=MotivationReport\"><img decoding=\"async\" style=\"display: block; float: none; margin-left: auto; margin-right: auto\" alt=\"Inscrivez-vous !\" src=\"http:\/\/www.inscription-minute.fr\/adherents\/inscrivez-vous.gif\"><\/a>  <\/p>\n<p>On me demande parfois si cette fa\u00e7on de donner du sens n&#8217;est pas un peu na\u00efve, une sorte de pens\u00e9e positive biais\u00e9e&#8230; Puisqu&#8217;il ya un probl\u00e8me, profitons-en !  <\/p>\n<p>La pens\u00e9e positive est effectivement une pens\u00e9e biais\u00e9e, au m\u00eame titre que la pens\u00e9e n\u00e9gative. J&#8217;ai choisi la premi\u00e8re forme, et comme j&#8217;ai longtemps \u00e9t\u00e9 adepte de la deuxi\u00e8me, je peux comparer, et appr\u00e9cier mon choix.  <\/p>\n<p>En ce qui concerne la na\u00efvet\u00e9 apparente qui semble se fier au paradigme \u00able malheur des uns fait le bonheur des autres\u00bb, c&#8217;est loin d&#8217;\u00eatre aussi simple. En profondeur, je pense que ma fa\u00e7on de communiquer autour de ce nouveau programme n&#8217;a pas permis \u00e0 certaines personnes de s&#8217;y inscrire. J&#8217;ai ferm\u00e9 les portes au lieu de les ouvrir. Satisfait d&#8217;avoir atteint mon seuil de rentabilit\u00e9 avec mes clients habituels, je n&#8217;ai pas cherch\u00e9 \u00e0 convaincre davantage. Ce n&#8217;est pas congruent avec ma qu\u00eate d&#8217;utilit\u00e9.  <\/p>\n<p>Ca manque d&#8217;harmonie, et \u00e7a peut se manifester physiquement par des douleurs, de la fatigue, des vertiges&#8230;  <\/p>\n<h4>Approche holistique<\/h4>\n<p>Le corps et l&#8217;esprit forment un tout indissociable. Un conflit int\u00e9rieur peut se manifester physiquement. Il y a 50 ans, ceux qui en parlaient \u00e9taient trait\u00e9s de charlatans ou de mystiques. Aujourd&#8217;hui la m\u00e9decine holistique est \u00e9tudi\u00e9e en facult\u00e9.  <\/p>\n<p>Pour que ma communication soit utile, je devrais tenter au moins 12 approches diff\u00e9rentes, afin de convaincre diff\u00e9rents types de personnalit\u00e9s, de sensibilit\u00e9s et d&#8217;intelligences. Lass\u00e9 par des critiques r\u00e9centes, <strong>je n&#8217;\u00e9tais pas assez motiv\u00e9<\/strong> pour aller plus loin. Avais-je ma place dans cet atelier sur la motivation, cette semaine ?  <\/p>\n<p>Visiblement, je ne m&#8217;y suis pas autoris\u00e9 !  <\/p>\n<p>Ce sera pour la semaine prochaine.  <\/p>\n<p>Bien \u00e0 vous,  <\/p>\n<p>St\u00e9phane<\/p>\n<!--themify_builder_content-->\n<div id=\"themify_builder_content-623\" data-postid=\"623\" class=\"themify_builder_content themify_builder_content-623 themify_builder tf_clear\">\n    <\/div>\n<!--\/themify_builder_content-->\n","protected":false},"excerpt":{"rendered":"<p>Suite \u00e0 un probl\u00e8me de sant\u00e9 (b\u00e9nin, mais il fallait s&#8217;en assurer), je n&#8217;ai pas pu lancer mon atelier sur la motivation comme pr\u00e9vu le lundi 13 mai. J&#8217;ai d\u00e9cid\u00e9 de le reporter d&#8217;une semaine, afin de revenir en force. L&#8217;atelier est donc report\u00e9 au 20\/05\/2013. Je tiens \u00e0 \u00eatre pr\u00e9sent pendant les deux semaines [&hellip;]<\/p>\n","protected":false},"author":1,"featured_media":0,"parent":0,"menu_order":0,"comment_status":"open","ping_status":"open","template":"","meta":[],"builder_content":"","_links":{"self":[{"href":"https:\/\/auto-coaching.fr\/index.php\/wp-json\/wp\/v2\/pages\/623"}],"collection":[{"href":"https:\/\/auto-coaching.fr\/index.php\/wp-json\/wp\/v2\/pages"}],"about":[{"href":"https:\/\/auto-coaching.fr\/index.php\/wp-json\/wp\/v2\/types\/page"}],"author":[{"embeddable":true,"href":"https:\/\/auto-coaching.fr\/index.php\/wp-json\/wp\/v2\/users\/1"}],"replies":[{"embeddable":true,"href":"https:\/\/auto-coaching.fr\/index.php\/wp-json\/wp\/v2\/comments?post=623"}],"version-history":[{"count":6,"href":"https:\/\/auto-coaching.fr\/index.php\/wp-json\/wp\/v2\/pages\/623\/revisions"}],"predecessor-version":[{"id":629,"href":"https:\/\/auto-coaching.fr\/index.php\/wp-json\/wp\/v2\/pages\/623\/revisions\/629"}],"wp:attachment":[{"href":"https:\/\/auto-coaching.fr\/index.php\/wp-json\/wp\/v2\/media?parent=623"}],"curies":[{"name":"wp","href":"https:\/\/api.w.org\/{rel}","templated":true}]}}