{"id":633,"date":"2013-05-17T15:53:45","date_gmt":"2013-05-17T13:53:45","guid":{"rendered":"http:\/\/www.auto-coaching.fr\/?page_id=633"},"modified":"2013-07-24T10:27:39","modified_gmt":"2013-07-24T08:27:39","slug":"dans-la-joie-et-la-bonne-humeur","status":"publish","type":"page","link":"https:\/\/auto-coaching.fr\/index.php\/dans-la-joie-et-la-bonne-humeur\/","title":{"rendered":"Dans la joie et la bonne humeur"},"content":{"rendered":"<p>Imaginez un lieu o\u00f9 tout le monde peut s&#8217;exprimer positivement et avec bienveillance. Un endroit agr\u00e9able, comme un salon de th\u00e9 qui r\u00e9unit chaque jour, pendant quelques minutes des personnes qui veulent intervenir autour d&#8217;une th\u00e9matique pr\u00e9alablement expos\u00e9e.<\/p>\n<p>Par exemple, suite \u00e0 un article intitul\u00e9 \u00abLe r\u00e9veil positif\u00bb, une personne prend la parole, et t\u00e9moigne qu&#8217;elle ne parvient pas \u00e0 se r\u00e9veiller le matin, que ce sont ses enfants qui la poussent hors du lit, et qu&#8217;elle les emm\u00e8ne presque syst\u00e9matiquement en retard \u00e0 l&#8217;\u00e9cole, provoquant un stress apparent. (ce n&#8217;est qu&#8217;un exemple).<\/p>\n<p>Il y a 2 types de salons :<\/p>\n<ul>\n<li>Le salon o\u00f9 elle va se faire remonter les bretelles : \u00abmais enfin, une maman doit se lever avant ses petits, ce n&#8217;est pas une option : toute m\u00e8re se sacrifie pour ses enfants ! Si tu ne le fais pas c&#8217;est que tu ne les aimes pas ! Les enfants ne sont pas des poup\u00e9es avec lesquelles on joue les premi\u00e8res ann\u00e9es et qu&#8217;on abandonne d\u00e8s qu&#8217;il faut s&#8217;en occuper plus s\u00e9rieusement. C&#8217;est honteux de vivre comme \u00e7a, on devrait d\u00e9livrer un permis de parentalit\u00e9 ! Il y a des gens qui ne sont pas faits pour \u00e7a ! Etc.\u00bb.\n<li>Le salon o\u00f9 elle trouvera une certaine compr\u00e9hension : \u00abJ&#8217;ai v\u00e9cu \u00e7a pendant des ann\u00e9es, mais je m&#8217;en suis sortie. Aujourd&#8217;hui je me l\u00e8ve tous les matins pour pr\u00e9parer un petit d\u00e9jeuner \u00e0 mes enfants, et j&#8217;adore \u00e7a ! Les 20 premi\u00e8res minutes sont automatiques, donc je ne sens plus ni effort, ni fatigue. Je me sens guid\u00e9e&#8230; Ensuite, je commence \u00e0 \u00e9merger, pr\u00eate \u00e0 guider mes enfants \u00e0 mon tour. J&#8217;appr\u00e9cie chaque seconde que je passe avec eux avant de les emmener tranquillement \u00e0 l&#8217;\u00e9cole. J&#8217;ai tout de suite senti la diff\u00e9rence sur les r\u00e9sultats scolaires, alors qu&#8217;avant je les reprochais aux enseignants. La musique m&#8217;a beaucoup aid\u00e9e pour me r\u00e9veiller les premiers jours. Si tu veux, je peux t&#8217;en dire plus. Et je peux m\u00eame te passer un coup de fil matinal pour t&#8217;accompagner les 21 premiers jours. Ca me fera plaisir : pour toi et pour ta famille. <\/li>\n<\/ul>\n<p>Selon moi, le \u00absalon remonte-bretelles\u00bb n&#8217;est pas efficace ! Je ne sais pas ce que vous en pensez, mais personnellement, m\u00eame si on me payait je ne l&#8217;animerais pas. J&#8217;irais m\u00eame plus loin : m\u00eame si on me PWYW \u00e0 un taux de 80%, je n&#8217;y mettrais pas les pieds ! C&#8217;est dire&#8230;<\/p>\n<p>Le deuxi\u00e8me salon est le salon de la chaleur humaine. Si on me demandait de l&#8217;animer, j&#8217;y proposerais une th\u00e9matique chaque matin, et je laisserais les participants commenter, poser des questions, cr\u00e9er des liens, t\u00e9moigner&#8230; tout en suivant un programme et un rythme qui m\u00e8ne vers le d\u00e9passement de soi. Les participants y entreront dans la joie, et en sortiront de bonne humeur. Bien que les sujets soient profonds, chacun saura que s&#8217;insurger les uns contre les autres, ou contre le \u00absyst\u00e8me\u00bb n&#8217;apportera rien. Que la solution est dans l&#8217;action !<\/p>\n<p>On peut toujours objecter : \u00abMais \u00e7a infantilise les gens de leur tenir la main !\u00bb<\/p>\n<p>Je pense que c\u2019est plut\u00f4t la premi\u00e8re m\u00e9thode qui infantilise : la personne qui r\u00e9agit agressivement dit ceci : \u00abpuisque tu n&#8217;es pas une bonne m\u00e8re, \u00e9coute-moi : je suis une vraie m\u00e8re, et je sais mieux que toi !\u00bb. Nous sommes face \u00e0 un Parent qui s&#8217;adresse \u00e0 un Enfant. C\u2019est malheureusement un sch\u00e9ma courant d\u00e8s qu\u2019une faiblesse est avou\u00e9e.<\/p>\n<p>On peut encore objecter : \u00abAvoir des enfants est une grosse responsabilit\u00e9 qui commence t\u00f4t le matin !\u00bb<\/p>\n<p>D&#8217;accord&#8230; Mais en quoi cette v\u00e9rit\u00e9 est-elle contradictoire avec la deuxi\u00e8me approche ? Le fait que cette maman en questionnement entre dans ce salon et prenne la parole, est la manifestation de cette responsabilit\u00e9&#8230; Pourquoi recevrait-elle des coups de b\u00e2tons au moment o\u00f9 elle cherche des solutions ? N&#8217;est-ce pas une fa\u00e7on de l&#8217;\u00e9loigner, de l&#8217;isoler dans un coin avec un bonnet d&#8217;\u00e2ne ?<\/p>\n<p>Le salon MOTIVATION++ n&#8217;agite ni carotte ni b\u00e2ton. Il propose un accompagnement qui m\u00e8ne vers la motivation int\u00e9rieure : une approche inconnue de la plupart des \u00abmotivateurs\u00bb qui croient qu&#8217;il n&#8217;y a que deux fa\u00e7ons de motiver ou de se motiver. Or il y en a beaucoup d&#8217;autres, bas\u00e9es sur l&#8217;\u00e9veil du monde int\u00e9rieur. D\u00e9couvrez-les :<\/p>\n<p><a href=\"http:\/\/www.inscription-minute.fr\/solution.aspx?code=MA29IN07&amp;origine=blgJoieHumeur\"><img decoding=\"async\" style=\"border-bottom: 0px; border-left: 0px; display: block; float: none; margin-left: auto; border-top: 0px; margin-right: auto; border-right: 0px\" border=\"0\" alt=\"Inscrivez-vous !\" src=\"http:\/\/www.inscription-minute.fr\/adherents\/inscrivez-vous.gif\"><\/a>  <\/p>\n<p>Les r\u00e9compenses ou les punitions venues d&#8217;ailleurs ont un effet imm\u00e9diat et \u00e9ph\u00e9m\u00e8re, qui ne maintient pas l&#8217;\u00e9nergie initiale. Elles entrainent une surench\u00e8re o\u00f9 la carotte et le b\u00e2ton finissent par produire un effet addictif :<\/p>\n<ul>\n<li>Je vais le faire, mais j\u2019y gagne quoi ?\n<li>Et qu\u2019est-ce que je risque si je ne le fais pas ? <\/li>\n<\/ul>\n<blockquote>\n<p>La motivation la plus efficace et la plus p\u00e9renne se trouve \u00e0 l&#8217;int\u00e9rieur de vous. Ces questions, vous pouvez y r\u00e9pondre vous-m\u00eame, quitte \u00e0 les reformuler.<\/p>\n<\/blockquote>\n<p>MOTIVATION++ est un lieu d&#8217;\u00e9change et de partage agr\u00e9able o\u00f9 chacun se sent chez lui, ni juge, ni jug\u00e9. Un atelier \u00e9pistolaire anim\u00e9 pendant 2 semaines par un professionnel de l&#8217;accompagnement, mandat\u00e9 par des personnes qui veulent transformer leur quotidien sans bouleverser leur vie.<\/p>\n<p>Parce qu&#8217;ils aiment leur vie !<\/p>\n<p>Rejoignez-nous pendant 2 semaines :<\/p>\n<p><a href=\"http:\/\/www.inscription-minute.fr\/solution.aspx?code=MA29IN07&amp;origine=blgJoieHumeur\"><img decoding=\"async\" style=\"border-bottom: 0px; border-left: 0px; display: block; float: none; margin-left: auto; border-top: 0px; margin-right: auto; border-right: 0px\" border=\"0\" alt=\"Inscrivez-vous !\" src=\"http:\/\/www.inscription-minute.fr\/adherents\/inscrivez-vous.gif\"><\/a>  <\/p>\n<p>A++<\/p>\n<p><strong>St\u00e9phane SOLOMON<\/strong><\/p>\n<p>PS : Si vous avez des questions pr\u00e9alables, il et encore temps de les poser. Ca commence lundi.<\/p>\n<!--themify_builder_content-->\n<div id=\"themify_builder_content-633\" data-postid=\"633\" class=\"themify_builder_content themify_builder_content-633 themify_builder tf_clear\">\n    <\/div>\n<!--\/themify_builder_content-->\n","protected":false},"excerpt":{"rendered":"<p>Imaginez un lieu o\u00f9 tout le monde peut s&#8217;exprimer positivement et avec bienveillance. Un endroit agr\u00e9able, comme un salon de th\u00e9 qui r\u00e9unit chaque jour, pendant quelques minutes des personnes qui veulent intervenir autour d&#8217;une th\u00e9matique pr\u00e9alablement expos\u00e9e. Par exemple, suite \u00e0 un article intitul\u00e9 \u00abLe r\u00e9veil positif\u00bb, une personne prend la parole, et t\u00e9moigne [&hellip;]<\/p>\n","protected":false},"author":1,"featured_media":0,"parent":0,"menu_order":0,"comment_status":"open","ping_status":"open","template":"","meta":[],"builder_content":"","_links":{"self":[{"href":"https:\/\/auto-coaching.fr\/index.php\/wp-json\/wp\/v2\/pages\/633"}],"collection":[{"href":"https:\/\/auto-coaching.fr\/index.php\/wp-json\/wp\/v2\/pages"}],"about":[{"href":"https:\/\/auto-coaching.fr\/index.php\/wp-json\/wp\/v2\/types\/page"}],"author":[{"embeddable":true,"href":"https:\/\/auto-coaching.fr\/index.php\/wp-json\/wp\/v2\/users\/1"}],"replies":[{"embeddable":true,"href":"https:\/\/auto-coaching.fr\/index.php\/wp-json\/wp\/v2\/comments?post=633"}],"version-history":[{"count":10,"href":"https:\/\/auto-coaching.fr\/index.php\/wp-json\/wp\/v2\/pages\/633\/revisions"}],"predecessor-version":[{"id":777,"href":"https:\/\/auto-coaching.fr\/index.php\/wp-json\/wp\/v2\/pages\/633\/revisions\/777"}],"wp:attachment":[{"href":"https:\/\/auto-coaching.fr\/index.php\/wp-json\/wp\/v2\/media?parent=633"}],"curies":[{"name":"wp","href":"https:\/\/api.w.org\/{rel}","templated":true}]}}