{"id":766,"date":"2013-07-19T21:25:47","date_gmt":"2013-07-19T19:25:47","guid":{"rendered":"http:\/\/www.auto-coaching.fr\/?page_id=766"},"modified":"2013-07-24T10:24:34","modified_gmt":"2013-07-24T08:24:34","slug":"la-peur-des-consequences","status":"publish","type":"page","link":"https:\/\/auto-coaching.fr\/index.php\/la-peur-des-consequences\/","title":{"rendered":"La peur des cons&eacute;quences"},"content":{"rendered":"<p>\u00abLA PEAU DE BANANE\u00bb a enregistr\u00e9 aujourd&#8217;hui son 336\u00e8me adh\u00e9rent ! Comme quoi, la communication donne des r\u00e9sultats m\u00eame en plein juillet. Alors continuons ! Voici un message qui m\u2019a \u00e9t\u00e9 envoy\u00e9 la semaine derni\u00e8re :<\/p>\n<p>&#8212;&#8212;&#8212;&#8212;&#8212;&#8212;&#8212;<\/p>\n<p><em>St\u00e9phane,<\/em><\/p>\n<p><em>J&#8217;ai tr\u00e8s envie de m&#8217;inscrire \u00e0 la peau de banane, mais j&#8217;ai un peu honte de sauter sur un programme gratuit alors que je n&#8217;ai jamais adh\u00e9r\u00e9 \u00e0 vos programmes payants. Ca pourrait vous donner l&#8217;impression que je ne m&#8217;int\u00e9resse qu&#8217;\u00e0 ce qui est gratuit. Je me suis m\u00eame demand\u00e9 si vous avez cr\u00e9\u00e9 ce programme pour rep\u00e9rer les gens comme moi, afin de leur envoyer des messages culpabilisants.<\/em><\/p>\n<p><em>Je n\u2019irai pas jusqu\u2019\u00e0 dire que j\u2019ai peur de vous, mais je me m\u00e9fie un peu de votre marketing.<\/em><\/p>\n<p><em>Merci d\u2019avance pour votre r\u00e9ponse,<\/em><\/p>\n<p><em>Nicolas<\/em><\/p>\n<p>&#8212;&#8212;&#8212;&#8211;<\/p>\n<p>Waouw ! Avec un tel courrier, je pourrais \u00e9crire un livre entier sur l\u2019antith\u00e8se du D\u00e9veloppement Personnel. Nicolas a besoin d\u2019un coup de main ou d\u2019un sacr\u00e9 coup de pied au cul, et il le demande en plus !<\/p>\n<p>En dehors de \u00abla peur de moi\u00bb (c\u2019est quand-m\u00eame \u00e9crit !), je rel\u00e8ve deux peurs exprim\u00e9es en filigrane :<\/p>\n<ul>\n<li>La peur des cons\u00e9quences de ses actes (ce sera notre sujet du jour)\n<li>La peur d\u2019\u00eatre jug\u00e9 (c\u2019est pour la prochaine fois) <\/li>\n<\/ul>\n<h2>La peur des cons\u00e9quences de ses actes<\/h2>\n<p>Cette peur est le propre du procrastinateur. Il s\u2019agit d\u2019un \u00e9norme probl\u00e8me de confiance en soi, car vous le savez : quoi que vous fassiez, il y aura des cons\u00e9quences \u00e0 g\u00e9rer. Le tout est de savoir comment vous g\u00e9rerez les cons\u00e9quences b\u00e9n\u00e9fiques, et comment vous ferez face au n\u00e9gatif. <strong>Qu\u2019est-ce qui vous atteindra le plus ?<\/strong><\/p>\n<p>Par exemple, la plupart des gens qui ne veulent pas acheter sur Internet vous diront que le syst\u00e8me n\u2019est pas assez s\u00e9curis\u00e9. Ils ont peur des cons\u00e9quences d\u2019un tel acte, et disent que c\u2019est \u00e0 cause du syst\u00e8me qui a trop de failles. Mais en pratique, le syst\u00e8me est s\u00fbr. Ce qui est moins s\u00fbr, c\u2019est la capacit\u00e9 du consommateur \u00e0 faire face aux \u00e9ventuels probl\u00e8mes :<\/p>\n<ul>\n<li>Un dysfonctionnement lors du paiement \u00e9lectronique est toujours possible et votre banquier est l\u00e0 pour vous assister dans les d\u00e9marches. Mais si vous vous sentez mal \u00e0 l\u2019aise face \u00e0 votre banquier, vous pr\u00e9f\u00e9rerez perdre la somme plut\u00f4t que de lui en parler&#8230; Ne vous trompez pas de cible ! Changez de banquier, et bon web-shopping !\n<li>Certaines personnes se sentent incapables de retourner un produit qui ne les satisfait pas, alors que c\u2019est tout \u00e0 fait leur droit. C\u2019est donc bien un probl\u00e8me de confiance en soi : en sa propre capacit\u00e9 \u00e0 g\u00e9rer l\u2019insatisfaction&#8230;\n<li>A l\u2019inverse, un consommateur qui connait bien les r\u00e8gles de la Vente Par Correspondance, et qui se sent capable de les appliquer, pourra acheter tout ce qui l\u2019inspire m\u00eame si l\u2019estampille \u00abSATISFAIT OU REMBOURSE\u00bb est absente. Il SAIT que la r\u00e9glementation l\u2019exige et que le vendeur s\u2019y astreindra. Il s\u2019assurera simplement qu\u2019il n\u2019a pas \u00e0 faire \u00e0 un vendeur \u00e0 la sauvette ou \u00e0 une soci\u00e9t\u00e9 qui s\u2019est \u00e9tablie \u00e0 l\u2019\u00e9tranger pour \u00e9chapper aux lois fran\u00e7aises. <\/li>\n<\/ul>\n<p>Pensez-y : Lorsque vous avez peur des cons\u00e9quences de vos actes, ne faites pas perdre leur temps aux autres, en inventant des pr\u00e9textes. Trouvez une solution pour <strong>gagner en confiance int\u00e9rieure<\/strong>, ou demandez \u00e0 vos interlocuteurs de vous aider \u00e0 avoir confiance en vous-m\u00eame. L\u2019action ne d\u00e9pend pas des autres, mais de vous. Les cons\u00e9quences, surtout si vous envisagez un <strong>ressenti<\/strong> (honte, culpabilit\u00e9, etc.) d\u00e9pendent aussi de vous !<\/p>\n<h2>La m\u00e9fiance en soi<\/h2>\n<p>Nicolas a peur qu\u2019un nouveau programme gratuit fasse l\u2019objet d\u2019une d\u00e9marche commerciale qui augmentera son sentiment de culpabilit\u00e9. Il soup\u00e7onne m\u00eame une strat\u00e9gie marketing sp\u00e9cialement pr\u00e9vue \u00e0 cet effet.<\/p>\n<p>Je comprends qu\u2019il n\u2019ait pas adh\u00e9r\u00e9&#8230; Je me demande m\u00eame comment il fait pour me supporter !<\/p>\n<p>Dans mes cours et mes conf\u00e9rences, je donne cette d\u00e9finition :<\/p>\n<blockquote>\n<p>La culpabilit\u00e9, c\u2019est de la m\u00e9fiance en soi !<\/p>\n<\/blockquote>\n<p>Nicolas, aura beau tenter de me faire porter le chapeau, en r\u00e9alit\u00e9 il se m\u00e9fie de lui m\u00eame&#8230; Il se sent incapable de g\u00e9rer sa relation avec moi. A chaque fois que je parle d\u2019argent, il se sent coupable d\u2019abuser&#8230; Parall\u00e8lement, il est incapable d&#8217;accepter l\u2019id\u00e9e que ce que je propose puisse avoir une valeur financi\u00e8re. Il ne peut donc pas sortir de la boucle (double-bind).<\/p>\n<p>Nicolas me dit que je pourrais avoir l\u2019impression qu\u2019il ne s\u2019int\u00e9resse qu\u2019au gratuit&#8230; Mais ce n\u2019est pas une \u00abimpression\u00bb, c\u2019est la r\u00e9alit\u00e9 !<\/p>\n<p>Mais pourquoi \u00e7a le d\u00e9range plus que moi ?<\/p>\n<ul>\n<li>Lorsque je propose un programme gratuit, il est tout \u00e0 fait normal d\u2019y adh\u00e9rer gratuitement.\n<li>Lorsque je propose un programme payant, il est tout \u00e0 fait normal de le payer.\n<li>Lorsque je propose un programme o\u00f9 chacun peut payer ce qu\u2019il veut, il est tout \u00e0 fait normal que chacun paye ce qu\u2019il veut. <\/li>\n<\/ul>\n<p>D\u2019un point de vue strictement pragmatique, il est \u00e9vident qu\u2019un programme gratuit attire davantage de monde qu\u2019un programme payant. Comptabiliser ou segmenter ne servirait \u00e0 rien. Il n\u2019y a aucune conclusion \u00e0 tirer, si ce n\u2019est que l\u2019argent est un crit\u00e8re d\u00e9cisionnel.<\/p>\n<p>Quel scoop !<\/p>\n<p>Est-ce que je fais des calculs ? Oui ! Je constate que depuis que je communique autour de la peur d\u2019adh\u00e9rer, j\u2019ai multipli\u00e9 le nombre d\u2019adh\u00e9sions par 3. Certains articles provoquent plus d\u2019adh\u00e9sions que d\u2019autres ou plus de commentaires ou plus de questions&#8230; Ca c\u2019est le genre de calculs que j\u2019aime !<\/p>\n<p>En \u00e9voquant le \u00abgroupe\u00bb qu\u2019il rejoindrait, et du mauvais traitement que je pourrais infliger \u00e0 ce segment de lecteurs, Nicolas fait d\u2019autres types calculs ! Il fait son petit marketing avec mon fichier !<\/p>\n<p>Si Nicolas devait tenir les r\u00eanes de TIME-COACH, il segmenterait probablement son fichier de cette fa\u00e7on. Nicolas n\u2019est pas pr\u00eat pour le marketing du 21\u00e8me si\u00e8cle. Ni en tant que commer\u00e7ant, ni en tant que consommateur.<\/p>\n<h2>Quelles seraient les cons\u00e9quences de votre inscription ?<\/h2>\n<p>Comme je l&#8217;ai \u00e9crit plus haut, Il vous appartiendra de les ressentir !<\/p>\n<p>Avec tous les ressentis que Nicolas s\u2019invente, il est satur\u00e9 ! Il n\u2019a plus de place pour ressentir autre chose. Je ne pense pas qu\u2019une adh\u00e9sion soit possible pour lui en ce moment.<\/p>\n<p>Et pour vous, est-ce le moment ?<\/p>\n<p>Si oui, la liste de tous mes programmes, gratuits et payants, se trouve \u00e0 la fin de ce courrier.<\/p>\n<p>A++<\/p>\n<p><strong>St\u00e9phane SOLOMON<\/strong><\/p>\n<!--themify_builder_content-->\n<div id=\"themify_builder_content-766\" data-postid=\"766\" class=\"themify_builder_content themify_builder_content-766 themify_builder tf_clear\">\n    <\/div>\n<!--\/themify_builder_content-->\n","protected":false},"excerpt":{"rendered":"<p>\u00abLA PEAU DE BANANE\u00bb a enregistr\u00e9 aujourd&#8217;hui son 336\u00e8me adh\u00e9rent ! Comme quoi, la communication donne des r\u00e9sultats m\u00eame en plein juillet. Alors continuons ! Voici un message qui m\u2019a \u00e9t\u00e9 envoy\u00e9 la semaine derni\u00e8re : &#8212;&#8212;&#8212;&#8212;&#8212;&#8212;&#8212; St\u00e9phane, J&#8217;ai tr\u00e8s envie de m&#8217;inscrire \u00e0 la peau de banane, mais j&#8217;ai un peu honte de sauter [&hellip;]<\/p>\n","protected":false},"author":1,"featured_media":0,"parent":0,"menu_order":0,"comment_status":"open","ping_status":"open","template":"","meta":[],"builder_content":"","_links":{"self":[{"href":"https:\/\/auto-coaching.fr\/index.php\/wp-json\/wp\/v2\/pages\/766"}],"collection":[{"href":"https:\/\/auto-coaching.fr\/index.php\/wp-json\/wp\/v2\/pages"}],"about":[{"href":"https:\/\/auto-coaching.fr\/index.php\/wp-json\/wp\/v2\/types\/page"}],"author":[{"embeddable":true,"href":"https:\/\/auto-coaching.fr\/index.php\/wp-json\/wp\/v2\/users\/1"}],"replies":[{"embeddable":true,"href":"https:\/\/auto-coaching.fr\/index.php\/wp-json\/wp\/v2\/comments?post=766"}],"version-history":[{"count":8,"href":"https:\/\/auto-coaching.fr\/index.php\/wp-json\/wp\/v2\/pages\/766\/revisions"}],"predecessor-version":[{"id":774,"href":"https:\/\/auto-coaching.fr\/index.php\/wp-json\/wp\/v2\/pages\/766\/revisions\/774"}],"wp:attachment":[{"href":"https:\/\/auto-coaching.fr\/index.php\/wp-json\/wp\/v2\/media?parent=766"}],"curies":[{"name":"wp","href":"https:\/\/api.w.org\/{rel}","templated":true}]}}