{"id":799,"date":"2013-07-31T18:56:20","date_gmt":"2013-07-31T16:56:20","guid":{"rendered":"http:\/\/www.auto-coaching.fr\/?page_id=799"},"modified":"2013-08-01T14:39:24","modified_gmt":"2013-08-01T12:39:24","slug":"congruence-1-2","status":"publish","type":"page","link":"https:\/\/auto-coaching.fr\/index.php\/congruence-1-2\/","title":{"rendered":"Congruence 1\/2"},"content":{"rendered":"<p>Dimanche dernier, pendant le d\u00e9jeuner, mon fils m&#8217;a fait une proposition :<\/p>\n<p>&#8211; On se fait un Tennis ce soir ?<\/p>\n<p>Les d\u00e9lais \u00e9taient un peu courts. Ca demandait un effort d\u2019organisation&#8230; Pour m&#8217;amuser un peu, j&#8217;avais envie de lui r\u00e9pondre :<\/p>\n<p>&#8211; Excusez-moi jeune-homme, mais qui \u00eates-vous et comment savez-vous que j\u2019aime le Tennis ?<\/p>\n<p>Je suppose que \u00e7a l&#8217;aurait amus\u00e9&#8230; Ensuite il aurait repos\u00e9 sa question :<\/p>\n<p>&#8211; Blague \u00e0 part, je r\u00e9serve ou pas ?<\/p>\n<p>Et toujours avec un air s\u00e9rieux, je lui aurais r\u00e9pondu :<\/p>\n<p>&#8211; Mais avez-vous le niveau pour jouer avec moi ? Il faudrait faire quelques \u00e9changes d\u2019essais avant ! Car si vous ayez un bon niveau, \u00e7a va me d\u00e9moraliser, et si vous avez un petit niveau, je vais m&#8217;ennuyer !<\/p>\n<p>Je suppose qu\u2019il aurait pris un regard m\u00e9dus\u00e9&#8230; J\u2019en aurais profit\u00e9 pour l\u2019achever :<\/p>\n<p>&#8211; En plus, 7 minutes aller + 7 minutes retour + 1 heures de jeu + la douche, \u00e7a me fait au moins 1h30 de perdue ! On peut y ajouter la location du court qui me co\u00fbtera 8 euros. Il faudrait vraiment \u00eatre s\u00fbr que tout \u00e7a aura de l&#8217;int\u00e9r\u00eat jeune-homme&#8230; Qu&#8217;est-ce qui me le garantit ?<\/p>\n<p>Tel que je le connais, \u00e0 ce stade il m&#8217;aurait r\u00e9pondu :<\/p>\n<p>&#8211; Au lieu de raconter n&#8217;importe quoi, dis-moi NON, \u00e7a ira plus vite ! Tu vas en gagner du temps et de l&#8217;argent !<\/p>\n<h2>CONGRUENCE<\/h2>\n<p>Bon&#8230; Je vous rassure, je lui ai juste dit OUI, et nous avons pass\u00e9 un bon moment. Mais qu&#8217;est-ce qui a bien pu se passer dans ma t\u00eate au moment o\u00f9 il m&#8217;a fait sa proposition&#8230; Pourquoi ai-je imagin\u00e9 un dialogue aussi trouble ?<\/p>\n<p>Je n&#8217;ai aucun raison de faire \u00e7a : mon fils et moi, nous jouons au Tennis depuis 3 ans. Au d\u00e9but, je le laissais gagner, mais aujourd&#8217;hui je n&#8217;ai plus besoin de le faire. Nous avons \u00e0 peu pr\u00e8s le m\u00eame niveau. Je vante ses progr\u00e8s \u00e0 sa m\u00e8re, ses grands-parents, ses oncles et ses tantes, ses amis&#8230; Chaque partie est un plaisir, et je l\u2019exprime \u00e0 haute voix. M\u00eame en observateur c&#8217;est stimulant de le voir \u00e9voluer. Alors imaginez ce que \u00e7a donne en jouant ! C&#8217;est mon petit champion ! Jouer avec lui est un privil\u00e8ge que je m&#8217;accorde r\u00e9guli\u00e8rement.<\/p>\n<p>C&#8217;est pourquoi lorsqu&#8217;il a envie de faire une partie, il me demande tout simplement en une phrase \u00abOn se fait un Tennis ?\u00bb. En plus, il est plein de d\u00e9licatesse, car il sait que j&#8217;ai horreur de jouer par temps de canicule. Il me propose donc de louer le terrain lorsque l&#8217;atmosph\u00e8re se rafraichit. J&#8217;appr\u00e9cie cette marque d&#8217;attention.<\/p>\n<p>Mon fils communique avec <strong>congruence<\/strong> : il pose la question sereinement, il esp\u00e8re une r\u00e9ponse positive tout en sachant que la n\u00e9gative n&#8217;a rien de personnel. Il sait que ce moment \u00e0 deux est une belle parenth\u00e8se, et que la d\u00e9pense en temps et en argent est en concordance avec mes valeurs :<\/p>\n<blockquote>\n<p>J&#8217;accepte facilement l&#8217;id\u00e9e que certaines choses qui contribuent \u00e0 mon Bonheur aient un co\u00fbt (temps et argent). Je ne m\u2019en plains pas. Au contraire : je gratifie ceux qui ont fait <strong>le choix de contribuer \u00e0 mon bonheur tout en gagnant leur vie<\/strong>.<\/p>\n<\/blockquote>\n<p>De son c\u00f4t\u00e9, mon fils s&#8217;occupe de la r\u00e9servation et de la pr\u00e9paration des raquettes des balles, des boissons, etc. puisque c&#8217;est \u00e0 sa port\u00e9e. Chacun sa part.<\/p>\n<p>Alors vous imaginez si soudainement je lui r\u00e9pondais \u00abmais qui \u00eates-vous jeune-homme ?\u00bb, \u00e7a ne pourrait que le faire rire ! Mais si je continuais \u00e0 lui exprimer mes doutes sur la pertinence de sa demande, en prenant un air s\u00e9rieux, et en commen\u00e7ant \u00e0 faire des calculs \u00e9tranges, \u00e7a risquerait de l&#8217;\u00e9nerver, et m\u00eame de le rendre incongruent&#8230;<\/p>\n<p>La fois suivante, sa demande ressemblerait \u00e0 quelque chose du genre :<\/p>\n<p>&#8211; Papa, comme tous mes copains sont en vacances, je n&#8217;ai plus que toi pour jouer au tennis ! Alors excuse-moi de te d\u00e9ranger, mais j&#8217;ai eu une id\u00e9e : je vais payer la location du court avec mon argent de poche, \u00e7a va all\u00e9ger ta peine. Comme je ne peux pas prendre ta douche \u00e0 ta place, je te propose de me pr\u00e9venir quand tu as l&#8217;intention de te doucher, pour que je r\u00e9serve le terrain 1h15 avant. Comme \u00e7a, \u00e7a ne perturbera pas ta journ\u00e9e&#8230; Si tu ne veux pas, ce n&#8217;est pas grave, je jouerai contre le mur de la maison. Ca me rendra triste, mais je comprendrai que ce n&#8217;est pas int\u00e9ressant de jouer avec moi.<\/p>\n<p>Avouez que c&#8217;est plus long que \u00abOn se fait un tennis de soir ?\u00bb.<\/p>\n<p>On gagne du temps \u00e0 \u00eatre congruent !<\/p>\n<p>De plus, d\u00e8s que je dirai \u00e0 sa grand-m\u00e8re qu&#8217;il a encore progress\u00e9, il va ajouter :<\/p>\n<p>&#8211; Oui, j&#8217;ai tellement progress\u00e9 que mon p\u00e8re a peur de jouer avec moi !<\/p>\n<p>Vous comprenez ? Si je n\u2019aligne pas mes paroles et mes actes en concordance avec mes valeurs et mes croyances, ma fa\u00e7on d&#8217;agir et de communiquer aura un impact sur son humeur, sur notre relation, sur son comportement, et sur sa motivation vis-\u00e0-vis de ce sport&#8230;<\/p>\n<p>Ainsi, la congruence consiste aussi \u00e0 prendre conscience de la port\u00e9e&nbsp; de ses paroles et de ses actes. Je fais ce que je dis, et je dis ce que je fais : ce serait incongruent de le f\u00e9liciter pour son jeu et vanter ses m\u00e9rites, puis de lui demander d\u2019argumenter et de motiver sa demande lorsqu\u2019une partie n\u00e9cessite un effort de ma part.<\/p>\n<p>Ca me permet de lui dire OUI ou NON avec simplicit\u00e9. Je ne me sens pas oblig\u00e9 de justifier mon refus, car il sait que lorsque \u00e7a arrive, \u00e7a n\u2019a rien \u00e0 voir avec lui. C&#8217;est l&#8217;avantage de ce type de relation. Pas besoin de faire porter \u00e0 l&#8217;autre le chapeau d&#8217;un manque de motivation, d&#8217;une fatigue passag\u00e8re, d&#8217;un passage \u00e0 vide, d&#8217;un probl\u00e8me d\u00e9cisionnel&#8230; C&#8217;est pourquoi malgr\u00e9 mon envie de jouer \u00e0 l&#8217;incongruent avec lui dimanche, je ne l&#8217;ai pas fait. J&#8217;ai plut\u00f4t jou\u00e9 au tennis&#8230;<\/p>\n<p>&#8211; Mais St\u00e9phane, me direz-vous, pour quelle raison aviez-vous envie de l&#8217;enquiquiner ?<\/p>\n<p>Allez ! Je laisse \u00e0 votre esprit d\u2019analyse et de d\u00e9duction y r\u00e9fl\u00e9chir&#8230; Si vous avez une piste, commentez ! Je vous ferai une r\u00e9ponse compl\u00e8te demain.<\/p>\n<p>Je vous laisse un indice quand-m\u00eame, sous forme de question :<\/p>\n<p align=\"center\"><font color=\"#800000\" size=\"4\"><strong>On se fait une partie de TIME-COACH PLUS ? <\/strong><\/font><\/p>\n<p style=\"text-align: center; line-height: 18pt; font-size: 14pt\"><a style=\"font-size: 10pt\" href=\"http:\/\/www.inscription-minute.fr\/solution.aspx?code=TCP074IP&amp;origine=CongruenceSite\"><img decoding=\"async\" style=\"border-right-width: 0px; border-top-width: 0px; border-bottom-width: 0px; border-left-width: 0px\" alt=\"Inscrivez-vous !\" src=\"http:\/\/www.inscription-minute.fr\/adherents\/inscrivez-vous.gif\"><br \/>Inscrivez-vous !<\/a><\/p>\n<p>A++<\/p>\n<p><strong>St\u00e9phane SOLOMON<\/strong><\/p>\n<!--themify_builder_content-->\n<div id=\"themify_builder_content-799\" data-postid=\"799\" class=\"themify_builder_content themify_builder_content-799 themify_builder tf_clear\">\n    <\/div>\n<!--\/themify_builder_content-->\n","protected":false},"excerpt":{"rendered":"<p>Dimanche dernier, pendant le d\u00e9jeuner, mon fils m&#8217;a fait une proposition : &#8211; On se fait un Tennis ce soir ? Les d\u00e9lais \u00e9taient un peu courts. Ca demandait un effort d\u2019organisation&#8230; Pour m&#8217;amuser un peu, j&#8217;avais envie de lui r\u00e9pondre : &#8211; Excusez-moi jeune-homme, mais qui \u00eates-vous et comment savez-vous que j\u2019aime le Tennis [&hellip;]<\/p>\n","protected":false},"author":1,"featured_media":0,"parent":0,"menu_order":0,"comment_status":"open","ping_status":"open","template":"","meta":[],"builder_content":"","_links":{"self":[{"href":"https:\/\/auto-coaching.fr\/index.php\/wp-json\/wp\/v2\/pages\/799"}],"collection":[{"href":"https:\/\/auto-coaching.fr\/index.php\/wp-json\/wp\/v2\/pages"}],"about":[{"href":"https:\/\/auto-coaching.fr\/index.php\/wp-json\/wp\/v2\/types\/page"}],"author":[{"embeddable":true,"href":"https:\/\/auto-coaching.fr\/index.php\/wp-json\/wp\/v2\/users\/1"}],"replies":[{"embeddable":true,"href":"https:\/\/auto-coaching.fr\/index.php\/wp-json\/wp\/v2\/comments?post=799"}],"version-history":[{"count":6,"href":"https:\/\/auto-coaching.fr\/index.php\/wp-json\/wp\/v2\/pages\/799\/revisions"}],"predecessor-version":[{"id":805,"href":"https:\/\/auto-coaching.fr\/index.php\/wp-json\/wp\/v2\/pages\/799\/revisions\/805"}],"wp:attachment":[{"href":"https:\/\/auto-coaching.fr\/index.php\/wp-json\/wp\/v2\/media?parent=799"}],"curies":[{"name":"wp","href":"https:\/\/api.w.org\/{rel}","templated":true}]}}