{"id":881,"date":"2013-10-07T16:57:55","date_gmt":"2013-10-07T14:57:55","guid":{"rendered":"http:\/\/www.auto-coaching.fr\/?page_id=881"},"modified":"2013-10-07T17:10:50","modified_gmt":"2013-10-07T15:10:50","slug":"eureka-le-retour","status":"publish","type":"page","link":"https:\/\/auto-coaching.fr\/index.php\/eureka-le-retour\/","title":{"rendered":"EUREKA ! Le retour&#8230;"},"content":{"rendered":"<p>Vous \u00eates de plus en plus nombreux \u00e0 me demander s\u2019il est toujours possible de s\u2019inscrire \u00e0 ATTITUDE-COACH en payant apr\u00e8s satisfaction, comme ce fut le cas pour ANECDOTES-COACH.<\/p>\n<p>Bon\u2026 D\u2019accord ! J\u2019accepte&#8230;<\/p>\n<p>En r\u00e9alit\u00e9 c\u2019\u00e9tait pr\u00e9vu : si vous avez suivi mes derniers articles vous avez pu voir que je pr\u00e9parais le terrain d\u2019une nouvelle inversion de locus, mais cette fois-ci, je m\u2019attends \u00e0 ce que la plupart des participants respectent les r\u00e8gles du jeu, que je rappelle ci-dessous :<\/p>\n<ol>\n<li>Vous pouvez vous inscrire sans rien payer \u00e0 l\u2019entr\u00e9e. Remplissez le formulaire <strong>avec les coordonn\u00e9es de facturation<\/strong>, puis validez.\n<li>La page suivante vous demande de r\u00e9gler votre inscription. Vous pouvez payer si vous le souhaitez, mais votre inscription sera valid\u00e9e m\u00eame si vous ne payez pas.\n<li>10 minutes plus tard, vous recevrez un \u00abmessage de relance\u00bb. N\u2019en tenez pas compte, mais gardez-le, car il contient un lien qui vous permettra de payer apr\u00e8s satisfaction.\n<li>Tout au long du programme vous aurez la possibilit\u00e9 de payer votre inscription, gr\u00e2ce au \u00abmessage de relance\u00bb.\n<li>En fin de programme, et pendant 2 semaines, je m\u2019attendrai soit \u00e0 un message qui exprime votre non-satisfaction, soit \u00e0 un r\u00e8glement (ce qui signifie que la satisfaction est au rendez-vous). Si vous voulez joindre un message de satisfaction \u00e0 votre r\u00e8glement, c\u2019est encore mieux !<\/li>\n<\/ol>\n<p><strong>J\u2019anticipe une question : <\/strong><\/p>\n<p><em>Est-ce que cette modalit\u00e9 concerne uniquement ATTITUDE-COACH ou est-il possible de s\u2019inscrire \u00e0 n\u2019importe quel programme en respectant ces r\u00e8gles ?<\/em><\/p>\n<p>La r\u00e9ponse est : <strong>J\u2019AIMERAIS BIEN !<\/strong><\/p>\n<p>Pour le moment, \u00e7a ne concerne que le programme ATTITUDE-COACH. Mais en fonction de l\u2019accueil que vous r\u00e9serverez \u00e0 cette nouvelle initiative, je pourrai trancher :<\/p>\n<p>Si \u00e7a marche, je d\u00e9ploierai cette solution progressivement \u00e0 tous les programmes. Sinon, je reviendrai vers un marketing \u00abnormal\u00bb. <\/p>\n<p><strong>Je vais vous faire un aveu :<\/strong><\/p>\n<p>Vous avez pu le vivre avec moi, ma plus grosse d\u00e9ception fut l\u2019accueil r\u00e9serv\u00e9 au Pay What You Want. La raison : je voulais g\u00e9n\u00e9raliser le PWYW \u00e0 tous les programmes, et j\u2019\u00e9tais s\u00fbr que j\u2019allais transformer l\u2019essai&#8230; Mais comme la plupart de mes lecteurs m\u2019ont donn\u00e9 l\u2019impression que j\u2019avais \u00e0 peu pr\u00e8s 1.500 ans d\u2019avance sur mon temps, je me suis fait une raison : j\u2019attendrai l\u2019an 3513 pour renouveler l\u2019exp\u00e9rience. Je suis patient&#8230;<\/p>\n<p>Mais cette fois, il n\u2019y a ni cachoterie, ni surprise : il y a un CONTRAT DE CONFIANCE ! Un d\u00e9fi \u00e0 relever&#8230;<\/p>\n<p>Debout les valeureux !<\/p>\n<p style=\"text-align: center\"><img decoding=\"async\" src=\"http:\/\/www.inscription-minute.fr\/adherents\/bandeauAttitudeCoach.gif\"><br \/><a href=\"http:\/\/www.inscription-minute.fr\/solution.aspx?code=ATT117OA&amp;origine=EurekaReloadedSite\" target=\"_blank\">Inscrivez-vous \u00e0 ATTITUDE-COACH !<\/a>  <\/p>\n<p>A++<\/p>\n<p><strong>St\u00e9phane SOLOMON<\/strong><\/p>\n<!--themify_builder_content-->\n<div id=\"themify_builder_content-881\" data-postid=\"881\" class=\"themify_builder_content themify_builder_content-881 themify_builder tf_clear\">\n    <\/div>\n<!--\/themify_builder_content-->\n","protected":false},"excerpt":{"rendered":"<p>Vous \u00eates de plus en plus nombreux \u00e0 me demander s\u2019il est toujours possible de s\u2019inscrire \u00e0 ATTITUDE-COACH en payant apr\u00e8s satisfaction, comme ce fut le cas pour ANECDOTES-COACH. Bon\u2026 D\u2019accord ! J\u2019accepte&#8230; En r\u00e9alit\u00e9 c\u2019\u00e9tait pr\u00e9vu : si vous avez suivi mes derniers articles vous avez pu voir que je pr\u00e9parais le terrain d\u2019une [&hellip;]<\/p>\n","protected":false},"author":1,"featured_media":0,"parent":0,"menu_order":0,"comment_status":"open","ping_status":"open","template":"","meta":[],"builder_content":"","_links":{"self":[{"href":"https:\/\/auto-coaching.fr\/index.php\/wp-json\/wp\/v2\/pages\/881"}],"collection":[{"href":"https:\/\/auto-coaching.fr\/index.php\/wp-json\/wp\/v2\/pages"}],"about":[{"href":"https:\/\/auto-coaching.fr\/index.php\/wp-json\/wp\/v2\/types\/page"}],"author":[{"embeddable":true,"href":"https:\/\/auto-coaching.fr\/index.php\/wp-json\/wp\/v2\/users\/1"}],"replies":[{"embeddable":true,"href":"https:\/\/auto-coaching.fr\/index.php\/wp-json\/wp\/v2\/comments?post=881"}],"version-history":[{"count":3,"href":"https:\/\/auto-coaching.fr\/index.php\/wp-json\/wp\/v2\/pages\/881\/revisions"}],"predecessor-version":[{"id":884,"href":"https:\/\/auto-coaching.fr\/index.php\/wp-json\/wp\/v2\/pages\/881\/revisions\/884"}],"wp:attachment":[{"href":"https:\/\/auto-coaching.fr\/index.php\/wp-json\/wp\/v2\/media?parent=881"}],"curies":[{"name":"wp","href":"https:\/\/api.w.org\/{rel}","templated":true}]}}