{"id":926,"date":"2013-10-15T17:55:46","date_gmt":"2013-10-15T15:55:46","guid":{"rendered":"http:\/\/www.auto-coaching.fr\/?page_id=926"},"modified":"2013-10-15T17:57:11","modified_gmt":"2013-10-15T15:57:11","slug":"pour-ou-contre-le-changement","status":"publish","type":"page","link":"https:\/\/auto-coaching.fr\/index.php\/pour-ou-contre-le-changement\/","title":{"rendered":"POUR ou CONTRE le changement ?"},"content":{"rendered":"<p>Sandrine souhaite d\u00e9m\u00e9nager. Elle en parle \u00e0 Etienne, son compagnon, qui lui r\u00e9pond :  <\/p>\n<p>&#8211; Fais ce que tu veux, de toute fa\u00e7on lorsque tu as d\u00e9cid\u00e9 quelque chose, le fait que je sois d&#8217;accord ou pas ne change rien !  <\/p>\n<p><strong>Question :<\/strong> Etienne est-il POUR ou CONTRE ce d\u00e9m\u00e9nagement ?  <\/p>\n<p>Selon votre caract\u00e8re (voire votre humeur du jour), vous pourriez me r\u00e9pondre :  <\/p>\n<p><strong>CONTRE !<\/strong> Car il y a une plainte, un reproche, dans les propos d&#8217;Etienne ! Ce changement ne l&#8217;int\u00e9resse pas du tout. Etienne se sent bien dans son logement actuel&#8230;  <\/p>\n<p>Ou alors :  <\/p>\n<p><strong>POUR !<\/strong> Car Etienne donne carte blanche \u00e0 Sandrine. Il ne s\u2019oppose pas au changement. S&#8217;il aimait sa situation actuelle, il d\u00e9fendrait sa maison&#8230;  <\/p>\n<p>Psychologiquement ou philosophiquement il y a mati\u00e8re \u00e0 discuter&#8230; Mais du point de vue du coaching, Etienne est CONTRE !  <\/p>\n<h2>Si l\u2019action est POUR, l\u2019inaction est CONTRE<\/h2>\n<p>Sandrine demande de l&#8217;aide, de l&#8217;implication, du mouvement&#8230; Etienne lui r\u00e9pond qu&#8217;elle peut faire ce qu&#8217;elle veut, mais qu&#8217;il n\u2019est pas pr\u00eat \u00e0 passer \u00e0 l&#8217;ACTION !  <\/p>\n<p>Coluche avait la bonne formule pour d\u00e9crire cette passivit\u00e9. Il disait :  <\/p>\n<blockquote>\n<p>Je ne suis ni pour, ni contre, bien au contraire !<\/p>\n<\/blockquote>\n<p>Je vais vous livrer un grand secret :  <\/p>\n<blockquote>\n<p>Lorsqu&#8217;on vous demande de vous impliquer dans un CHANGEMENT, si vous ne votez pas POUR, vous votez CONTRE !<\/p>\n<\/blockquote>\n<p>Sandrine ne demande pas \u00e0 Etienne de choisir entre deux maisons. Elle lui demande de participer \u00e0 un CHANGEMENT. Le choix de la maison, \u00e7a viendra apr\u00e8s&#8230;  <\/p>\n<p><strong>La politique de l&#8217;autruche<\/strong> se termine de deux fa\u00e7ons :  <\/p>\n<ul>\n<li>Soit le r\u00e9sultat vous para\u00eet satisfaisant, mais au final vous n&#8217;en tirerez pas profit (avec le sentiment que ce qui a \u00e9t\u00e9 donn\u00e9 d&#8217;une main sera retir\u00e9 de l&#8217;autre)\n<li>Soit le r\u00e9sultat n&#8217;est pas assez satisfaisant, et vous aurez tendance \u00e0 vous plaindre de ceux qui ont men\u00e9 le projet \u00abcomme des manchots\u00bb !<\/li>\n<\/ul>\n<p>Si vous avez plus de 12 ans, vous pouvez piocher dans vos propres exp\u00e9riences&#8230;&nbsp; Vous avez v\u00e9cu des situations o\u00f9 vous aviez besoin du support des autres pour un CHANGEMENT, et vous avez remarqu\u00e9 que les grands d\u00e9fenseurs du \u00abni OUI ni NON\u00bb n&#8217;en tiraient aucun profit et avaient tendance \u00e0 critiquer vos r\u00e9sultats, m\u00eame si votre proposition initiale les concernait.  <\/p>\n<p>Etienne semble dire \u00e0 Sandrine : <em>\u00abregarde, je suis assis sur ce fauteuil. Lorsque les d\u00e9m\u00e9nageurs viendront, j&#8217;y serai toujours. Donc si tu n&#8217;oublies pas mon fauteuil, je d\u00e9m\u00e9nagerai avec toi&#8230; Tu vois : c&#8217;est automatique !\u00bb<\/em>  <\/p>\n<h2>TIME-COACH, ce n\u2019est pas automatique !<\/h2>\n<p>Lorsque je vous demande d\u2019agir dans le sens d\u2019une id\u00e9e, je m\u2019attends \u00e0 votre approbation ou \u00e0 votre d\u00e9sapprobation par l\u2019ACTION. C\u2019est la seule chose qui me permet de savoir si l\u2019id\u00e9e est bonne ou mauvaise. Je ne vais pas agir contre mes lecteurs, et je ne vais pas prendre des d\u00e9cision qui risquent de les mettre en d\u00e9route.  <\/p>\n<p>Beaucoup trop de lecteurs pensent qu&#8217;un vrai coach ne se pose pas de questions. Qu\u2019il prend une d\u00e9cision, et qu\u2019il passe \u00e0 l&#8217;action !  <\/p>\n<p>C&#8217;est faux !  <\/p>\n<p>Lorsque je trouve qu\u2019une id\u00e9e est bonne dans mon int\u00e9rieur, je m\u2019interroge sur ce qu\u2019elle donnera dans le monde ext\u00e9rieur. Alors je communique, pour aller <strong>de l&#8217;int\u00e9rieur vers l&#8217;ext\u00e9rieur<\/strong>&#8230; Si au bout de la communication, j&#8217;ai un mauvais r\u00e9sultat, il y a 3 possibilit\u00e9s :  <\/p>\n<ul>\n<li>Soit ma communication est mauvaise\n<li>Soit je ne m&#8217;adresse pas au bon public\n<li>Soit l&#8217;id\u00e9e est mauvaise<\/li>\n<\/ul>\n<p>Dans les 3 cas, il n&#8217;est pas bon d&#8217;aller plus loin.  <\/p>\n<h2>Fin de l\u2019op\u00e9ration EUREKA<\/h2>\n<p>Cet article est mon ultime communication concernant la g\u00e9n\u00e9ralisation du mod\u00e8le \u00abpayez apr\u00e8s satisfaction\u00bb. Je remercie les 74 lecteurs qui y ont particip\u00e9 (avec une mention sp\u00e9ciale pour les nouveaux arrivants), mais je ne peux faire abstraction du fait que je suis lu par plus de 4.000 personnes, et que lors du \u00abpetit jeu entre nous\u00bb, il y a eu 471 participations au premier tour, puis 323 au deuxi\u00e8me. <strong>Donc la participation massive est possible !<\/strong>  <\/p>\n<p>Un r\u00e9gime politique ne peut \u00eatre renvers\u00e9 que par une r\u00e9volution. Le r\u00e9gime actuel dit ceci :  <\/p>\n<p><em>&#8211; Tu payes, tu rentres ! Tu ne payes pas, tu ne rentres pas !<\/em>  <\/p>\n<p>Si vous ne votez pas POUR la r\u00e9volution, vous votez CONTRE. Car si rien ne change, c&#8217;est bien le r\u00e9gime en place qui remporte la victoire.  <\/p>\n<p>Pensez-y en ce qui concerne vos projets professionnels et personnels : si vous ne changez pas les choses <strong>par une ACTION<\/strong>, aussi simple soit-elle, vous obtiendrez le m\u00eame r\u00e9sultat. Mais une petite action peut tout changer&#8230;  <\/p>\n<p>Il me reste 4 choses \u00e0 dire, forc\u00e9ment issues de pr\u00e9c\u00e9dentes remarques :  <\/p>\n<ul>\n<li>Ce message n&#8217;a pas pour vocation de \u00abplaire \u00e0 ma client\u00e8le f\u00e9minine\u00bb. Dans mon exemple, Sandrine et Etienne sont interchangeables. Il y a aussi des hommes qui souhaitent du changement, et il y a aussi des femmes qui estiment que lorsque leur mari a d\u00e9cid\u00e9 quelque chose, elles n&#8217;ont pas le choix.\n<li>Ce message ne constitue aucunement une \u00abmenace\u00bb : TIME-COACH continue !\n<li>Ce message ne constitue aucunement une \u00abplainte\u00bb : si le mode de paiement actuel vous convient, il me convient.\n<li>Ce message ne constitue aucunement une \u00abtentative de culpabilisation\u00bb \u00e0 l\u2019intention de ceux qui ne payent pas : il rappelle que vous \u00eates dans un processus de coaching, et qu&#8217;au-del\u00e0 de l&#8217;action d&#8217;achat, il y a d&#8217;autres messages sous-jacents&#8230; Beaucoup plus profonds que \u00abAchetez, c\u2019est pas cher !\u00bb<\/li>\n<\/ul>\n<p>Il est encore possible de voter POUR en agissant, comme il et possible de voter CONTRE en laissant l&#8217;encre couler&#8230; Je ne vous solliciterai plus sur ce sujet.  <\/p>\n<p>Si vous voulez voter POUR, c&#8217;est par ici :<\/p>\n<p style=\"text-align: center\"><a href=\"http:\/\/www.inscription-minute.fr\/solution.aspx?code=ATT117OA&amp;origine=pourContre\" target=\"_blank\"><img decoding=\"async\" style=\"border-bottom-color: transparent; border-right-width: 0px; border-top-color: transparent; border-top-width: 0px; border-bottom-width: 0px; border-right-color: transparent; border-left-color: transparent; border-left-width: 0px\" src=\"http:\/\/www.inscription-minute.fr\/adherents\/bandeauAttitudeCoach.gif\"><br \/>Inscrivez-vous \u00e0 ATTITUDE-COACH !<\/a><\/p>\n<p>A++  <\/p>\n<p><strong>St\u00e9phane SOLOMON<\/strong><\/p>\n<!--themify_builder_content-->\n<div id=\"themify_builder_content-926\" data-postid=\"926\" class=\"themify_builder_content themify_builder_content-926 themify_builder tf_clear\">\n    <\/div>\n<!--\/themify_builder_content-->\n","protected":false},"excerpt":{"rendered":"<p>Sandrine souhaite d\u00e9m\u00e9nager. Elle en parle \u00e0 Etienne, son compagnon, qui lui r\u00e9pond : &#8211; Fais ce que tu veux, de toute fa\u00e7on lorsque tu as d\u00e9cid\u00e9 quelque chose, le fait que je sois d&#8217;accord ou pas ne change rien ! Question : Etienne est-il POUR ou CONTRE ce d\u00e9m\u00e9nagement ? Selon votre caract\u00e8re (voire [&hellip;]<\/p>\n","protected":false},"author":1,"featured_media":0,"parent":0,"menu_order":0,"comment_status":"open","ping_status":"open","template":"","meta":[],"builder_content":"","_links":{"self":[{"href":"https:\/\/auto-coaching.fr\/index.php\/wp-json\/wp\/v2\/pages\/926"}],"collection":[{"href":"https:\/\/auto-coaching.fr\/index.php\/wp-json\/wp\/v2\/pages"}],"about":[{"href":"https:\/\/auto-coaching.fr\/index.php\/wp-json\/wp\/v2\/types\/page"}],"author":[{"embeddable":true,"href":"https:\/\/auto-coaching.fr\/index.php\/wp-json\/wp\/v2\/users\/1"}],"replies":[{"embeddable":true,"href":"https:\/\/auto-coaching.fr\/index.php\/wp-json\/wp\/v2\/comments?post=926"}],"version-history":[{"count":3,"href":"https:\/\/auto-coaching.fr\/index.php\/wp-json\/wp\/v2\/pages\/926\/revisions"}],"predecessor-version":[{"id":929,"href":"https:\/\/auto-coaching.fr\/index.php\/wp-json\/wp\/v2\/pages\/926\/revisions\/929"}],"wp:attachment":[{"href":"https:\/\/auto-coaching.fr\/index.php\/wp-json\/wp\/v2\/media?parent=926"}],"curies":[{"name":"wp","href":"https:\/\/api.w.org\/{rel}","templated":true}]}}