{"id":934,"date":"2013-10-18T18:29:49","date_gmt":"2013-10-18T16:29:49","guid":{"rendered":"http:\/\/www.auto-coaching.fr\/?page_id=934"},"modified":"2013-10-20T16:14:56","modified_gmt":"2013-10-20T14:14:56","slug":"le-bareme-interieur","status":"publish","type":"page","link":"https:\/\/auto-coaching.fr\/index.php\/le-bareme-interieur\/","title":{"rendered":"Le bar&egrave;me int&eacute;rieur"},"content":{"rendered":"<p>Lorsque j&#8217;\u00e9tais en class de 4\u00e8me, j&#8217;avais de bonnes notes en math\u00e9matiques : entre 12 et 14 sur 20. J&#8217;en \u00e9tais fier, mais mon p\u00e8re me demandait pourquoi je n&#8217;avais pas 20 ! Je lui r\u00e9pondais que c&#8217;\u00e9tait difficile ! <\/p>\n<p>&#8211; Ah bon ? Il n&#8217;y a personne dans ta classe qui a 20 sur 20 ?<br \/>&#8211; Si, il y a Yvon ! Mais lui, il est trop fort&#8230;<br \/>&#8211; Demande-lui comment il fait !<br \/>&#8211; Tu crois que je peux avoir 20\/20 si je fais comme lui ?<br \/>&#8211; Je crois que si tu vises la meilleure note, tu auras bien plus que 14 ! <\/p>\n<p>J&#8217;ai donc demand\u00e9 \u00e0 Yvon comment il faisait, et pendant des semaines, on a travaill\u00e9 les maths. M\u00eame en dehors de l&#8217;\u00e9cole nous parlions de math\u00e9matiques. C&#8217;\u00e9tait devenu notre VALEUR.  <\/p>\n<p>A la fin du deuxi\u00e8me trimestre, j&#8217;ai vis\u00e9 20, et j&#8217;ai obtenu un beau 18 ! J&#8217;ai dit \u00e0 mon p\u00e8re que j&#8217;ai r\u00e9ussi ! Il m&#8217;a alors r\u00e9pondu : <\/p>\n<p>&#8211; Au lieu de viser 20, vise 25 ! <\/p>\n<p>J&#8217;ai commenc\u00e9 par rire, parce que je croyais qu&#8217;il plaisantait. Mais il a gard\u00e9 son air s\u00e9rieux&#8230; J&#8217;en ai parl\u00e9 \u00e0 Yvon qui m&#8217;a dit que c&#8217;\u00e9tait impossible ! On ne peut pas avoir 25 sur 20. J&#8217;ai donc entrepris de viser la note de 25 secr\u00e8tement dans mon esprit, puisque mon mod\u00e8le et confident en math\u00e9matiques, n&#8217;y croyait pas lui-m\u00eame. <\/p>\n<p>Le troisi\u00e8me trimestre venait de commencer avec un nouveau contr\u00f4le. Avant de rendre nos copies, Madame LECONTE (la professeure de math\u00e9matiques, que nous appelions \u00abLeconte est bon\u00bb, parce que c\u2019\u00e9tait in\u00e9vitable&#8230;), a pris un ton grave et nous a livr\u00e9 un probl\u00e8me auquel elle a d\u00fb faire face : <\/p>\n<p>&#8211; Vos notes sont catastrophiques ! Il n&#8217;y a que 3 \u00e9l\u00e8ves qui sont all\u00e9s jusqu&#8217;au dernier exercice, et seulement 5 qui ont une note au dessus de la moyenne. Mais j&#8217;avoue que j&#8217;ai choisi des exercices difficiles&#8230; J&#8217;ai donc d\u00e9cid\u00e9 de changer le bar\u00e8me : il y avait 5 exercices, chacun devait \u00eatre not\u00e9 sur 4 points, j&#8217;ai d\u00e9cid\u00e9 de les noter sur 5 points&#8230; Pour ne pas p\u00e9naliser ceux qui sont all\u00e9s jusqu&#8217;au dernier exercice et qui l&#8217;ont r\u00e9ussi, j&#8217;ai quand m\u00eame attribu\u00e9 2 notes au dessus de 20. Il y a un 25\/20 et un 21\/20 ! <\/p>\n<p>Tout le monde s&#8217;est retourn\u00e9 vers Yvon, puis vers moi&#8230; Yvon faisait le faux modeste&#8230; Moi, j&#8217;\u00e9tais s\u00fbr d&#8217;avoir mon 25 ! L\u2019occasion \u00e9tait trop belle ! Madame LECONTE d\u00e9cida d\u2019attendre la fin de la distribution avant de rendre les deux meilleures copies&#8230; J\u2019ai alors compris que malgr\u00e9 ma certitude, le doute subsistait sous forme de \u00abnon-doute\u00bb : \u00e0 chaque fois qu\u2019elle prenait une copie dans les mains et qu\u2019elle me regardait, je me disais int\u00e9rieurement : <\/p>\n<p>&#8211; Non ! Ca ne peut pas \u00eatre la mienne ! J\u2019aurai mon 25 ! <\/p>\n<p>Yvon a remport\u00e9 la note de 25\/20, et je m\u2019en suis sorti avec 21\/20&#8230; Quelle d\u00e9ception \u00e0 une \u00abidentit\u00e9 remarquable\u00bb pr\u00e8s&#8230; Mais Yvon m&#8217;a dit une chose qui m&#8217;a imm\u00e9diatement remont\u00e9 le moral : <\/p>\n<p>&#8211; La prochaine fois que tu me diras un truc absurde, rappelle-moi que je dois te croire ! <\/p>\n<p>En pr\u00e9sentant mon 21 \u00e0 mon p\u00e8re, je lui ai racont\u00e9 toute l&#8217;histoire. Il \u00e9tait content : J&#8217;ai vu des p\u00e9pites dans ses yeux&#8230; Puis il m&#8217;a dit : <\/p>\n<p>&#8211; Tu vois, lorsque tu crois fort en quelque chose, cette chose devient possible. Tu ne seras pas toujours le premier \u00e0 en profiter, mais l&#8217;important c&#8217;est que \u00e7a profite ! <\/p>\n<p>Il \u00e9tait fort mon p\u00e8re ! Tous ceux qui ont lu \u00ab<a href=\"http:\/\/www.auto-coaching.fr\/la-peau-de-banane\/\" target=\"_blank\">La peau de banane<\/a>\u00bb le savent&#8230; <\/p>\n<p>D&#8217;autres contr\u00f4les ont suivi. J&#8217;ai eu un 19\/20, puis je me suis stabilis\u00e9 \u00e0 20\/20 ! Sur le bulletin du troisi\u00e8me trimestre, Yvon et moi avions 20\/20 de moyenne. Je savais qu&#8217;il avait une note sup\u00e9rieure \u00e0 la mienne, mais sur le papier, \u00e7a ne se voyait pas. <\/p>\n<h2>Le bar\u00e8me int\u00e9rieur<\/h2>\n<p>Le bar\u00e8me int\u00e9rieur et un classique de l&#8217;auto-transcendance. Il permet de se d\u00e9passer en conscience. Je crois que l&#8217;exemple est assez \u00abmath\u00e9matique\u00bb pour que je n&#8217;aie pas besoin d&#8217;en commenter les rouages : le monde s&#8217;adapte \u00e0 l&#8217;objectif&#8230; <\/p>\n<p>Il reste une interrogation : <b>de quel monde s&#8217;agit-il ?<\/b> <\/p>\n<p>Il est \u00e9vident que le monde int\u00e9rieur peut s&#8217;adapter \u00e0 l&#8217;objectif. C&#8217;est un principe de base : je suis devenu un crac en math\u00e9matiques parce que j&#8217;y ai mis toute ma volont\u00e9, et je me suis fi\u00e9 \u00e0 un mod\u00e8le d&#8217;excellence (Yvon). C&#8217;est du coaching pur, il n&#8217;y a pas de secret : c&#8217;est juste un processus conscient qui permet d&#8217;aller vers&#8230; <\/p>\n<p>Mais pour que mon objectif puisse se manifester concr\u00e8tement dans le monde ext\u00e9rieur, il fallait (en plus de mon travail personnel) que la moyenne g\u00e9n\u00e9rale de la classe soit basse, que Madame LECONTE d\u00e9cide de changer le bar\u00e8me, et que le contr\u00f4le soit constitu\u00e9 de 5 exercices pour passer de 4&#215;5 \u00e0 5&#215;5. Ca fait beaucoup ! Beaucoup trop de choses hors de mon contr\u00f4le&#8230; <\/p>\n<h2>Comment expliquer ce ph\u00e9nom\u00e8ne ?<\/h2>\n<p>Comprenez que si je n\u2019avais pas vis\u00e9 la note de 25\/20, je ne me souviendrais m\u00eame pas de cet \u00e9pisode. Apr\u00e8s tout, m\u00eame si le changement de bar\u00e8me est une pratique relativement rare (je ne l\u2019ai v\u00e9cu qu\u2019une seule fois par la suite en classe de seconde), \u00e7a reste une histoire banale&#8230; Au mieux, un 21\/20, \u00e7a fait une joli souvenir \u00e0 raconter. <\/p>\n<p>Mais cette aventure n\u2019est pas arriv\u00e9e n\u2019importe quand : elle est arriv\u00e9e lorsque j\u2019en ai fait la demande ! Forc\u00e9ment, \u00e7a questionne&#8230; <\/p>\n<p>Le psychiatre Carl Gustave JUNG (1875-1961) parle de SYNCHRONICITE. Ce concept a fait couler beaucoup d&#8217;encre (soup\u00e7on de mysticisme), mais la psychologie moderne donne des pistes tr\u00e8s int\u00e9ressantes \u00e0 explorer, \u00e0 propos de la synchronicit\u00e9 (j&#8217;approfondis l&#8217;approche psychologique dans <a href=\"http:\/\/www.inscription-minute.fr\/solution.aspx?code=PP20INS7&amp;origine=baremeInterieur\">PENSEE++<\/a>). <\/p>\n<p>Cependant, dans l&#8217;exp\u00e9rience de vie que je viens de partager avec vous, l&#8217;approche psychologique ne para\u00eet pas suffisante. Si on veut expliquer ce ph\u00e9nom\u00e8ne au-del\u00e0 du <strong>\u00abhasard qui fait bien les choses\u00bb<\/strong>, il faut s&#8217;autoriser \u00e0 aller plus loin&#8230; <\/p>\n<p>Avez-vous une id\u00e9e ? <\/p>\n<p>A++ <\/p>\n<p>St\u00e9phane SOLOMON<\/p>\n<!--themify_builder_content-->\n<div id=\"themify_builder_content-934\" data-postid=\"934\" class=\"themify_builder_content themify_builder_content-934 themify_builder tf_clear\">\n    <\/div>\n<!--\/themify_builder_content-->\n","protected":false},"excerpt":{"rendered":"<p>Lorsque j&#8217;\u00e9tais en class de 4\u00e8me, j&#8217;avais de bonnes notes en math\u00e9matiques : entre 12 et 14 sur 20. J&#8217;en \u00e9tais fier, mais mon p\u00e8re me demandait pourquoi je n&#8217;avais pas 20 ! Je lui r\u00e9pondais que c&#8217;\u00e9tait difficile ! &#8211; Ah bon ? Il n&#8217;y a personne dans ta classe qui a 20 sur [&hellip;]<\/p>\n","protected":false},"author":1,"featured_media":0,"parent":0,"menu_order":0,"comment_status":"open","ping_status":"open","template":"","meta":[],"builder_content":"","_links":{"self":[{"href":"https:\/\/auto-coaching.fr\/index.php\/wp-json\/wp\/v2\/pages\/934"}],"collection":[{"href":"https:\/\/auto-coaching.fr\/index.php\/wp-json\/wp\/v2\/pages"}],"about":[{"href":"https:\/\/auto-coaching.fr\/index.php\/wp-json\/wp\/v2\/types\/page"}],"author":[{"embeddable":true,"href":"https:\/\/auto-coaching.fr\/index.php\/wp-json\/wp\/v2\/users\/1"}],"replies":[{"embeddable":true,"href":"https:\/\/auto-coaching.fr\/index.php\/wp-json\/wp\/v2\/comments?post=934"}],"version-history":[{"count":2,"href":"https:\/\/auto-coaching.fr\/index.php\/wp-json\/wp\/v2\/pages\/934\/revisions"}],"predecessor-version":[{"id":939,"href":"https:\/\/auto-coaching.fr\/index.php\/wp-json\/wp\/v2\/pages\/934\/revisions\/939"}],"wp:attachment":[{"href":"https:\/\/auto-coaching.fr\/index.php\/wp-json\/wp\/v2\/media?parent=934"}],"curies":[{"name":"wp","href":"https:\/\/api.w.org\/{rel}","templated":true}]}}