{"id":562,"date":"2013-07-30T08:57:53","date_gmt":"2013-07-30T06:57:53","guid":{"rendered":"http:\/\/auto-coaching.fr\/timeplus\/?page_id=562"},"modified":"2013-08-06T14:26:33","modified_gmt":"2013-08-06T12:26:33","slug":"urgent-et-important","status":"publish","type":"page","link":"https:\/\/auto-coaching.fr\/timeplus\/index.php\/urgent-et-important\/","title":{"rendered":"L&rsquo;urgent et l&rsquo;important"},"content":{"rendered":"<p>Savez-vous faire la diff\u00e9rence entre ce qui est IMPORTANT et ce qui est URGENT ? Beaucoup de gens ne font pas la diff\u00e9rence. Pour eux, ce qui est Important et forc\u00e9ment Urgent, et inversement.  <\/p>\n<p>Dans mes formations, il y a toujours un groupe qui d\u00e9fend un principe d&rsquo;inclusion : ce qui est Urgent est forc\u00e9ment Important, alors que l&rsquo;inverse n&rsquo;est pas toujours vrai. Mais en quelques questions et exemples (plut\u00f4t des contre-exemples), ce principe devient absurde.  <\/p>\n<p>Quelques minutes apr\u00e8s cette question, je pose une autre question :  <\/p>\n<p>&#8211; Qu&rsquo;est-ce qui fait le charme de la salade m\u00e9diterran\u00e9enne ? Les tomates ou les concombres ?  <\/p>\n<p>L\u00e0 encore, certaines personnes se sentent oblig\u00e9es de faire un choix (la fa\u00e7on dont la question est pos\u00e9e les y invite). Mais nous finissons par conclure qu&rsquo;une salade m\u00e9diterran\u00e9enne sans tomates ou sans concombre n&rsquo;est plus une salade m\u00e9diterran\u00e9enne. Il s&rsquo;agit de deux ingr\u00e9dients compl\u00e9mentaires et compl\u00e8tement diff\u00e9rents. Ils ne peuvent s&rsquo;opposer car ils ne sont pas comparables. La seule raison pour laquelle on en parle dans la m\u00eame phrases, c&rsquo;est parce qu&rsquo;ENSEMBLE, ils constituent la base de la salade en question.  <\/p>\n<p>Qu&rsquo;est-ce qui permet de faire du pain ? La farine ou l&rsquo;eau ? M\u00eame principe : \u00e0 moins d&rsquo;y r\u00e9fl\u00e9chir s\u00e9rieusement, la plupart des gens vous diront que c&rsquo;est la farine&#8230; Je leur r\u00e9ponds : essayez de faire du pain sans eau !  <\/p>\n<p>L\u00e0 o\u00f9 je veux en venir, c&rsquo;est que nous avons tendance \u00e0 faire des choix triviaux, en opposant les choses ou en les comparant ou en les incluant les unes dans les autres. C&rsquo;est dans notre formation organisationnelle (mais pas forc\u00e9ment dans notre nature).  <\/p>\n<p>J\u2019utilise ces exemples pour vous expliquer l&rsquo;un des plus grands secrets de ceux qui savent g\u00e9rer leur temps : ils distinguent l&rsquo;Urgent et l&rsquo;Important autant que les tomates et les concombres, sans les opposer ni les comparer, ni les inclure. Ils ont bien compris qu&rsquo;il s&rsquo;agit de deux choses compl\u00e8tement diff\u00e9rentes, et non seulement ils sont capables de vous donner une d\u00e9finition claire du mot IMPORTANT et du mot URGENT, mais lorsqu&rsquo;ils accueillent une nouvelle t\u00e2che dans leur planning, ils per\u00e7oivent instantan\u00e9ment son degr\u00e9 d&rsquo;urgence d&rsquo;une part, et son degr\u00e9 d&rsquo;importance d&rsquo;autre part. Ces deux param\u00e8tres vont d\u00e9finir le temps qu\u2019ils accorderont \u00e0 cette action, et quand ils vont la traiter.  <\/p>\n<p>S&rsquo;ils utilisent ces deux param\u00e8tres, ce n&rsquo;est ni pour les comparer, ni pour les opposer, c&rsquo;est parce qu&rsquo;ENSEMBLE, l&rsquo;IMPORTANT et l&rsquo;URGENT constituent la base de leur recette. Il y a d&rsquo;autres choses qui interviennent, mais ils sont conscients que pour faire du pain, il faut de la farine ET de l&rsquo;eau. LE DEUX !  <\/p>\n<p>Alors passons aux d\u00e9finitions. Attention, ce que je vais vous livrer pourrait vous surprendre, car ce ne sont pas des d\u00e9finitions classiques. Elles sont contextuelles : ces d\u00e9finitions sont celles des personnes qui veulent mieux g\u00e9rer leur temps. Elles sont forc\u00e9ment plus \u00abchaudes\u00bb que celles que vous trouverez dans le dictionnaire. Aussi, je vais vous demander d&rsquo;augmenter votre \u00abcapacit\u00e9 d&rsquo;accueil\u00bb de concepts novateurs :  <\/p>\n<h2>Qu&rsquo;est-ce qu&rsquo;une action URGENTE ?<\/h2>\n<p>La d\u00e9finition est tr\u00e8s simple d&rsquo;apparence :  <\/p>\n<blockquote>\n<p>Une action urgente est une action qui doit \u00eatre ex\u00e9cut\u00e9e dans un d\u00e9lai relativement court. Un d\u00e9lai au-del\u00e0 duquel l&rsquo;action n&rsquo;a plus lieu d&rsquo;exister. <\/p>\n<\/blockquote>\n<p>Je voudrais d&rsquo;abord m&rsquo;arr\u00eater sur <b>\u00abrelativement court\u00bb<\/b>. Beaucoup de gens pensent que ce qui est urgent doit \u00eatre ex\u00e9cut\u00e9 imm\u00e9diatement&#8230; C\u2019est faux ! L&rsquo;urgence se d\u00e9finit dans un \u00abcadre temporel\u00bb : il y a des choses \u00e0 faire imm\u00e9diatement, d&rsquo;autres qui sont \u00e0 faire dans l&rsquo;heure, d&rsquo;autres \u00e0 faire dans la journ\u00e9e, la semaine, le mois, l&rsquo;ann\u00e9e&#8230; Les urgences se planifient. Elles ne sont pas sens\u00e9es tout interrompre et prendre le dessus sur l\u2019activit\u00e9 en cours.  <\/p>\n<p>Pour que cette planification soit efficace, tout d\u00e9pend de l&rsquo;\u00e9ch\u00e9ance de l\u2019objectif global, et de votre capacit\u00e9 \u00e0 faire des projets \u00e0 long terme. Pour ceux qui vivent au jour le jour, il est \u00e9vident que ce qui est urgent est \u00e0 faire dans la journ\u00e9e&#8230; Mais pour ceux qui planifient des projets sur 5 ou 10 ans, certaines choses urgentes sont \u00e0 faire dans le mois ou le trimestre. Il y a donc bien une <strong>relativit\u00e9 dans l&rsquo;urgence<\/strong>. Elle d\u00e9pend de la dur\u00e9e globale du projet.  <\/p>\n<p>Ensuite, je voudrais m&rsquo;arr\u00eater sur la <strong>\u00abraison d&rsquo;exister\u00bb<\/strong> de l&rsquo;action : si vous \u00eatre traiteur et vous devez livrer une pi\u00e8ce mont\u00e9e pour un mariage avant 18 heures, vous comprenez bien que l&rsquo;action n&rsquo;aura aucune raison d&rsquo;exister le lendemain. Si vous arrivez devant les mari\u00e9s le lendemain matin en vous excusant, car vous avez eu un emp\u00eachement, vous pourriez repartir, coiff\u00e9 d&rsquo;une pi\u00e8ce mont\u00e9e ! Cela pourrait vous faire rire, mais j&rsquo;ai vu un traiteur arriver le lendemain d&rsquo;un mariage, exigeant le compl\u00e9ment de l&rsquo;acompte, comme pr\u00e9vu : \u00e0 la livraison !  <\/p>\n<p>Cette personne n&rsquo;avait aucune notion de l&rsquo;URGENCE. Je ne sais pas ce qui l&rsquo;a emp\u00each\u00e9 de faire sa livraison \u00e0 temps (c&rsquo;\u00e9tait peut-\u00eatre un cas de force majeure), mais ce qui est s\u00fbr, c&rsquo;est qu&rsquo;il aurait mieux fait de rester chez lui le lendemain, au lieu de d\u00e9barquer dans le gite o\u00f9 les mari\u00e9s et leurs intimes ne l&rsquo;attendaient plus. Surtout le p\u00e8re de la mari\u00e9e, qui s\u2019\u00e9tait occup\u00e9 de cette mission&#8230;  <\/p>\n<p>Observez vos t\u00e2ches, et rep\u00e9rez ce qui est urgent en pensant \u00e0 cette d\u00e9finition et \u00e0 l\u2019exemple que je viens de vous donner. De m\u00eame qu&rsquo;un m\u00e9decin n&rsquo;est pas sens\u00e9 diagnostiquer une phl\u00e9bite apr\u00e8s l&#8217;embolie, de m\u00eame qu&rsquo;un banquier n&rsquo;a pas \u00e0 accorder un cr\u00e9dit \u00e0 son client une fois la faillite prononc\u00e9e, de m\u00eame qu&rsquo;un parent n&rsquo;est pas sens\u00e9 faire manger son enfant une fois que celui-ci a soulag\u00e9 sa faim avec un paquet de chips, vous avez aussi des urgences qui n\u2019auront plus cours &#8230; Elles sont facilement reconnaissables : au-del\u00e0 d&rsquo;une certaine heure ou d&rsquo;un certain \u00e9v\u00e8nement, ce n\u2019est m\u00eame plus la peine d\u2019y penser ! Elles \u00e9taient essentielles quelques minutes auparavant, et sont devenues compl\u00e8tement inutiles au-del\u00e0 d&rsquo;un seuil. Il suffit de vous projeter au-del\u00e0 du d\u00e9lai que vous planifiez :  <\/p>\n<ul>\n<li>Si vous planifiez votre journ\u00e9e, ce qui est urgent c&rsquo;est ce qui n&rsquo;aura plus de raison d&rsquo;exister le lendemain.\n<li>Si vous planifiez votre semaine, ce qui est urgent, c&rsquo;est ce qui n&rsquo;aura plus de raison d&rsquo;exister la semaine prochaine\n<li>Etc.<\/li>\n<\/ul>\n<p>R\u00e9fl\u00e9chissez bien \u00e0 la dur\u00e9e globale de l&rsquo;action. Plus l\u2019\u00e9ch\u00e9ance est lointaine, moins vous aurez un <strong>sentiment d\u2019urgence<\/strong>. Pourtant, c\u2019est en d\u00e9cortiquant l\u2019action urgente de la semaine en plusieurs petites t\u00e2ches urgentes quotidiennes, que vous pourrez \u00e0 en venir \u00e0 bout. Une action peut donc \u00eatre constitu\u00e9e de plusieurs urgences \u00e0 planifier dans la semaine, et confi\u00e9es \u00e0 diff\u00e9rents acteurs.  <\/p>\n<p>Les procrastinateurs vivent dans de fausses urgences : il s\u2019agit d\u2019urgences \u00absurgissantes\u00bb. Elles apparaissent soudainement au dernier moment, et sont soumise par d\u2019autres (c\u2019est du moins la sensation principale). Pourtant, elles s\u2019annon\u00e7aient depuis des jours : il s\u2019agissait d\u2019urgence relatives au mois ou \u00e0 la semaine, que les procrastinateurs ne prennent pas au s\u00e9rieux.  <\/p>\n<p>Les personnes qui g\u00e8rent bien leur temps ont de vraies urgences : la plupart d\u2019entre elles sont programm\u00e9es. Les autres sont pr\u00e9visibles donc ils leur font de la place dans leur planning. Sans savoir de quoi il s\u2019agira exactement, ils savent d\u2019avance qu\u2019il y aura des surprises. C\u2019est d\u2019ailleurs ce qui rend leurs journ\u00e9es int\u00e9ressantes !&nbsp; <\/p>\n<p>C\u2019est la diff\u00e9rence entre le TEMPS AMI, et le TEMPS ENNEMI.  <\/p>\n<h2>Qu&rsquo;est-ce qu&rsquo;une action IMPORTANTE ?<\/h2>\n<p>D&rsquo;abord, je voudrais vous ramener vers une pens\u00e9e philosophique (ou spirituelle). Elle pourrait vous para\u00eetre absurde dans certains contextes, mais elle va lib\u00e9rer votre pens\u00e9e pour que vous puissiez envisager les choses autrement :  <\/p>\n<p align=\"center\"><strong><font color=\"#804040\" size=\"4\">TOUT EST IMPORTANT ! <\/font><\/strong> <\/p>\n<p>C&rsquo;est vrai ! Je suis en train de travailler sur un projet super important&#8230; Essentiel ! Le probl\u00e8me, c&rsquo;est que si je vous en parle, vous allez me demander pourquoi je vous fais perdre votre temps avec \u00e7a !  <\/p>\n<p>Et oui&#8230; Ce qui est important pour moi, ne l&rsquo;est pas forc\u00e9ment pour vous ! Or nous avons tendance \u00e0 croire que ce qui est important pour soi est forc\u00e9ment important pour les autres, en particulier pour notre entourage. Que ce soit dans une \u00e9quipe ou dans une famille, certains membres ont une telle perception de leurs importances, qu&rsquo;ils ne parviennent pas \u00e0 comprendre pourquoi \u00e7a ne touche pas les autres !  <\/p>\n<p>Pour certaines personnes, la sant\u00e9 c&rsquo;est important. Pour d&rsquo;autres, c&rsquo;est la carri\u00e8re professionnelle qui prime, quitte \u00e0 s&rsquo;esquinter la sant\u00e9. Ce qui est important, c&rsquo;est <strong>ce qui a de la VALEUR pour vous<\/strong>.  <\/p>\n<p>Vous pourriez me r\u00e9pondre qu\u2019il y a des choses qui ont une importance collective. Je suis d\u2019accord. Mais observez les projets politiques (d\u2019importance collective) : vous voyez bien que chaque camp a ses importances, et que si au fond, le but est de vivre heureux, en pratique, les importances des uns et des autres ne sont pas les m\u00eames. Vous adh\u00e9rez aux projets collectifs dont les IMPORTANCES correspondent aux v\u00f4tres !  <\/p>\n<p>Le mot \u201cIMPORTANT\u201d perd de son sens, si on tente de le ramener \u00e0 l\u2019Univers tout entier. D\u2019un point de vue universel, chaque chose est importante. Y compris la poussi\u00e8re. Ce serait donc un p\u00each\u00e9 de passer l\u2019aspirateur ! Vous ne pouvez mesurer l\u2019importance d\u2019une chose, que par rapport \u00e0 un r\u00e9f\u00e9rentiel. Et en ce qui concerne la prise de d\u00e9cision, l\u2019optimisation du temps, la confiance en soi, la gestion des \u00e9motions et du stress, la d\u00e9finition des objectifs, et tout ce qui concerne le D\u00e9veloppement Personnel, il n\u2019y a un r\u00e9f\u00e9rentiel dominant : <strong>c\u2019est vous !<\/strong>  <\/p>\n<h2>Votre&nbsp; SYSTEME D\u2019IMPORTANCE<\/h2>\n<p>Prenez une feuille, et \u00e9crivez les 5 choses les plus importantes pour vous. Pour faire votre choix (car vous avez certainement de nombreuses valeurs), dites-vous que pour \u00e9crire votre biographie, il vous suffirait de consacrer une vingtaine de pages \u00e0 chacune de ces 5 importances.<\/p>\n<p>Vous pouvez \u00e9galement vous poser la question recommand\u00e9e dans le film de D\u00e9veloppement Personnel intitul\u00e9 \u201cI-OLOGY\u201d :<\/p>\n<ul>\n<li>Qu\u2019est-ce qui me fait me sentir important ?<\/li>\n<\/ul>\n<p>Ainsi que d\u2019autres questions li\u00e9es \u00e0 l\u2019Importance comme :<\/p>\n<ul>\n<li>A quelle occasion me suis-je senti important ces derniers temps ?\n<li>Quels sont les moments de ma vie o\u00f9 je me suis senti vraiment important ?\n<li>Pour qui suis-je important ?\n<li>Quelles sont les personnes importantes pour moi ?\n<li>Qu\u2019est-ce qui est important dans ma relation de couple ?\n<li>Qu\u2019est-ce qui est important dans mon travail ?\n<li>etc.<\/li>\n<\/ul>\n<p>Toutes les questions doivent tourner <strong>autour de VOUS<\/strong>, et les r\u00e9ponses aussi.  <\/p>\n<p>Une fois que vous aurez fait ce petit tour d\u2019horizon, le mot IMPORTANT sera plus clair pour vous. L\u2019IMPORTANCE deviendra un SYSTEME, un \u00aborganisme vivant\u00bb que vous porterez en vous (dans votre conscience). Lorsque vous devrez prendre une d\u00e9cision IMPORTANTE, ce syst\u00e8me se mettra en action de fa\u00e7on coh\u00e9rente.  <\/p>\n<p>Face \u00e0 une intention, vous pourrez prononcer un ou deux \u201cOui mais\u2026\u201d, toutefois, ces objections trouveront rapidement un compromis ou s\u2019effaceront d\u2019elles-m\u00eames.  <\/p>\n<p>En bref, acceptez l\u2019id\u00e9e que ce qui est IMPORTANT dans la vie, c\u2019est ce qui est IMPORTANT dans VOTRE VIE.  <\/p>\n<h2>Recadrages<\/h2>\n<p>Pensez \u00e0 maintenir r\u00e9guli\u00e8rement votre SYSTEME D\u2019IMPORTANCE, car il \u00e9volue avec le temps, et peut \u00eatre subitement boulevers\u00e9. Par exemple, lorsque l\u2019enfant para\u00eet, le b\u00e9b\u00e9 prend une importance majeure, puis en devenant autonome, il cr\u00e9e son propre syst\u00e8me. De fait, il prend une nouvelle place dans le n\u00f4tre.  <\/p>\n<p>Si vous changez de m\u00e9tier ou de poste, si vous prenez votre retraite, si vous cr\u00e9ez une entreprise, si vous obtenez une augmentation, si vous h\u00e9ritez\u2026 il y aura des bouleversements dans votre syst\u00e8me d\u2019importance. Reposez-vous les questions relatives \u00e0 vos importances r\u00e9guli\u00e8rement  <\/p>\n<p><strong>Avis personnel<\/strong> : le meilleur moment pour un recadrage du syst\u00e8me d\u2019importance est le d\u00e9but de chaque saison (4 fois par an !). Le Grand Nettoyage de Printemps est mon pr\u00e9f\u00e9r\u00e9.  <\/p>\n<h2>Blocages<\/h2>\n<p>Vous pourriez ressentir quelques blocages, notamment si vous interpr\u00e9tez mes propos comme l\u2019apologie de l\u2019\u00e9go\u00efsme ou un d\u00e9ni de l\u2019altruisme. Rappelez-vous que l\u2019altruiste est beaucoup plus efficace lorsqu\u2019il se donne les moyens d\u2019aider les autres. Beaucoup trop d\u2019altruistes on tendance \u00e0 r\u00e9duire leur importance, au point de ne plus pouvoir aider personne&#8230; Pire : ils ont besoin de se faire aider. C\u2019est du g\u00e2chis, puisqu\u2019en acceptant l\u2019id\u00e9e qu\u2019ils sont importants pour les autres, ils peuvent agir autrement et remplir v\u00e9ritablement leur mission.  <\/p>\n<p>L\u2019altruisme est une attitude de sagesse. C\u2019est loin d\u2019\u00eatre un acte \u00e9motionnel incontr\u00f4l\u00e9 soumis \u00e0 divers tiraillements. Au contraire, c\u2019est un engagement personnel, souvent organis\u00e9 d\u2019avance. Si vous \u00eates altruiste, lorsque vous d\u00e9finissez vos <strong>importances<\/strong>, vous tenez compte des personnes que vous voulez aider. A la question :  <\/p>\n<ul>\n<li>A quelle occasion me suis-je senti important ces derniers temps ? <\/li>\n<\/ul>\n<p>Vous r\u00e9pondrez :  <\/p>\n<p>&#8211; Lorsque j\u2019ai install\u00e9 une pompe \u00e0 eau dans un village africain.  <\/p>\n<p>ou encore  <\/p>\n<p>&#8211; Lorsque j\u2019ai fait le clown dans un h\u00f4pital pour enfants  <\/p>\n<p>Ne vous bloquez pas lorsqu\u2019on vous demande d\u2019\u00e9valuer ce qui est IMPORTANT en fonction de vous. Plus vous l\u2019accepterez, mieux vous aurez g\u00e9rer votre temps. Avec un second avantage : vous comprendrez que les autres raisonnent de la m\u00eame fa\u00e7on. Ce qui vous permettra de d\u00e9l\u00e9guer avec plus d\u2019efficacit\u00e9.  <\/p>\n<p>Gardez le contr\u00f4le en \u00e9valuant ce qui est important POUR VOUS. Ceci vous permettra d\u2019agir en vous renfor\u00e7ant dans tous les domaines, y compris celui du don de soi. <strong>SOYEZ<\/strong> une personne importante, et vous donnerez plus, mieux, et plus longtemps.  <\/p>\n<h2>Conseil de \u201clecture\u201d :<\/h2>\n<p>Avec les nouvelles technologies, il existe de nouveaux moyens de s\u2019instruire et de se d\u00e9velopper. Pour cr\u00e9er votre syst\u00e8me d\u2019importance avec m\u00e9thode et \u00e9motions, je vous propose <a href=\"http:\/\/boutique.libreentreprise.com\/boutique\/index_affilie.cfm?num=VFPJVP&amp;url_aff=http:\/\/boutique.libreentreprise.com\/boutique\/fiche_produit.cfm?ref=DVD0009&amp;type=61&amp;code_lg=lg_fr&amp;num=8\">Le film \/ reportages I-OLOGY<\/a>.  <\/p>\n<p>A voir et \u00e0 revoir r\u00e9guli\u00e8rement pour en saisir tous les aspects.  <\/p>\n<p>A++  <\/p>\n<p>St\u00e9phane SOLOMON<\/p>\n","protected":false},"excerpt":{"rendered":"<p>Savez-vous faire la diff\u00e9rence entre ce qui est IMPORTANT et ce qui est URGENT ? Beaucoup de gens ne font pas la diff\u00e9rence. Pour eux, ce qui est Important et forc\u00e9ment Urgent, et inversement. Dans mes formations, il y a &hellip; <a href=\"https:\/\/auto-coaching.fr\/timeplus\/index.php\/urgent-et-important\/\">Lire la suite <span class=\"meta-nav\">&rarr;<\/span><\/a><\/p>\n","protected":false},"author":1,"featured_media":0,"parent":0,"menu_order":0,"comment_status":"open","ping_status":"open","template":"","meta":[],"_links":{"self":[{"href":"https:\/\/auto-coaching.fr\/timeplus\/index.php\/wp-json\/wp\/v2\/pages\/562"}],"collection":[{"href":"https:\/\/auto-coaching.fr\/timeplus\/index.php\/wp-json\/wp\/v2\/pages"}],"about":[{"href":"https:\/\/auto-coaching.fr\/timeplus\/index.php\/wp-json\/wp\/v2\/types\/page"}],"author":[{"embeddable":true,"href":"https:\/\/auto-coaching.fr\/timeplus\/index.php\/wp-json\/wp\/v2\/users\/1"}],"replies":[{"embeddable":true,"href":"https:\/\/auto-coaching.fr\/timeplus\/index.php\/wp-json\/wp\/v2\/comments?post=562"}],"version-history":[{"count":45,"href":"https:\/\/auto-coaching.fr\/timeplus\/index.php\/wp-json\/wp\/v2\/pages\/562\/revisions"}],"predecessor-version":[{"id":703,"href":"https:\/\/auto-coaching.fr\/timeplus\/index.php\/wp-json\/wp\/v2\/pages\/562\/revisions\/703"}],"wp:attachment":[{"href":"https:\/\/auto-coaching.fr\/timeplus\/index.php\/wp-json\/wp\/v2\/media?parent=562"}],"curies":[{"name":"wp","href":"https:\/\/api.w.org\/{rel}","templated":true}]}}