{"id":607,"date":"2013-07-31T07:53:39","date_gmt":"2013-07-31T05:53:39","guid":{"rendered":"http:\/\/auto-coaching.fr\/timeplus\/?page_id=607"},"modified":"2013-08-08T23:38:47","modified_gmt":"2013-08-08T21:38:47","slug":"la-matrice-d-eisenhower","status":"publish","type":"page","link":"https:\/\/auto-coaching.fr\/timeplus\/index.php\/la-matrice-d-eisenhower\/","title":{"rendered":"La matrice d&rsquo;Eisenhower"},"content":{"rendered":"<p>Pour l&rsquo;histoire : Dwight David Eisenhower (1890 &#8211; 1969) fut le 34\u00e8me pr\u00e9sident des Etats-Unis. Il cumula 2 mandats \u00e0 partir de 1953. Ses ant\u00e9c\u00e9dents militaires sont remarquables : c&rsquo;est \u00e0 lui qui commanda les op\u00e9rations du d\u00e9barquement du 6 juin 1944. Il fut appr\u00e9ci\u00e9 pour son calme, sa finesse, son sens des valeurs, sa foi en l&rsquo;avenir&#8230; En tant que Pr\u00e9sident, il valida de nombreux projets, comme la cr\u00e9ation de la NASA, pour ne citer qu&rsquo;un exemple.<\/p>\n<p>Parmi les documents d\u00e9cisionnels qu&rsquo;il utilisait, on remarque un outil baptis\u00e9 \u00ab la matrice d&rsquo;Eisenhower \u00bb, dont voici une repr\u00e9sentation :<\/p>\n<p><a href=\"http:\/\/www.virtua.fr\/mail-coaching\/planif-coach\/documents\/matriceEisenhower.pdf\">La matrice d&rsquo;Eisenhower<\/a> &lt;\u2014 T\u00e9l\u00e9chargez ce document<\/p>\n<p>Eisenhower consid\u00e9rait qu&rsquo;une action devait \u00eatre qualifi\u00e9e par deux attributs : l&rsquo;URGENCE d&rsquo;une part, et l&rsquo;IMPORTANCE d&rsquo;autre part. Son analyse permet de donner deux dimensions \u00e0 la prise de d\u00e9cision. De plus, c&rsquo;est un diagramme facile \u00e0 tracer \u00e0 la main \u00absur un coin de table\u00bb.<\/p>\n<p>L\u2019int\u00e9r\u00eat de cette simplification est \u00e9norme:<\/p>\n<ul>\n<li>Lorsque les choses \u00e0 faire se multiplient, nous avons tendance \u00e0 nous occuper uniquement de ce qui est urgent. Or toute chose importante devient urgente \u00e0 un moment donn\u00e9 (puis caduque). Le fait de lister les importances et de les reconna\u00eetre, permet d\u2019anticiper les futures urgences. C\u2019est \u00e9norme ! Peu de gens s\u2019autorisent \u00e0 le faire.\n<li>La prise de d\u00e9cision est souvent soumise \u00e0 des dizaines de crit\u00e8res. Est-ce \u00e9conomique, rentable, \u00e9cologique, juste, \u00e9quitable, motivant&#8230; ? A force d\u2019\u00e9valuer les choses en approfondissant les valeurs et les croyances, on finit par passer plus de temps en philosophie humaniste qu\u2019en actions. Or un humaniste qui n\u2019agit pas, c\u2019est un comble ! Le fait de se demander si une chose est simplement IMPORTANTE (pour soi), nous ram\u00e8ne vers notre mission, et permet d\u2019\u00e9viter l\u2019analyse excessive (qui se termine, de toute fa\u00e7on, par une action tourment\u00e9e).\n<li>Reconna\u00eetre que dans les id\u00e9es qui traversent notre esprit, il y a une certaine proportion de choses qui ne sont ni urgentes, ni importantes, c\u2019est \u00e9norme ! Selon notre \u00e9tat interne, \u00e7a peut nous amuser, nous agacer, nous \u00e9veiller&#8230; En pratique, ces id\u00e9es sont une source de cr\u00e9ativit\u00e9. Ecrites telles qu\u2019elles, elles sont inutiles, et nous feraient perdre un temps pr\u00e9cieux.&nbsp; Mais que deviendraient-elles lorsque notre imagination d\u00e9cidera de les cuisiner ?\n<li>L\u2019observer sous diff\u00e9rents angles, en tournant la feuille, ou en s\u2019int\u00e9ressant aux zones denses (les cases o\u00f9 il y a le plus d\u2019items), est une source d\u2019interpr\u00e9tations r\u00e9v\u00e9latrices. Par exemple, si vous parvenez \u00e0 remplir la case A (Urgent et Important), alors que la case B (Important, mais non Urgent) reste d\u00e9sesp\u00e9r\u00e9ment vide, cela signifie que vous manquez d\u2019objectifs \u00e0 long terme. Inscrivez-vous \u00e0 OBJECTIFS-COACH ! Si vous ne parvenez pas \u00e0 remplir les cases C et D,cela signifie que vous ne savez pas d\u00e9l\u00e9guer. Il va falloir agir, car il s\u2019agit d\u2019une comp\u00e9tence essentielle.\n<li>Cette matrice est multi-fonction. Vous pouvez vous en servir pour qualifier les t\u00e2ches de la journ\u00e9e ou de la semaine, mais vous pouvez \u00e9galement en faire un outil d\u2019analyse sp\u00e9cifique \u00e0 un projet pr\u00e9cis. Par exemple, vous pouvez avoir une matrice d\u2019Eisenhower r\u00e9serv\u00e9e au projet \u00abacheter une maison\u00bb. Vous y reporterez toutes les t\u00e2ches qui vous traversent l\u2019esprit, et qui ne concernent que ce projet-l\u00e0. Ainsi, vous pourriez avoir un classeur qui contient des dizaines de matrices d\u2019Eisenhower : autant que vous avez de projets&#8230;\n<li>Lorsque vous disposez d\u2019un outil stimulant qui donne des r\u00e9sultat, vous avez envie de l\u2019utiliser (de jouer avec) ! C\u2019est une source de motivation. Au d\u00e9but l\u2019outil est acquis pour un but pr\u00e9cis. Mais au bout d\u2019un moment, son utilisation devient un but. Ce qui donne lieu \u00e0 de nombreuses id\u00e9es cr\u00e9atives.<\/li>\n<\/ul>\n<p>Bref&#8230; La matrice d\u2019Eisenhower n\u2019est pas juste un rectangle divis\u00e9 en 4 cases. C\u2019est un outil qui vous aide \u00e0 mieux vous conna\u00eetre, et \u00e0 ce titre, il est tr\u00e8s motivant.<\/p>\n<p>Revoyons rapidement les deux qualificatifs :<\/p>\n<h3>T\u00e2che URGENTE<\/h3>\n<p>Doit \u00eatre ex\u00e9cut\u00e9e le plus vite possible. Ne peut attendre, car apr\u00e8s l\u2019\u00e9ch\u00e9ance, elle deviendrait caduque. De cette action d\u00e9pendent beaucoup d&rsquo;autres, ou des d\u00e9cisions capitales. L&rsquo;erreur classique est de consid\u00e9rer que tout est urgent ! Par exemple, certaines personnes r\u00e8glent leur messagerie \u00e9lectronique, afin que tout message en partance soit automatiquement marqu\u00e9 comme urgent. Ce pr\u00e9-param\u00e9trage leur nuit bien plus qu&rsquo;il ne leur sert : c\u2019est l\u2019histoire du gar\u00e7on qui criait au loup&#8230;<\/p>\n<p>Autorisez-vous des t\u00e2ches non urgentes ! C\u2019est capital pour votre syst\u00e8me de gestion de temps. Relativisez, recadrez les choses dans le contexte. Donnez du SENS \u00e0 vos actions en r\u00e9\u00e9valuant leur urgence. <\/p>\n<h3>IMPORTANT<\/h3>\n<p>J\u2019ai d\u00e9j\u00e0 \u00e9voqu\u00e9 le concept de l\u2019IMPORTANCE hier en proposant un outil : LE SYSTEME D\u2019IMPORTANCE, bas\u00e9 sur un questionnement. VOS valeurs, VOS croyances, VOS aspirations, VOS acquis, VOS espoirs, VOTRE entourage&#8230; cr\u00e9ent VOS importances. Sinon, tout est important.<\/p>\n<p>Au travail, le syst\u00e8me d\u2019importance peut \u00eatre cr\u00e9\u00e9 selon le m\u00eame processus, en changeant de r\u00e9f\u00e9rentiel. L\u2019entreprise a des projets, des objectifs, une charte, une culture, une histoire, une d\u00e9ontologie (des valeurs !)&#8230; Et vous, vous avez un r\u00f4le dans cette entreprise ! La fonction que vous occupez correspond \u00e0 des comp\u00e9tences acquises ou \u00e0 acqu\u00e9rir, qui vous permettent d\u2019entreprendre tout ce qui est IMPORTANT pour l\u2019entreprise. Votre syst\u00e8me d\u2019importance est bas\u00e9 sur ce bin\u00f4me : <strong>Entreprise \/ Votre fonction<\/strong>. Ce bin\u00f4me est votre r\u00e9f\u00e9rentiel. En cr\u00e9ant un SYSTEME D\u2019IMPORTANCE sp\u00e9cifique \u00e0 votre travail, vous devrez vous placer dans ce contexte, tout en vous rappelant que votre travail contribue \u00e0 votre D\u00e9veloppement Personnel.<\/p>\n<p>Pour \u00eatre pleinement efficace au travail, il convient d\u2019\u00eatre coh\u00e9rent avec votre <strong>fonction<\/strong>. Beaucoup de salari\u00e9s fraichement embauch\u00e9s oublient cette coh\u00e9rence pendant leur p\u00e9riode d\u2019int\u00e9gration (p\u00e9riode d\u2019essai). Ils ont tendance \u00e0 \u201cfaire leur travail\u201d comme ils l\u2019ont toujours fait. Or ce qu\u2019on attend d\u2019eux, ce sont des actions IMPORTANTES pour l\u2019entreprise, et cette entreprise est forc\u00e9ment diff\u00e9rente de la pr\u00e9c\u00e9dente. Inversement, beaucoup d\u2019employeurs ou de managers ne pr\u00e9cisent pas ce qui est important pour l\u2019entreprise. Ils embauchent, et misent sur la capacit\u00e9 d\u2019adaptation de l\u2019employ\u00e9. La plupart des conflits hi\u00e9rarchiques et des licenciements sont issus de cette notion d\u2019IMPORTANCE. Elle est \u00e0 d\u00e9finir, car la prise de d\u00e9cision au quotidien d\u00e9pend d\u2019elle.<\/p>\n<h2>Mode d\u2019emploi de la matrice d\u2019Eisenhower pour planifier votre semaine<\/h2>\n<p>Prenez votre carte hebdomadaire(celle qui contient des t\u00e2ches \u00e9parpill\u00e9es de fa\u00e7on artistique), choisissez une t\u00e2che et posez-vous la question :<\/p>\n<h3>Est-elle urgente ?<\/h3>\n<p>Si oui, la t\u00e2che a sa place dans la colonne de droite (zone A ou C), sinon elle prendra place dans la colonne de gauche (zone B ou D).<\/p>\n<h3 style=\"margin-bottom: 0px\">Est-elle importante ?<\/h3>\n<p style=\"margin-top: 0px; font-size: 9pt\">(pensez \u00e0 votre syst\u00e8me d\u2019importance bas\u00e9 sur votre r\u00e9f\u00e9rentiel, car sinon, ce mot en veut rien dire !)<\/p>\n<p>Si oui, la t\u00e2che a sa place dans la partie haute (zone B ou A), sinon elle prendra place dans la partie basse (zone D ou C).<\/p>\n<p>En vous posant deux questions ind\u00e9pendantes, vous disposerez facilement vos t\u00e2ches dans les 4 cases pr\u00e9vues dans la matrice.<\/p>\n<h3>Actions \u00e0 entreprendre une fois vos t\u00e2ches class\u00e9es :<\/h3>\n<p>Chacune de ces 4 cases m\u00e9rite un traitement particulier.<\/p>\n<table style=\"border-bottom: transparent 0px solid; border-left: transparent 0px solid; margin-top: 12px; width: 100%; border-top: transparent 0px solid; border-right: transparent 0px solid\" cellpadding=\"3\">\n<tbody>\n<tr>\n<td style=\"width: 110px\" valign=\"top\">Case A (<span style=\"font-family: 'Courier New', courier, monospace\">UI<\/span>) :<\/td>\n<td>A faire de suite, vous-m\u00eame. C\u2019est votre TODO-List du jour. La matrice d\u2019Eisenhower peut donc vous aider \u00e0 choisir vos t\u00e2ches du jour. C\u2019est un outil qui affine celui que vous connaissez d\u00e9j\u00e0.<\/td>\n<\/tr>\n<tr>\n<td style=\"width: 110px\" valign=\"top\">Case B (<span style=\"font-family: 'Courier New', courier, monospace\">uI<\/span>) :<\/td>\n<td>Prendre le temps de planifier sur les jours \u00e0 venir (voire \u00e0 reporter sur d\u2019autres semaines). D\u00e9l\u00e9guer si possible.<\/td>\n<\/tr>\n<tr>\n<td style=\"width: 110px\" valign=\"top\">Case C (<span style=\"font-family: 'Courier New', courier, monospace\">Ui<\/span>) :<\/td>\n<td>A transmettre \u00e0 la hi\u00e9rarchie, ou \u00e0 d\u00e9l\u00e9guer le plus rapidement possible. A faire soi-m\u00eame, si peu co\u00fbteux (en temps, en argent, en efforts).<\/td>\n<\/tr>\n<tr>\n<td style=\"width: 110px\" valign=\"top\">Case D (<span style=\"font-family: 'Courier New', courier, monospace\">ui<\/span>) :<\/td>\n<td>Oublier au plus vite ou transmettre \u00e0 quelqu\u2019un d\u2019autre. C\u2019et soit une t\u00e2che qui ne vous concerne pas. Soit une source d\u2019inspiration lorsque vous feuilletterez votre classeur de matrices d\u2019Eisenhower.<\/td>\n<\/tr>\n<\/tbody>\n<\/table>\n<p>Chaque jour, vous pourrez \u00e9tablir une nouvelle matrice, car la case A sera \u00e0 nouveau disponible (ou elle contiendra des t\u00e2ches report\u00e9es de la veille). D&rsquo;autres t\u00e2ches seront d\u00e9plac\u00e9es (si le degr\u00e9 d&rsquo;urgence \u00e0 chang\u00e9 par exemple).<\/p>\n<p>Voici 2 interpr\u00e9tations de votre gestion du temps actuelle, selon la quantit\u00e9 d\u2019informations qui se trouvent dans les 4 cases :<\/p>\n<ul>\n<li><strong>Situation de crise :<\/strong> Beaucoup de t\u00e2ches dans les cases A et C, et peu de t\u00e2ches dans la case B\n<li><strong>Situation id\u00e9ale (sereine et prometteuse) :<\/strong> Beaucoup de t\u00e2ches dans la case B et peu de t\u00e2ches les cases A et C <\/li>\n<\/ul>\n<p>Aspirez \u00e0 la seconde situation. C\u2019est votre solution ! Comment pourriez-vous faire pour y arriver ?<\/p>\n<h3>D&rsquo;autres regards<\/h3>\n<p>Il y a en r\u00e9alit\u00e9 9 regards possibles sur cette matrice :<\/p>\n<ul>\n<li>L&rsquo;int\u00e9gralit\u00e9 de la page repr\u00e9sente l&rsquo;ensemble des choses \u00e0 faire <\/li>\n<li>La partie droite repr\u00e9sente ce qui est \u00e0 faire au plus vite <\/li>\n<li>La partie gauche, ce qui peut attendre <\/li>\n<li>La partie haute, tout ce qu&rsquo;il vous appartient d&rsquo;ex\u00e9cuter ou d&rsquo;analyser, car c\u2019est important POUR VOUS <\/li>\n<li>La partie basse, tout ce qui peut \u00eatre d\u00e9l\u00e9gu\u00e9, car m\u00eame si c\u2019est \u00e0 faire dans l\u2019absolu, \u00e7a ne vous apportera rien <\/li>\n<li>+ les 4 cases pr\u00e9c\u00e9demment \u00e9num\u00e9r\u00e9es (UI, uI, Ui et ui) <\/li>\n<\/ul>\n<h2>Conclusion<\/h2>\n<p>De nombreuses personnes consid\u00e8rent la matrice d&rsquo;Eisenhower comme obsol\u00e8te ou inutilisable au quotidien. On dit parfois qu\u2019elle fait perdre du temps ! La raison principale est due au fait que ces personnes n\u2019ont pas assimil\u00e9 la notion d\u2019IMPORTANCE. Ils confondent souvent Urgent et Important.<\/p>\n<p>C\u2019est pour cette raison que votre syst\u00e8me d\u2019importance doit \u00eatre clair. D\u2019ailleurs, si vous avez du mal \u00e0 utiliser cette matrice (au del\u00e0 de la p\u00e9riode d\u2019initiation), c\u2019est un signe : il faut red\u00e9finir votre syst\u00e8me d\u2019importance en vous posant les bonnes questions (<a href=\"http:\/\/auto-coaching.fr\/timeplus\/index.php\/urgent-et-important\/\" target=\"_blank\">voir l\u2019article pr\u00e9c\u00e9dent<\/a>)<\/p>\n<p>Ainsi, m\u00eame \u00e0 ce niveau, la matrice d\u2019Eisenhower repr\u00e9sente un nouvel int\u00e9r\u00eat : Lorsque la colonne de gauche perd de sa densit\u00e9, c\u2019et un indicateur qui vous signale que votre syst\u00e8me d\u2019importance m\u00e9rite une petite \u201cmise-\u00e0-jour\u201d.<\/p>\n<p>La matrice d\u2019Eisenhower ne remplace pas la TODO-List, elle l\u2019affine :<\/p>\n<ul>\n<li>La carte hebdomadaire est votre source \u00e9nerg\u00e9tique. C\u2019est un processus libre, cr\u00e9atif et n\u00e9cessaire p\u00e9riodiquement\n<li>La matrice d\u2019Eisenhower organise les t\u00e2ches et les id\u00e9es, en proposant un mode op\u00e9ratoire pour chaque type de t\u00e2che. Elle met \u00e9galement en \u00e9vidence ce qui devrait \u00eatre d\u00e9l\u00e9gu\u00e9 (car sans importance pour vous).\n<li>La zone A est votre TODO-List \u201cchaude\u201d : aujourd\u2019hui (demain si vous n\u2019avez pas termin\u00e9). <\/li>\n<\/ul>\n<p>Enfin, m\u00eame si cette matrice permet de g\u00e9rer ses semaines ou ses journ\u00e9es, rappelez-vous que vous pouvez cr\u00e9er des matrices sp\u00e9cifiques \u00e0 des projets pr\u00e9cis (dont la faisabilit\u00e9 d\u00e9passe le cadre de la semaine). Il m\u2019arrive parfois de tracer cette matrice dans un coin de table au restaurant, en parlant avec un client ou un partenaire. Ca donne des id\u00e9es, et \u00e7a nourrit la discussion.<\/p>\n<p>Que ce soit en solo ou en groupe, l\u2019utilisation de cet outil vous permettra d\u2019aller de d\u00e9couverte en d\u00e9couverte.<\/p>\n<p>A++<\/p>\n<p><strong>St\u00e9phane SOLOMON<\/strong><\/p>\n","protected":false},"excerpt":{"rendered":"<p>Pour l&rsquo;histoire : Dwight David Eisenhower (1890 &#8211; 1969) fut le 34\u00e8me pr\u00e9sident des Etats-Unis. Il cumula 2 mandats \u00e0 partir de 1953. Ses ant\u00e9c\u00e9dents militaires sont remarquables : c&rsquo;est \u00e0 lui qui commanda les op\u00e9rations du d\u00e9barquement du 6 &hellip; <a href=\"https:\/\/auto-coaching.fr\/timeplus\/index.php\/la-matrice-d-eisenhower\/\">Lire la suite <span class=\"meta-nav\">&rarr;<\/span><\/a><\/p>\n","protected":false},"author":1,"featured_media":0,"parent":0,"menu_order":0,"comment_status":"open","ping_status":"open","template":"","meta":[],"_links":{"self":[{"href":"https:\/\/auto-coaching.fr\/timeplus\/index.php\/wp-json\/wp\/v2\/pages\/607"}],"collection":[{"href":"https:\/\/auto-coaching.fr\/timeplus\/index.php\/wp-json\/wp\/v2\/pages"}],"about":[{"href":"https:\/\/auto-coaching.fr\/timeplus\/index.php\/wp-json\/wp\/v2\/types\/page"}],"author":[{"embeddable":true,"href":"https:\/\/auto-coaching.fr\/timeplus\/index.php\/wp-json\/wp\/v2\/users\/1"}],"replies":[{"embeddable":true,"href":"https:\/\/auto-coaching.fr\/timeplus\/index.php\/wp-json\/wp\/v2\/comments?post=607"}],"version-history":[{"count":18,"href":"https:\/\/auto-coaching.fr\/timeplus\/index.php\/wp-json\/wp\/v2\/pages\/607\/revisions"}],"predecessor-version":[{"id":760,"href":"https:\/\/auto-coaching.fr\/timeplus\/index.php\/wp-json\/wp\/v2\/pages\/607\/revisions\/760"}],"wp:attachment":[{"href":"https:\/\/auto-coaching.fr\/timeplus\/index.php\/wp-json\/wp\/v2\/media?parent=607"}],"curies":[{"name":"wp","href":"https:\/\/api.w.org\/{rel}","templated":true}]}}