{"id":626,"date":"2013-08-01T10:00:58","date_gmt":"2013-08-01T08:00:58","guid":{"rendered":"http:\/\/auto-coaching.fr\/timeplus\/?page_id=626"},"modified":"2013-08-08T23:34:55","modified_gmt":"2013-08-08T21:34:55","slug":"le-processus-de-manifestation","status":"publish","type":"page","link":"https:\/\/auto-coaching.fr\/timeplus\/index.php\/le-processus-de-manifestation\/","title":{"rendered":"Le processus de manifestation"},"content":{"rendered":"<p>Le but d\u2019une action est de produire un r\u00e9sultat. Si ce r\u00e9sultat est conforme \u00e0 vos aspirations, vous vous accomplissez ! Le bonheur ou le succ\u00e8s d\u00e9pendent de cette coh\u00e9rence entre les actions, les r\u00e9sultats produits, et la conformit\u00e9 avec les aspirations ou les objectifs initialement fix\u00e9s.<\/p>\n<p>Il est tr\u00e8s important de reconna\u00eetre que le m\u00eame \u00e9v\u00e8nement peut avoir un impact diff\u00e9rent chez diff\u00e9rentes personnes. Parfois m\u00eame chez la m\u00eame personne. Par exemple, un demandeur d\u2019emploi re\u00e7oit une r\u00e9ponse positive \u00e0 l\u2019une de ses candidatures : le bon sens nous am\u00e8nerait \u00e0 dire que c\u2019est une excellente nouvelle ! Ses efforts (rendez-vous, appels t\u00e9l\u00e9phoniques, CV, courriers, etc.) ont \u00e9t\u00e9 r\u00e9compens\u00e9s. Mais que se passe-t-il dans la t\u00eate de cette personne, si depuis quelques semaines, elle songe \u00e0 cr\u00e9er son entreprise ? La nouvelle pourrait la mettre dans l\u2019embarras, car ce r\u00e9sultat qui est d\u00fb \u00e0 des actions anciennes, risque de nuire \u00e0 son nouvel objectif. Combien de personnes autour d\u2019elle lui diront :<\/p>\n<ul>\n<li>Un tiens vaut mieux que deux tu l\u2019auras !\n<li>On hasarde \u00e0 perdre en voulant trop gagner\n<li>Le mieux est l\u2019ennemi du bien\n<li>Il ne faut pas l\u00e2cher la proie pour l\u2019ombre\n<li>etc.<\/li>\n<\/ul>\n<p>Mais il y a pire que les pressions externes&#8230; Il y a la pression interne, car ces proverbes, si elle les a entendus et r\u00e9p\u00e9t\u00e9s des ann\u00e9es durant, vont forc\u00e9ment surgir au moment de la nouvelle, avant m\u00eame que d\u2019autres personnes ne soient au courant.<\/p>\n<p>Selon son \u00e9tat d\u2019esprit, et la fa\u00e7on dont elle a \u00e9t\u00e9 pr\u00e9par\u00e9e \u00e0 se confronter \u00e0 ce genre de situation, elle pourrait penser de diff\u00e9rentes mani\u00e8res :<\/p>\n<ul>\n<li>Il est effectivement pr\u00e9f\u00e9rable de miser sur du s\u00fbr&#8230; Je vais accepter l\u2019offre !\n<li>Cette nouvelle prouve que j\u2019ai de la valeur ! Je vais d\u00e9cliner l\u2019offre, \u00e7a me donne du courage pour cr\u00e9er mon entreprise plus vite !\n<li>Je peux faire les deux : travailler pour assurer mon niveau de vie et rassurer mon entourage, tout en continuant \u00e0 \u00e9laborer mon projet de cr\u00e9ation. Ca me prendra un an au lieu de trois mois, mais je finirai par cr\u00e9er ma boite ! Et peut-\u00eatre que cet employeur deviendra mon premier client !<\/li>\n<\/ul>\n<p>Ce n\u2019est qu\u2019un tout petit \u00e9chantillon de r\u00e9actions possibles face \u00e0 cet \u00e9v\u00e8nement. Un \u00e9v\u00e8nement ne peut donc \u00eatre qualifi\u00e9 de bon ou de mauvais, sans l\u2019assentiment de la personne impliqu\u00e9e. Rappelez-vous de cet exemple, et si vous pouvez en citer d\u2019autres, qu\u2019ils soient r\u00e9els ou invent\u00e9s, vous serez plus \u00e0 m\u00eame d\u2019ouvrir votre esprit au fait que c\u2019est votre vision du monde qui d\u00e9termine vos actions.<\/p>\n<p>Pour rester dans le m\u00eame exemple : pour beaucoup de gens, ne rien faire pendant 2 ans, et profiter des allocations est un acte de bon sens.<\/p>\n<p>Lorsque nous agissons nous sommes en qu\u00eates de RESULTATS. C\u2019est une qu\u00eate qui prend racine dans un processus int\u00e9ressant que je vais d\u00e9cortiquer \u00e0 l\u2019envers, puis le remettra \u00e0 l\u2019endroit :<\/p>\n<h2>De l\u2019action au r\u00e9sultat<\/h2>\n<p>Est-il utile de le dire ? Tout r\u00e9sultat est pr\u00e9c\u00e9d\u00e9 d\u2019une action ! Si la personne que j\u2019a cit\u00e9 dans mon exemple n\u2019avait as envoy\u00e9 sa candidature, elle n\u2019aurait pas eu d\u2019offre. C\u2019est une \u00e9vidence : quoi que nous obtenions est le r\u00e9sultat d\u2019une action.<\/p>\n<p>Pour alimenter le d\u00e9bat (ou parfois par esprit de contradiction), on me dit que l\u2019inaction produit aussi des r\u00e9sultats. Mais l\u2019inaction n\u2019existe pas. Ce qu\u2019on appelle l\u2019inaction est le fait de ne pas agir dans un sens. Mais on agit forc\u00e9ment. M\u00eame lorsque vous dormez, vous agissez, et vous obtenez des r\u00e9sultats : moins de fatigue, plus de r\u00eave, un \u00e9tat d\u2019esprit diff\u00e9rent, un lit d\u00e9fait, etc.<\/p>\n<p>La procrastination n\u2019est pas une inaction. C\u2019est le remplacement d\u2019une action par une autre. Les procrastinateurs ne sont pas des fain\u00e9ants. Ils font juste un CHOIX diff\u00e9rent. Parfois, souvent m\u00eame, ce qu\u2019ils font est beaucoup plus \u00e9puisant que l\u2019action repouss\u00e9e au lendemain (puis au surlendemain, etc.).<\/p>\n<p>Alors acceptons cette r\u00e8gle : C\u2019est l\u2019action qui produit un r\u00e9sultat. Ce r\u00e9sultat peut \u00eatre bon ou mauvais, et il appartient \u00e0 l\u2019acteur d\u2019en juger.<\/p>\n<h2>De l\u2019\u00e9motion \u00e0 l\u2019action<\/h2>\n<p>Pour passer \u00e0 l\u2019action, il faut une Energie int\u00e9rieure. En g\u00e9n\u00e9ral on l\u2019appelle la MOTIVATION. Une personne motiv\u00e9e est pleine d\u2019Energie ! Elle passe \u00e0 l\u2019action plu facilement qu\u2019une personne non motiv\u00e9e ou d\u00e9motiv\u00e9e.<\/p>\n<p>Mais qu\u2019est-ce qui fournit cette Energie ? Quel est le g\u00e9n\u00e9rateur ? Et bien nous en avons la certitude depuis quelques ann\u00e9es (prouv\u00e9e par l\u2019imagerie num\u00e9rique du cerveau) : c\u2019est l\u2019\u00e9motion qui stimule l\u2019action.<\/p>\n<p>Ceux qui pensent que c\u2019est la r\u00e9flexion qui la stimule n\u2019ont pas tout \u00e0 fait tort. Ils oublient juste une \u00e9tape.<\/p>\n<p>Il y a deux grands types d\u2019actions : l\u2019action obligatoire (contrainte), et l\u2019action volontaire (enthousiaste). L\u2019\u00e9motion n\u2019est pas la m\u00eame, mais dans les deux cas, il y a bien une production d&rsquo;Energie<\/p>\n<ul>\n<li>L\u2019action obligatoire est soumise \u00e0 des r\u00e8gles ext\u00e9rieures. Il FAUT se lever pour aller travailler, il FAUT payer ses imp\u00f4ts avant une date donn\u00e9e, il FAUT r\u00e9parer le robinet d\u2019eau qui fuit, etc. Il y a pression&#8230; Il y a URGENCE ! C\u2019est le type d\u2019action que nous aimons le moins, car elles nous volent un temps que nous aurions pr\u00e9f\u00e9r\u00e9 utiliser autrement. Elles sont contraignantes, et l\u2019\u00e9motion qui nous guide est <strong>la peur<\/strong> des cons\u00e9quences de l\u2019inaction.\n<li>L\u2019action volontaire, elle, correspond \u00e0 nos choix. Nos vrais choix, bas\u00e9s sur notre SYSTEME D\u2019IMPORTANCE. Nous faisons ce qui est important pour nous, car c\u2019est ce qui nous rend heureux, vivants, enthousiastes ! Le feu int\u00e9rieur qui nous anime nous permet de balayer les obstacles, de surmonter des \u00e9preuves, car le r\u00e9sultat de nos actions, nous rapproche de nos aspirations profondes, vers l\u2019accomplissement de soi. Le processus \u00e9motionnel est tr\u00e8s diff\u00e9rent : ce sont des <strong>\u00e9motions positives<\/strong> qui nous guident. Pour donner un exemple amplifi\u00e9 : imaginez ce musicien qui se l\u00e8ve en pleine nuit, parce qu\u2019il a \u201cr\u00eav\u00e9 une musique\u201d&#8230; Il doit concevoir, r\u00e9aliser, produire&#8230; donc passer \u00e0 l\u2019action ! Rien ne l\u2019arr\u00eatera !&nbsp; Ni la fatigue, ni les incertitudes, ni le doute, ni l\u2019inconfort, ni la peur ! Il utilisera son feu sacr\u00e9 ! <\/li>\n<\/ul>\n<p>Ce sont donc des \u00e9motions fortes qui m\u00e8nent \u00e0 l\u2019action, dans le deux cas. Que ce soit la peur ou le feu sacr\u00e9 <strong>l\u2019\u00e9motion<\/strong> est l\u2019\u00e9nergie qui vous anime !<\/p>\n<p>Ceci signifie que plus notre \u00e9motion sera forte, plus l\u2019action sera dynamique (parfois trop). L\u2019\u00e9motion est l\u2019\u00e9nergie de l\u2019action.<\/p>\n<h2>De la pens\u00e9e \u00e0 l\u2019\u00e9motion<\/h2>\n<p>Puisqu\u2019il faut des \u00e9motions pour agir, afin d\u2019obtenir des r\u00e9sultats, int\u00e9ressons-nous \u00e0 ce qui produit l\u2019\u00e9motion. Car cette manifestation int\u00e9rieure puise forc\u00e9ment ses origines quelque part&#8230;<\/p>\n<p>L\u2019\u00e9motion nait de nos pens\u00e9es, de nos r\u00e9flexions profondes, de l\u2019analyse, du recueillement, de l\u2019observation, des id\u00e9es, du jugement, du raisonnement&#8230; Que de mots pour d\u00e9signer cette cogitation int\u00e9rieure qui finit sa course dans l\u2019\u00e9motion&#8230; Existe-t-il des pens\u00e9es froides, sans \u00e9motions en bout de course ? On pourrait penser que la philosophie est une forme de pens\u00e9e froide ou seul l\u2019intellect est mis \u00e0 contribution, sans jugement, ni arri\u00e8re pens\u00e9e : c\u2019est de la pens\u00e9e \u00e0 l\u2019\u00e9tat pur&#8230; Mais demandez \u00e0 un philosophe pourquoi il a choisi cette voie, et il vous r\u00e9pondra qu\u2019il vit une jubilation int\u00e9rieure lorsqu\u2019il pense sans juger. Plus il pense avec d\u00e9tachement, plus la s\u00e9r\u00e9nit\u00e9 l\u2019habite, plus il se sent heureux. Ce n\u2019est pas la nature de sa pens\u00e9e qui l\u2019am\u00e8nera vers une \u00e9motion, mais c\u2019est le fait de penser d\u2019une certaine mani\u00e8re. Mais l\u2019\u00e9motion est bien pr\u00e9sente : TOUJOURS.<\/p>\n<p>Si on remet les choses dans l\u2019ordre, voici la fa\u00e7on dont les choses se manifestent :<\/p>\n<p>PENSEE \u2013&gt; EMOTION \u2013&gt; ACTION \u2013&gt; RESULTAT<\/p>\n<p>Voici quelques exemples :<\/p>\n<div style=\"margin-top: 18px; width: 734px\" class=\"tableau\">\n<table style=\"border-bottom: black thin solid; border-left: black thin solid; border-top: black thin solid; border-right: black thin solid\" border=\"1\" cellspacing=\"0\" cellpadding=\"2\" width=\"734\">\n<tbody>\n<tr>\n<th valign=\"top\" width=\"362\">Pens\u00e9e \/ R\u00e9flexion<\/th>\n<th valign=\"top\" width=\"235\">Le pont \u00e9motionnel \/ sentimental<\/th>\n<th valign=\"top\" width=\"135\">L\u2019action !<\/th>\n<\/tr>\n<tr>\n<td valign=\"top\" width=\"362\">Il faut que je paye mes imp\u00f4ts, sinon je vais avoir des ennuis<\/td>\n<td valign=\"top\" width=\"235\">La peur d\u2019avoir des ennuis<\/td>\n<td valign=\"top\" width=\"135\">je fais un ch\u00e8que<\/td>\n<\/tr>\n<tr>\n<td valign=\"top\" width=\"362\">Il faut que je me l\u00e8ve pour aller travailler<\/td>\n<td valign=\"top\" width=\"235\">La contrainte<\/td>\n<td valign=\"top\" width=\"135\">Je me l\u00e8ve (fatigu\u00e9)<\/td>\n<\/tr>\n<tr>\n<td valign=\"top\" width=\"362\">Waouw&#8230; Cette musique qui trotte dans ma t\u00eate est sensationnelle, l\u00e8ve-toi et joue !<\/td>\n<td valign=\"top\" width=\"235\">L\u2019enthousiasme<\/td>\n<td valign=\"top\" width=\"135\">Je me l\u00e8ve (en forme) pour jouer<\/td>\n<\/tr>\n<tr>\n<td valign=\"top\" width=\"362\">C\u2019est la f\u00eate des m\u00e8res. J\u2019ai 200km \u00e0 faire pour aller embrasser maman.<\/td>\n<td valign=\"top\" width=\"235\">L\u2019Amour<\/td>\n<td valign=\"top\" width=\"135\">Je roule !<\/td>\n<\/tr>\n<tr>\n<td valign=\"top\" width=\"362\">Il faut que j\u2019\u00e9conomise pour les mauvais jours<\/td>\n<td valign=\"top\" width=\"235\">La peur de l\u2019impr\u00e9vu<\/td>\n<td valign=\"top\" width=\"135\">J\u2019\u00e9conomise&#8230;<\/td>\n<\/tr>\n<tr>\n<td valign=\"top\" width=\"362\">Il faut que j\u2019\u00e9conomise pour mes bons jours<\/td>\n<td valign=\"top\" width=\"235\">L\u2019envie de m\u2019accomplir<\/td>\n<td valign=\"top\" width=\"135\">J\u2019\u00e9conomise !<\/td>\n<\/tr>\n<\/tbody>\n<\/table>\n<\/div>\n<h2>De la programmation \u00e0 la pens\u00e9e<\/h2>\n<p>Mais l\u2019investigation ne s\u2019arr\u00eate pas l\u00e0 ! Nous pourrions nous posez la m\u00eame question concernant la pens\u00e9e :<\/p>\n<p>Qu\u2019est-ce qui nous fait penser ? Qui alimente nos r\u00e9flexions ? Qui anime notre dialogue int\u00e9rieur ? Qui \u00e9limine des options, des hypoth\u00e8ses, des voies&#8230; ?<\/p>\n<p>C\u2019est un ensemble de choses : l\u2019\u00e9ducation, la religion, le retour d\u2019une exp\u00e9rience (ressentie comme un \u00e9chec ou comme une r\u00e9ussite), vos citations pr\u00e9f\u00e9r\u00e9es, vos lectures, les films marquants que vous avez vus, votre culture g\u00e9n\u00e9rale&#8230;<\/p>\n<p>En PNL*, cet ensemble porte un nom : votre \u201cProgrammation\u201d. Nous sommes tous programm\u00e9s pendant notre enfance (par nos nombreux \u00e9ducateurs et mod\u00e8les), nous ob\u00e9issons \u00e0 des lois (par exemple la politesse), ensuite, nos pens\u00e9es sont canalis\u00e9es par cette programmation. C\u2019est aussi automatique et inconscient que la respiration. Notre corps et notre psych\u00e9 fonctionnent sous pilote automatique. C\u2019est vital ! Mais \u00e0 certains moments, nous pouvons d\u00e9cider de respirer autrement, et aussi de penser autrement.<\/p>\n<p>SI je reprenais l\u2019exemple du d\u00e9but de cet article, il est question de cr\u00e9ation d\u2019entreprise. Qu\u2019est-ce qui d\u00e9terminera l\u2019action finale ? C\u2019est la fa\u00e7on dont la personne est programm\u00e9e. Par exemple, elle pourrait se dire que cette proposition d\u2019embauche est un SIGNE, et qu\u2019il arrive juste \u00e0 temps pour l\u2019emp\u00eacher de faire une b\u00eatise ! Cela signifie qu\u2019elle est programm\u00e9e pour donner priorit\u00e9 aux \u00e9v\u00e8nements ext\u00e9rieurs plut\u00f4t qu\u2019\u00e0 ses initiatives personnelles. Elle ob\u00e9it \u00e0 des PARADIGMES.<\/p>\n<p>Un paradigme est une loi ou un ensemble de lois qui programment notre fa\u00e7on de penser. Nos paradigmes d\u00e9terminent notre perception de la vie. Ils ont \u00e0 l\u2019origine de toute prise de d\u00e9cision puisqu\u2019ils cr\u00e9ent des pens\u00e9es sp\u00e9cifiques, qui de fil en aiguille, d\u00e9terminent les r\u00e9sultats : le choix, le moment de l\u2019ex\u00e9cution, l\u2019art et la mani\u00e8re d\u2019agir, le degr\u00e9 de satisfaction face au r\u00e9sultat&#8230; Tout ceci a pour origine vos <strong>paradigmes<\/strong>. Ces petits modules pr\u00e9programm\u00e9s qui vous mettent en mode pilote automatique<\/p>\n<p>Voici donc le processus de manifestations dans l\u2019ordre :<\/p>\n<blockquote>\n<p>Paradigmes \u2014&gt; Pens\u00e9e \u2014&gt; Sentiment \u2014&gt; <strong>Action<\/strong> \u2014&gt; R\u00e9sultat !<\/p>\n<\/blockquote>\n<p>Dans un prochain billet, j\u2019expliquerai en d\u00e9tail le r\u00f4le de cette programmation, et son impact sur vos actions (et inactions). Je vous proposerai \u00e9galement une technique, tr\u00e8s simple et amusante, pour reprogrammer volontairement certaines choses qui ne vous conviennent pas (ou plus) dans votre programmation actuelle.<\/p>\n<p>Relisez ce message, ce soir avant de dormir (imprimez le), en apprenant par-c\u0153ur l\u2019ordre des 5 \u00e9tapes ci-dessus. La compr\u00e9hension du PROCESSUS DE MANIFESTATION vous permettra de prendre conscience de vos comportements et de remonter jusqu\u2019\u00e0 leurs origines. Ceci vous impliquera davantage dans les 4 phases qui m\u00e8nent au r\u00e9sultat.<\/p>\n<h2>Le g\u00e9n\u00e9rique-action : une technique simple \u00e0 votre port\u00e9e<\/h2>\n<p>Mais avant de vous lancer dans la reprogrammation de vos pens\u00e9es (ce qui n\u00e9cessite du temps), vous pouvez agir sur ce qui pr\u00e9c\u00e8de directement l\u2019action : les \u00e9motions.<\/p>\n<div class=\"conseilsLecture\">\n<p>Est-il possible de stimuler nos \u00e9motions de fa\u00e7on volontaire ? Evidemment ! C\u2019est la premi\u00e8re fonction de l\u2019art, et nous nous orientons naturellement vers des choix artistiques qui nourrissent certaines \u00e9motions plut\u00f4t que d\u2019autres. Le simple fait de se demander \u201cest-ce que j\u2019ai envie de voir un film d\u2019aventure ou une com\u00e9die ?\u201d d\u00e9montre que nous s\u00e9lectionnons les \u00e9motions que nous souhaitons amplifier \u00e0 un instant T.<\/p>\n<p>Pensez-vous que vous aurez la m\u00eame attitude avant d\u2019animer une r\u00e9union, selon que vous \u00e9couterez \u201cOh Happy Day\u201d ou \u201cComme d\u2019habitude\u201d en g\u00e9n\u00e9rique (c\u2019est \u00e0 dire 5 minutes avant de prendre la parole) ?<\/p>\n<p>J\u2019aimerais bien conna\u00eetre votre opinion sur ce sujet (les commentaires sont faits pour \u00e7a).<\/p>\n<p>Face \u00e0 la multitude d\u2019appareils mobiles qui nous permettent d\u2019\u00e9couter la musique de notre choix o\u00f9 que nous soyons, pourquoi 80% des gens se contentent-ils d\u2019allumer leur auto-radio avant un rendez-vous d\u00e9cisif ? C\u2019est parce qu\u2019ils n\u2019y croient pas (il ne sont pas programm\u00e9s pour le croire).<\/p>\n<p>Autorisez-vous \u00e0 le croire ! Faites preuve de proactivit\u00e9 en CHOISISSANT votre g\u00e9n\u00e9rique-action. Exp\u00e9rimentez, et gardez ce qui vous r\u00e9ussit !<\/p>\n<p>Tous les conf\u00e9renciers utilisent des techniques \u00e9nerg\u00e9tiques qui leur permettent d\u2019aligner leurs pens\u00e9es et leurs \u00e9motions&nbsp; avant leur intervention. Dans la majorit\u00e9 des cas ils utilisent la musique pour enclencher et acc\u00e9l\u00e9rer le processus.<\/p>\n<blockquote>\n<p>Offrez-vous un g\u00e9n\u00e9rique-action appropri\u00e9, avant un temps fort ! Choisissez vos \u00e9motions et passez \u00e0 l\u2019action !<\/p>\n<\/blockquote>\n<p>Personnellement, je ne peux pas faire le m\u00e9nage ou du classement sans musique&#8230; Et c\u2019est Serge LAMA de pr\u00e9f\u00e9rence. Et vous ? Posez-vous la question et exp\u00e9rimentez !<\/p>\n<p>Vous ne savez pas transformer une musique en MP3, la mettre dans votre smartphone, la d\u00e9placer d\u2019un appareil \u00e0 un autre ? Demandez \u00e0 quelqu\u2019un de le faire pour vous ! Ou mieux : demandez-lui de vous apprendre comment on fait. En bref, donnez de l\u2019IMPORTANCE \u00e0 cette technique et elle deviendra un alli\u00e9 puissant. Et si les nouvelles technologies vous d\u00e9passent, prenez un vieux walkman et des cassettes !<\/p>\n<p>Donnez-vous les moyens d\u2019exp\u00e9rimenter, quels que soient vos blocages&#8230; Le fait que la technique donne des r\u00e9sultats avec du vieux mat\u00e9riel, vous donnera certainement l\u2019Energie n\u00e9cessaire de r\u00e9actualiser vos outils. Pensez \u00e0 l\u2019OBJECTIF, au r\u00e9sultat ! M\u00eame si les moyens sont un peu d\u00e9suets, ce sont les v\u00f4tres ! Une fois les premiers r\u00e9sultats obtenus, lorsque vous aurez besoin de plus de performance, vous am\u00e9liorerez vos outils, et vous comprendrez beaucoup plus facilement l\u2019int\u00e9r\u00eat des nouvelles technologies. Ce qui vous rendra bien plus enseignable&#8230;<\/p>\n<p>A demain,<\/p>\n<\/div>\n<p><strong>St\u00e9phane SOLOMON<\/strong><\/p>\n<p>______<\/p>\n<p>* PNL : Programmation Neuro-Linguistique. Connaissance et pratiques qui vise \u00e0 am\u00e9liorer la communication entre individus et \u00e0 s\u2019am\u00e9liorer personnellement.<\/p>\n","protected":false},"excerpt":{"rendered":"<p>Le but d\u2019une action est de produire un r\u00e9sultat. Si ce r\u00e9sultat est conforme \u00e0 vos aspirations, vous vous accomplissez ! Le bonheur ou le succ\u00e8s d\u00e9pendent de cette coh\u00e9rence entre les actions, les r\u00e9sultats produits, et la conformit\u00e9 avec &hellip; <a href=\"https:\/\/auto-coaching.fr\/timeplus\/index.php\/le-processus-de-manifestation\/\">Lire la suite <span class=\"meta-nav\">&rarr;<\/span><\/a><\/p>\n","protected":false},"author":1,"featured_media":0,"parent":0,"menu_order":0,"comment_status":"open","ping_status":"open","template":"","meta":[],"_links":{"self":[{"href":"https:\/\/auto-coaching.fr\/timeplus\/index.php\/wp-json\/wp\/v2\/pages\/626"}],"collection":[{"href":"https:\/\/auto-coaching.fr\/timeplus\/index.php\/wp-json\/wp\/v2\/pages"}],"about":[{"href":"https:\/\/auto-coaching.fr\/timeplus\/index.php\/wp-json\/wp\/v2\/types\/page"}],"author":[{"embeddable":true,"href":"https:\/\/auto-coaching.fr\/timeplus\/index.php\/wp-json\/wp\/v2\/users\/1"}],"replies":[{"embeddable":true,"href":"https:\/\/auto-coaching.fr\/timeplus\/index.php\/wp-json\/wp\/v2\/comments?post=626"}],"version-history":[{"count":12,"href":"https:\/\/auto-coaching.fr\/timeplus\/index.php\/wp-json\/wp\/v2\/pages\/626\/revisions"}],"predecessor-version":[{"id":758,"href":"https:\/\/auto-coaching.fr\/timeplus\/index.php\/wp-json\/wp\/v2\/pages\/626\/revisions\/758"}],"wp:attachment":[{"href":"https:\/\/auto-coaching.fr\/timeplus\/index.php\/wp-json\/wp\/v2\/media?parent=626"}],"curies":[{"name":"wp","href":"https:\/\/api.w.org\/{rel}","templated":true}]}}