{"id":801,"date":"2013-08-20T09:55:38","date_gmt":"2013-08-20T07:55:38","guid":{"rendered":"http:\/\/auto-coaching.fr\/timeplus\/?page_id=801"},"modified":"2013-08-20T09:56:56","modified_gmt":"2013-08-20T07:56:56","slug":"vos-boules-de-loto","status":"publish","type":"page","link":"https:\/\/auto-coaching.fr\/timeplus\/index.php\/vos-boules-de-loto\/","title":{"rendered":"Vos boules de LOTO&reg;"},"content":{"rendered":"<p>Vous connaissez probablement le jeu du LOTO\u00ae (de la loterie Nationale) :  <\/p>\n<ul>\n<li>Vous choisissez 5 nombres entre 1 et 49, en remplissant une grille\n<li>Le jour du tirage, des num\u00e9ros sont tir\u00e9s au hasard\n<li>A partir de 2 num\u00e9ros communs avec vote grille,&nbsp; vous commencez \u00e0 gagner un peu d\u2019argent\n<li>Si vous avez les 5 num\u00e9ros, c\u2019est la cagnotte, qui repr\u00e9sente plusieurs millions d\u2019euros !<\/li>\n<\/ul>\n<p>Selon le pays ou l\u2019\u00e9poque, il faut choisir 6 ou 7 num\u00e9ros, on gagne \u00e0 partir de 2 ou 3 concordances ou on ajoute des bonus (num\u00e9ro compl\u00e9mentaire, num\u00e9ro de la chance, etc.)  <\/p>\n<p>Une tradition a \u00e9t\u00e9 gard\u00e9e depuis des d\u00e9cennies : le tirage se fait gr\u00e2ce \u00e0 des boules sur lesquelles le num\u00e9ro est inscrit. Une machine les secoue ou les fait tourner, et \u00e0 un instant T, un m\u00e9canisme s\u2019enclenche et l\u2019une des 49 boules glisse vers la sortie. Le processus est r\u00e9p\u00e9t\u00e9, \u00e0 chaque num\u00e9ro qui appara\u00eet les c\u0153urs des joueurs battent son plein.  <\/p>\n<p>(si si\u2026 on dit bien \u201cson plein\u201d et non \u201cleurs pleins\u201d).  <\/p>\n<p>Imaginons \u00e0 pr\u00e9sent un autre le LOTO\u00ae, celui de l\u2019univers : ce ne sont plus des num\u00e9ros, mais des comp\u00e9tences qui sont inscrites sur les boules :  <\/p>\n<ul>\n<li>Savoir parler en public\n<li>Savoir prendre des d\u00e9cisions rapides\n<li>Savoir d\u00e9composer un petit probl\u00e8me en plusieurs petits\n<li>Savoir se fixer des objectifs\n<li>Savoir communiquer\n<li>Savoir demander\n<li>Savoir dire NON\n<li>Savoir d\u00e9l\u00e9guer\n<li>Savoir pardonner\n<li>Savoir parler une langue \u00e9trang\u00e8re\n<li>Savoir donner sans attendre un retour\n<li>Savoir se relever apr\u00e8s l\u2019\u00e9chec\n<li>Savoir\u2026<\/li>\n<\/ul>\n<p>On pourrait poursuivre ainsi, sur des comp\u00e9tence tr\u00e8s sp\u00e9cifiques :  <\/p>\n<ul>\n<li>Savoir go\u00fbter du vin\n<li>Savoir raconter des histoires dr\u00f4les (et les retenir)\n<li>Savoir m\u00e9moriser des noms et les associer \u00e0 des visages\n<li>Savoir marcher sur ses mains\n<li>Savoir soigner avec des plantes\n<li>Savoir faire une facture\n<li>Savoir tenir une comptabilit\u00e9\n<li>Savoir\u2026<\/li>\n<\/ul>\n<p>Bref, une multitudes de savoirs \u00e0 notre disposition. Bien plus que 49\u2026  <\/p>\n<p>Si vous les consid\u00e9rez comme tentantes, amusantes, pratiques, int\u00e9ressantes, pertinentes, etc. vous aurez du mal \u00e0 faire votre choix. Par contre, si vous vous fiez \u00e0 ce qui est IMPORTANT pour vous, vous allez tr\u00e8s vite \u00e9liminer les petites influences, et trouver vos boules de LOTO\u00ae. C\u2019est \u00e0 dire celles qui constituent votre combinaison gagnante.  <\/p>\n<p>Le jeu est invers\u00e9 : le r\u00e9sultat du tirage est connu d\u2019avance, et ce qu\u2019on attends de vous, ce que vous attendez de vous m\u00eame, c\u2019est un parcours qui vous permettra action apr\u00e8s action, de cr\u00e9er une concordance parfaite avec la combinaison gagnante.  <\/p>\n<p>Que feriez-vous si vous connaissez d\u2019avance la combinaison gagnante du prochain tirage ?  <\/p>\n<h2>Jouez pour gagner<\/h2>\n<p>Cette combinaison de comp\u00e9tences, vous pouvez la trouver en vous posant des questions relatives \u00e0 vos aspirations :  <\/p>\n<ul>\n<li>Qu\u2019attendez-vous de vous-m\u00eame en termes de r\u00e9sultats ?<br \/>(ou dans un contexte professionnel : qu\u2019attend-on de vous ? Pourquoi avez-vous \u00e9t\u00e9 embauch\u00e9 ? Pouvez-vous \u00e9voluer avec l\u2019entreprise ?)\n<li>Comment imaginez-vous votre vie une fois les r\u00e9sultats obtenus ?<br \/>(visualisez dans 3 mois, 1, ans, 3 ans, 5 ans, 10 ans\u2026)\n<li>Apr\u00e8s visualisation, ces accomplissements correspondent-ils \u00e0 votre mission, vos aspirations profondes ?<br \/>(Est-ce que cela vous rendra heureux ? Qui d\u2019autre rendrez-vous heureux ?)\n<li>Qui peut vous aider \u00e0 trouver la combinaison gagnante ?<br \/>(vos proches, vos amis, votre employeur, vos collaborateurs, un coach, un formateur, un th\u00e9rapeute\u2026)\n<li>Qu\u2019est-ce qui pourrait vous emp\u00eacher d\u2019avancer et vous diriger vers d\u2019autres combinaisons, aux r\u00e9sultats plus faibles ?<br \/>(des choix impos\u00e9s par votre entreprise ou par votre conjoint, par exemple)<\/li>\n<\/ul>\n<p>Posez-vous d\u2019autres questions relatives \u00e0 cette combinaison gagnante, constitu\u00e9e de comp\u00e9tences&#8230; Ecrivez-les sur une feuille. Faites une liste, voire une matrice d\u2019Eisenhower pour chaque comp\u00e9tence, avec des actions concr\u00e8tes \u00e0 mettre en oeuvre.<\/p>\n<p>Pour vous assurer un parcours r\u00e9gulier et une certaine pers\u00e9v\u00e9rance :  <\/p>\n<ul>\n<li>D\u2019o\u00f9 partez-vous vraiment?<br \/>(Quel est votre niveau dans chacune de ces comp\u00e9tences ?)\n<li>Quels obstacles devrez-vous contourner ?<br \/>(vos propensions naturelles, vos peurs, vos croyances limitantes, un manque de temps, d\u2019argent, de Confiance&#8230;)\n<li>Qui ou qu\u2019est-ce qui peut vous aider \u00e0 progresser dans ces domaines ? <br \/>(votre service formation, vos choix DIF personnels, une association, un club, un salon, etc.)\n<li>A quoi devrez-vous renoncer pour rendre les choses possibles ?<br \/>(il y a un budget \u00e0 transf\u00e9rer, des habitudes \u00e0 changer, des influences \u00e0 \u00e9carter)\n<li>Lorsque je m\u2019am\u00e9liore dans un domaine cl\u00e9, comment \u00e9valuer les r\u00e9sultats ?<br \/>(il y a toujours un r\u00e9sultat visible, voire mesurable. Si c\u2019est une comp\u00e9tence essentielle, vous la verrez glisser el long du tube comme un num\u00e9ro gagnant)\n<li>O\u00f9 vais-je puiser les informations, les documentations, les id\u00e9es pour progresser ?<br \/>(Les documentations, les id\u00e9es, les articles, les fichiers audio et vid\u00e9o sont des ressources pr\u00e9cieuses \u00e0 conserver dans des dossier sp\u00e9cifiques, voire des logiciels tels que <a href=\"http:\/\/office.microsoft.com\/fr-fr\/onenote\/\" target=\"_blank\">ONE NOTE<\/a> ou <a href=\"http:\/\/www.thebrain.com\/affiliates\/?affiliateId=1329\" target=\"_blank\">THE BRAIN<\/a>)\n<li>Qu\u2019est-ce qui peut acc\u00e9l\u00e9rer mon parcours dans tel ou tel domaine ?<br \/>(Par exemple, pour apprendre un langue, il y a les cours, mais \u00e9galement les voyages et les opportunit\u00e9s professionnelles)\n<li>Qui peut m\u2019aider lorsque je me sens d\u00e9motiv\u00e9 ?<br \/>(Lorsque vous \u00eates malade, vous allez voir un m\u00e9decin. La d\u00e9motivation m\u00e9rite un traitement elle aussi, et il y a des professionnels pour \u00e7a, des techniques, des ressources naturelles. Ne laissez aucune chance \u00e0 la d\u00e9motivation de gagner du terrain)<\/li>\n<\/ul>\n<p>Assurez-vous que vous connaissez la combinaison gagnante, et agissez jour apr\u00e8s jour : jouez pour gagner !  <\/p>\n<h2>Les premiers num\u00e9ros gagnants<\/h2>\n<p>A l\u2019image du LOTO\u00ae, si vous vous contentez d\u2019une seule boule, vous perdrez la mise. Si vous r\u00e9ussissez \u00e0 faire concorder 2 comp\u00e9tences avec le tirage, vous r\u00e9cup\u00e9rerez votre mise. Les gains iront croissant \u00e0 partir de la troisi\u00e8me boule, et par analogie au LOTO\u00ae, plus vous vous rapprocherez de la combinaison gagnante, plus ce sera spectaculaire.  <\/p>\n<p>Prenons un exemple : Ren\u00e9 vient de cr\u00e9er son entreprise. Pour obtenir des r\u00e9sultats probants, il a besoin de ces <strong>comp\u00e9tences essentielles<\/strong> :  <\/p>\n<ul>\n<li>Savoir vendre (ou se vendre)\n<li>Savoir g\u00e9rer (l\u2019argent de la soci\u00e9t\u00e9, la comptabilit\u00e9, le stock\u2026)\n<li>Savoir maintenir une veille dans son domaine d\u2019activit\u00e9\n<li>Savoir organiser son temps\n<li>+ les comp\u00e9tence sp\u00e9cifiques \u00e0 son m\u00e9tier.<\/li>\n<\/ul>\n<p>C\u2019est la combinaison gagnante !  <\/p>\n<p>Ren\u00e9 est couvreur. Il conna\u00eet bien son m\u00e9tier, et lorsqu\u2019il d\u00e9croche un chantier, il est vraiment appr\u00e9ci\u00e9 pour ses comp\u00e9tences. Il aime \u00e9galement communiquer, c\u2019est naturel. Mais il a dissoci\u00e9 la communication de la vente : il vient de discuter longuement avec un b\u00e2tisseur, qui aurait pu devenir son principal client pour les 5 ann\u00e9es \u00e0 venir. En raccrochant, le client potentiel se dit : \u201cil est sympa, j\u2019ai appris des choses gr\u00e2ce \u00e0 lui&#8230; Je n\u2019ai plus qu\u2019\u00e0 trouver un couvreur pour faire le travail !\u201d  <\/p>\n<p>Ren\u00e9 pourrait lire un magazine professionnel dans lequel se trouve une publicit\u00e9 proposant une formation intitul\u00e9e \u201c<strong>Artisans, vendez votre art !<\/strong>\u201d. Mais tant qu\u2019il n\u2019aura pas identifi\u00e9 ses boules de LOTO\u00ae, il ignorera cette publicit\u00e9. Quand je dis qu\u2019il l\u2019ignorera, je veux dire qu\u2019il ne la verra m\u00eame pas ! Elle sera sur la m\u00eame page qu\u2019une publicit\u00e9 proposant du mat\u00e9riel pour couvreurs. Il verra l\u2019une et pas l\u2019autre, pendant des mois, voire des ann\u00e9es.  <\/p>\n<p>C\u2019est Le probl\u00e8me de la plupart des cr\u00e9ateurs de petites entreprises. Ils ma\u00eetrisent leur art, mais n\u2019ont pas les comp\u00e9tences requises pour faire fonctionner une entreprise, LEUR entreprise. Le champ de leur client\u00e8le s\u2019en trouve limit\u00e9, et ils se plaignent souvent des travaux qu\u2019on leur confie, qui sont \u201c\u00e0 c\u00f4t\u00e9\u201d de leurs aspirations professionnelles (un couvreur qui fait de la ma\u00e7onnerie, un paysagiste qui fait de l\u2019entretien, un chanteur qui anime des karaok\u00e9\u2026).  <\/p>\n<p>Ils gagnent donc leur vie \u00e0 hauteur de 2 ou 3 num\u00e9ros. Il en manque encore pour gagner la cagnotte. Ceci dit, ils jouent chaque jour et s\u2019\u00e9puisent m\u00eame au travail\u2026 Ils jouent pour ne pas perdre !  <\/p>\n<h2>Des r\u00e9sultat exponentiels<\/h2>\n<p>Voici un exemple de r\u00e9sultat du LOTO\u00ae :  <\/p>\n<p>5 bons N\u00b0 + N\u00b0 de la Chance<br \/>2 000 000,00 \u20ac  <\/p>\n<p>5 bons N\u00b0<br \/>208 478,00 \u20ac  <\/p>\n<p>4 bons N\u00b0<br \/>1 010,50 \u20ac  <\/p>\n<p>3 bons N\u00b0<br \/>8,50 \u20ac  <\/p>\n<p>2 bons N\u00b0<br \/>4,30 \u20ac  <\/p>\n<p>Je ne vous montre pas cette grille pour vous inciter \u00e0 jouer au prochain LOTO\u00ae, mais plut\u00f4t \u00e0 constater qu\u2019au del\u00e0 partir de 3 boules gagnantes, chaque num\u00e9ro multiplie vos gains de fa\u00e7on exponentielle.  <\/p>\n<p>Si vous constatez un gain de 20% ou 30% de plus, c\u2019est bien ! Mais cela signifie simplement que vous avez d\u00e9velopp\u00e9 une comp\u00e9tence d\u00e9j\u00e0 acquise, pas que vous avez acquis et d\u00e9velopp\u00e9 une nouvelle comp\u00e9tence essentielle. Beaucoup de gens cherchent \u00e0 faire \u00abdes progr\u00e8s\u00bb&#8230; Cette attitude permet d\u2019afficher une progression : m\u00eame s\u2019ils multiplient les gains par 2, ils ne refl\u00e8tent pas les r\u00e9sultats d\u2019un nouveau num\u00e9ro. Ce sont des progr\u00e8s qui vous distinguent des autres : c\u2019est ce qui se produit lorsqu\u2019il y a peu de joueurs qui trouvent 2 ou 3 num\u00e9ros, les gains sont l\u00e9g\u00e8rement sup\u00e9rieurs, car partag\u00e9s entre les joueurs. Mais cela n\u2019a rien \u00e0 voir avec un num\u00e9ro gagnent de plus.  <\/p>\n<p>Le jour o\u00f9 Ren\u00e9 comprendra qu\u2019il doit <strong>savoir vendre<\/strong>, et qu\u2019il acceptera l\u2019id\u00e9e que \u00e7a s\u2019apprend, il pourra <strong>aller vers<\/strong> sa nouvelle comp\u00e9tence, car il remarquera toutes les opportunit\u00e9s qui s\u2019offriront \u00e0 lui, en saisira quelques unes, apprendra de ses erreurs, et progressera vers sa 4\u00e8me boule gagnante. Cette nouvelle acquisition sera parfois progressive, parfois spectaculaire !  <\/p>\n<p>Par exemple : Ren\u00e9 communique facilement. Il a donc un pied dans la vente. Il doit int\u00e9grer SA fa\u00e7on de communiquer dans le processus de vente qu\u2019on va lui enseigner. Ses r\u00e9sultats seront rapides. Par contre, s\u2019il ne sait pas g\u00e9rer l\u2019argent de la soci\u00e9t\u00e9, et a des propensions d\u00e9pensi\u00e8res, il lui faudra peut-\u00eatre des ann\u00e9es pour stabiliser les comptes, suite \u00e0 des formations et quelques exp\u00e9riences.  <\/p>\n<h2>LOTO\u00ae, SUPER LOTO\u00ae ou EURO-MILLIONS\u00ae ?<\/h2>\n<p>Ren\u00e9 comprend \u00e9galement l\u2019int\u00e9r\u00eat de maintenir une veille sur son m\u00e9tier. Il constate que les panneau solaires envahissent les toits d\u2019une ville voisine. Il fait ce qu\u2019il faut pour se former dans ce domaine, et commence \u00e0 en installer. Ca marche ! Cette boule-l\u00e0 faisait \u00e9galement partie de la combinaison gagnante. Mais il ne faut pas se leurrer : ce ne sont pas les panneaux solaires qui ont fait le succ\u00e8s de Ren\u00e9. C\u2019est son attitude : il observe ce qui donne des r\u00e9sultats autour de lui, et s\u2019arrange pour entrer dans la danse au lieu de d\u00e9nigrer&#8230; C\u2019est une comp\u00e9tence rare. Si vous l\u2019avez, prenez-en conscience, et utilisez-l\u00e0 ! La plupart des gens restent dans leur zone de confort et qualifient de \u00abmode passag\u00e8re\u00bb toute opportunit\u00e9 de changement.  <\/p>\n<p>Puis, Ren\u00e9 apprend \u00e0 mieux g\u00e9rer son temps, et d\u00e9cide d\u2019engager des apprentis. D\u00e9sormais une bonne partie de son travail est d\u00e9l\u00e9gu\u00e9 \u00e0 des jeunes gens qui apprennent le m\u00e9tier, gr\u00e2ce \u00e0 un mentor d\u2019exception. Il n\u2019y avait pas pens\u00e9 avant, car pour lui, embaucher du personnel \u00e9tait une forme d\u2019exploitation malsaine. Son p\u00e8re lui a toujours pr\u00e9sent\u00e9 le patron comme un salut qui profite de la position de faiblesse de ses employ\u00e9s pour les r\u00e9duire \u00e0 l\u2019esclavage moderne. C\u2019est en \u00e9coutant un business-coach parler \u00e0 la radio, qu\u2019il a d\u00e9couvert une autre approche&#8230; Celle du mentor qui enseigne un m\u00e9tier et perp\u00e9tue une tradition. Il est entr\u00e9 dans la danse&#8230;  <\/p>\n<p>C\u2019est le SUPER LOTO !  <\/p>\n<p>Ren\u00e9 devient LE professionnel de r\u00e9f\u00e9rence des panneaux solaires. Alors qu\u2019il \u00e9tudie les techniques de fabrication (la veille technologique), il s\u2019aper\u00e7oit que certains brevets, pourtant prometteurs, n\u2019ont jamais \u00e9t\u00e9 approuv\u00e9s par les fabricants. Il d\u00e9cide de tenter l\u2019aventure en cr\u00e9ant sa propre marque, tout en exploitant ces brevets. Il s\u2019aper\u00e7oit que le processus est co\u00fbteux et difficilement m\u00e9canisable. La seule solution est de fabriquer en Chine. Or depuis sa plus tendre enfance, son p\u00e8re, ses professeurs et bien d\u2019autres programmateurs ont sem\u00e9 en lui une peur : le \u201cp\u00e9ril jaune\u201d. Il consulte le business-coach qui a cr\u00e9\u00e9 l\u2019\u00e9tincelle un jour o\u00f9 il \u00e9coutait la radio. Il a confiance en son approche, parce que les r\u00e9sultats sont concret dans sa propre vie. Ce dernier reprogramme ses croyances limitantes et lui propose des d\u00e9fis \u00e0 relever : Ren\u00e9 entreprend un voyage en Chine. Il a d\u00e9cid\u00e9, une fois de plus d\u2019aller vers SA nouvelle comp\u00e9tence essentielle afin d\u2019obtenir des r\u00e9sultats.  <\/p>\n<p>Tout se passe bien, \u00e0 part un d\u00e9tail : il doit ma\u00eetriser le chinois ou&nbsp; l\u2019anglais des affaires s\u2019il veut s\u2019assurer une qualit\u00e9 de fabrication sans reproches. On lui conseille de d\u00e9l\u00e9guer cette responsabilit\u00e9 \u00e0 un interm\u00e9diaire, mais il a d\u2019autres projets li\u00e9es \u00e0 la langue de Shakespeare. Il va donc faire d\u2019une pierre deux coups en se fixant l\u2019objectif de ma\u00eetriser l\u2019anglais des affaires en 2 ans. Il a les moyens de se payer un professeur \u00e0 domicile, et s\u2019offre un voyage aux USA 4 fois par an. 2 ans plus tard, il cr\u00e9e sa propre marque de panneaux solaires. Il fournit le monde entier, car ses panneaux sont les seuls \u00e0 fonctionner dans des zones moyennement ensoleill\u00e9es, consid\u00e9r\u00e9es comme in\u00e9ligibles jusqu\u2019\u00e0 ce qu\u2019il prenne les choses en mains. Sa comp\u00e9tence, le \u201cbusiness-english\u201d, lui a permis \u00e0 la fois de rester ma\u00eetre de la qualit\u00e9 de ses produits, et de d\u00e9velopper son r\u00e9seau de vente.  <\/p>\n<p>D\u00e9sormais Ren\u00e9 est en possession de la combinaison gagnante. Nous sommes loin du petit couvreur qui transpirait \u00e0 chaque tirage et qui d\u00e9couvrait 2 ou 3 concordances. Mais malgr\u00e9 les h\u00f4tels somptueux dans lesquels il est re\u00e7u r\u00e9guli\u00e8rement, malgr\u00e9 sa renomm\u00e9e qui le pr\u00e9c\u00e8de partout o\u00f9 il se rend, malgr\u00e9 les biographes qui le traquent pour raconter son histoire, il y a deux choses qi font vibrer son c\u0153ur au del\u00e0 de tout :  <\/p>\n<ul>\n<li>Monter sur un toit avec un nouvel apprenti, une ceinture d\u2019outils autour de la taille. Afin de lui insuffler le fond du m\u00e9tier <\/li>\n<li>Visiter l\u2019\u00e9cole qu\u2019il a b\u00e2tie en Chine, dans laquelle viennent \u00e9tudier des jeunes-gens (parfois des enfants) qu\u2019on a tent\u00e9 de placer dans ses usines. <\/li>\n<\/ul>\n<p>Cette histoire est une fiction, mais elle n\u2019a pas \u00e9t\u00e9 difficile \u00e0 inventer : c\u2019est le propre de toute success-story : Ray Kroc, Jean-Paul Getty, Walt Disney, Steven Spielberg, Aristote Onassis, Thomas Edison, en t\u00e9moignent dans leurs biographies : ils ont d\u00e9velopp\u00e9 plusieurs comp\u00e9tences, car ils attendaient des r\u00e9sultats cl\u00e9 dans diff\u00e9rents domaines clairement identifi\u00e9s. Ceux qui vous diront qu\u2019ils ont eu \u00abde la chance\u00bb vous cachent des choses, ou alors ce sont des comp\u00e9tents inconscients : ils n\u2019ont pas conscience qu\u2019ils ont jou\u00e9. Ou encore, ils ont une certaine vision de la chance, qui n\u2019a rien \u00e0 voir avec le hasard&#8230;  <\/p>\n<h2>La r\u00e9alisation de soi<\/h2>\n<p>La \u201ccombinaison gagnante\u201d fait penser \u00e0 l\u2019argent. Et s\u2019il est vrai que j\u2019en parle souvent (parce que c\u2019est un amplificateur ext\u00e9rieur de votre richesse int\u00e9rieure), je constate volontiers que des personnes moins c\u00e9l\u00e8bres ont b\u00e2ti leurs succ\u00e8s en suivant ce principe de <strong>comp\u00e9tences essentielles<\/strong>, dans des domaines tr\u00e8s vari\u00e9s, en consid\u00e9rant que leur lot ne se chiffrait pas en dollars ou en euros.  <\/p>\n<p>Par exemple :  <\/p>\n<ul>\n<li>Des artistes qui vivent confortablement de leur art et qui consid\u00e8rent ce privil\u00e8ge comme une \u201csuper cagnotte\u201d, parce que chaque jour, ils font ce \u00e0 quoi ils aspirent le plus.\n<li>Des parents qui ont fond\u00e9 une famille nombreuse et qui vivent en harmonie avec leurs 12 enfants. Il est \u00e9vident que l\u2019une de leur boules de loto \u00e9tait l\u2019EDUCATION.\n<li>Des aventuriers, qui se lancent des d\u00e9fis sportifs en utilisant l\u2019argent des sponsors pour r\u00e9aliser leurs r\u00eaves. Le SPORT fait partie de leur combinaison, mais aussi l\u2019art de la PERSUASION. Ils savent demander et \u00e0 A QUI demander\u2026 Ca s\u2019apprend, \u00e7a se travaille, \u00e7a se planifie\u2026\n<li>Des instituteurs ou des professeurs qui ont men\u00e9 des projets d\u2019envergure \u00e0 leur terme, en utilisant les moyens du bord, et en trouvant la combinaison gagnante pour que leurs actions donnent des r\u00e9sultats dans leur cadre de travail.<\/li>\n<\/ul>\n<p>Pour vous r\u00e9aliser vous aussi, commencez \u00e0 \u00e9tablir la liste de vos comp\u00e9tences essentielles. Et jouez pour gagner : d\u00e9veloppez-les toutes ! Elles sont importantes, pour vous et pour vos proches. Parmi ces comp\u00e9tences, il y en a dont vous n\u2019avez peut-\u00eatre jamais entendu parler ou qui demeurent un myst\u00e8re. Par exemple :  <\/p>\n<ul>\n<li>Avez-vous de l\u2019Entregent ?<\/li>\n<li>Aspirez-vous \u00e0 davantage de Congruence ?<\/li>\n<li>Connaissez-vous les pouvoirs cach\u00e9s de la S\u00e9mantique ?<\/li>\n<li>Avez-vous une bonne vision de la Proactivit\u00e9 ?<\/li>\n<li>Avez-vous pens\u00e9 \u00e0 pratiquer la Ma\u00efeutique ?<\/li>\n<li>Etes-vous s\u00fbr d\u2019avoir compris le sens profond du mot Engagement ?<\/li>\n<li>La Suggestop\u00e9die vous inspire-t-elle ?<\/li>\n<li>Sauriez-vous faire preuve d&rsquo;Ambivalence face \u00e0 vos d\u00e9nigrements ?<\/li>\n<li>Que pourrait vous apporter le LeaderShip ?<\/li>\n<li>Que pensez-vous de la loi de l\u2019Attraction ?<\/li>\n<li>Reconnaissez-vous les Synchronicit\u00e9s ?<\/li>\n<li>Pouvez-vous me conter l\u2019histoire d\u2019une S\u00e9rendipit\u00e9 que vous avez v\u00e9cue ?<\/li>\n<\/ul>\n<p>Dans quelques jours, vous recevrez une conclusion qui va dans le sens de ces questions.  <\/p>\n<p>A++  <\/p>\n<p><strong>St\u00e9phane SOLOMON<\/strong><\/p>\n","protected":false},"excerpt":{"rendered":"<p>Vous connaissez probablement le jeu du LOTO\u00ae (de la loterie Nationale) : Vous choisissez 5 nombres entre 1 et 49, en remplissant une grille Le jour du tirage, des num\u00e9ros sont tir\u00e9s au hasard A partir de 2 num\u00e9ros communs &hellip; <a href=\"https:\/\/auto-coaching.fr\/timeplus\/index.php\/vos-boules-de-loto\/\">Lire la suite <span class=\"meta-nav\">&rarr;<\/span><\/a><\/p>\n","protected":false},"author":1,"featured_media":0,"parent":0,"menu_order":0,"comment_status":"open","ping_status":"open","template":"","meta":[],"_links":{"self":[{"href":"https:\/\/auto-coaching.fr\/timeplus\/index.php\/wp-json\/wp\/v2\/pages\/801"}],"collection":[{"href":"https:\/\/auto-coaching.fr\/timeplus\/index.php\/wp-json\/wp\/v2\/pages"}],"about":[{"href":"https:\/\/auto-coaching.fr\/timeplus\/index.php\/wp-json\/wp\/v2\/types\/page"}],"author":[{"embeddable":true,"href":"https:\/\/auto-coaching.fr\/timeplus\/index.php\/wp-json\/wp\/v2\/users\/1"}],"replies":[{"embeddable":true,"href":"https:\/\/auto-coaching.fr\/timeplus\/index.php\/wp-json\/wp\/v2\/comments?post=801"}],"version-history":[{"count":1,"href":"https:\/\/auto-coaching.fr\/timeplus\/index.php\/wp-json\/wp\/v2\/pages\/801\/revisions"}],"predecessor-version":[{"id":802,"href":"https:\/\/auto-coaching.fr\/timeplus\/index.php\/wp-json\/wp\/v2\/pages\/801\/revisions\/802"}],"wp:attachment":[{"href":"https:\/\/auto-coaching.fr\/timeplus\/index.php\/wp-json\/wp\/v2\/media?parent=801"}],"curies":[{"name":"wp","href":"https:\/\/api.w.org\/{rel}","templated":true}]}}